{"id":27374,"date":"2022-01-06T11:36:52","date_gmt":"2022-01-06T10:36:52","guid":{"rendered":"https:\/\/madelinefashion.pl\/?post_type=product&#038;p=27374"},"modified":"2026-04-14T13:17:45","modified_gmt":"2026-04-14T11:17:45","slug":"sukienka-w-kwiaty-rozkloszowana-dawina-czarna","status":"publish","type":"product","link":"https:\/\/madelinefashion.pl\/sk\/sukienka-w-kwiaty-rozkloszowana-dawina-czarna\/","title":{"rendered":"\u0160aty s kvetmi Flared Dawina Black"},"content":{"rendered":"<h3 style=\"text-align: center;\">\u0160aty s kvetmi Flared Dawina Black<\/h3>\n<p style=\"text-align: center;\"><strong>Roz\u0161\u00edren\u00e9 \u0161aty<\/strong> je to skvel\u00e1 ponuka na r\u00f4zne pr\u00edle\u017eitosti - svadba, sv\u00e4t\u00e9 prij\u00edmanie alebo krst. V perfektne strihan\u00fdch \u0161at\u00e1ch s praktick\u00fdm zap\u00ednan\u00edm na zips sa budete c\u00edti\u0165 mimoriadne \u017eensky. V p\u00e1se m\u00e1 opasok, ktor\u00fd kr\u00e1sne zv\u00fdrazn\u00ed boky a p\u00e1s. Modelovacie \u0161\u00edpky na l\u00ednii poprsia a na chrbte. Kr\u00e1sne odha\u013euje \u017eensk\u00e9 tvary - roz\u0161\u00edren\u00fd spodok \u0161iat. Oble\u010dte sa s\u00a0 <strong>polkruhov\u00fd <\/strong><strong>v\u00fdstrihu. <\/strong>Z\u00fa\u017een\u00e9 vo v\u00fd\u0161ke p\u00e1sa <strong>dokonale zv\u00fdraz\u0148uje p\u00e1s<\/strong>. Nem\u00f4\u017eete by\u0165 k tomu \u013eahostajn\u00ed.\u00a0<strong>Kvetinov\u00e9 \u0161aty\u00a0<\/strong>vyroben\u00e9 z najkvalitnej\u0161\u00edch materi\u00e1lov.\u00a0<strong>\u0160aty s kvetinovou potla\u010dou<\/strong>\u00a0ide\u00e1lny n\u00e1vrh na ka\u017ed\u00fa pr\u00edle\u017eitos\u0165.\u00a0<strong>Musie\u0165 ma\u0165<\/strong>\u00a0ka\u017ed\u00e1 elegantn\u00e1 \u017eena! Najnov\u0161ie n\u00e1vrhy tejto sez\u00f3ny! Dostupn\u00e9 na na\u0161om e-shope vo viacer\u00fdch d\u013a\u017ekach a farebn\u00fdch variantoch, tak nev\u00e1hajte a vyberte si t\u00fa, ktor\u00e1 je pre v\u00e1s ako stvoren\u00e1. Ak sa neviete rozhodn\u00fa\u0165 ak\u00fa farbu,\u00a0<strong>ve\u013ekos\u0165<\/strong>\u00a0je pre v\u00e1s to najlep\u0161ie\u00a0<strong>kontaktuj n\u00e1s<\/strong>\u00a0cez\u00a0<a href=\"https:\/\/www.facebook.com\/madelinefashionbutik\" target=\"_blank\" rel=\"noopener\">Facebook<\/a>\u00a0alebo\u00a0<a href=\"https:\/\/madelinefashion.pl\/sk\/kontakt\/\">telef\u00f3n<\/a>. Ak ve\u013ekos\u0165 nie je na str\u00e1nke, kontaktujte n\u00e1s.<\/p>\n<h3 style=\"text-align: center;\">Rozmery:<\/h3>\n<p style=\"text-align: center;\"><strong>36\/sek<\/strong><br \/>\nCelkov\u00e1 d\u013a\u017eka - 89 cm<br \/>\n\u0160\u00edrka od pazuchy po pazuchu - 41-47 cm<br \/>\n\u0160\u00edrka p\u00e1sa - 33-36 cm<br \/>\n\u0160\u00edrka ramien - 35 cm<\/p>\n<p style=\"text-align: center;\"><strong>38\/m<\/strong><br \/>\nCelkov\u00e1 d\u013a\u017eka - 90 cm<br \/>\n\u0160\u00edrka od pazuchy po pazuchu - 44-49 cm<br \/>\n\u0160\u00edrka p\u00e1sa - 35-39 cm<br \/>\n\u0160\u00edrka ramien - 35 cm<\/p>\n<p style=\"text-align: center;\"><strong>40\/l<\/strong><br \/>\nCelkov\u00e1 d\u013a\u017eka - 90 cm<br \/>\n\u0160\u00edrka od podpazu\u0161ia po podpazu\u0161ie - 45-50 cm<br \/>\n\u0160\u00edrka p\u00e1sa - 38-42 cm<br \/>\n\u0160\u00edrka ramien - 35 cm<\/p>\n<p style=\"text-align: center;\"><strong>42\/xl<\/strong><br \/>\nCelkov\u00e1 d\u013a\u017eka - 92 cm<br \/>\n\u0160\u00edrka od pazuchy po pazuchu - 46-51 cm<br \/>\n\u0160\u00edrka p\u00e1sa - 40-44 cm<br \/>\n\u0160\u00edrka ramien - 38 cm<\/p>\n<p style=\"text-align: center;\">Rozmery sa m\u00f4\u017eu mierne l\u00ed\u0161i\u0165 od uveden\u00fdch +\/- 2cm.\u00a0<strong>Uveden\u00fd rozmer Ploch\u00fd x2\u00a0<\/strong><\/p>\n<p style=\"text-align: center;\"><strong>\u00a0<\/strong><\/p>\n<table width=\"591\">\n<tbody>\n<tr>\n<td width=\"302\">Meno modela<\/td>\n<td width=\"302\">\u0160aty s kvetmi vzplanul Dawina<\/td>\n<\/tr>\n<tr>\n<td width=\"302\">Farba<\/td>\n<td width=\"302\">\u010cierna - kvety<\/td>\n<\/tr>\n<tr>\n<td width=\"302\">Zbierka<\/td>\n<td width=\"302\">Jar leto<\/td>\n<\/tr>\n<tr>\n<td width=\"302\">ve\u013ekosti<\/td>\n<td width=\"302\">SML XL<\/td>\n<\/tr>\n<tr>\n<td width=\"302\">M\u00f3da<\/td>\n<td width=\"302\">Zhoda<\/td>\n<\/tr>\n<tr>\n<td width=\"302\">Materi\u00e1l<\/td>\n<td width=\"302\">95% Polyester, 5% Elastan<\/td>\n<\/tr>\n<tr>\n<td width=\"302\">D\u013a\u017eka<\/td>\n<td width=\"302\">Na koleno<\/td>\n<\/tr>\n<\/tbody>\n<\/table>\n<p>&nbsp;<\/p>\n<p style=\"text-align: center;\">Model m\u00e1\u00a0<strong>165<\/strong>\u00a0cm vysok\u00fd, nos\u00ed ve\u013ekos\u0165 ka\u017ed\u00fd de\u0148\u00a0<strong>S<\/strong><\/p>","protected":false},"excerpt":{"rendered":"<p>Sukienka W Kwiaty Rozkloszowana Dawina Czarna Sukienka o rozkloszowanym fasonie to \u015bwietna propozycja na r\u00f3\u017cne okazje &#8211; wesele, komuni\u0119 czy chrzest. Doskonale skrojona sukienka z praktycznym zapi\u0119ciem na suwak sprawi, \u017ce poczujesz si\u0119 niezwykle kobieco. Posiada pasek w talii, przez co podkre\u015bla pi\u0119knie biodra oraz pas. Modeluj\u0105ce zaszewki na linii biustu oraz na plecach. Pi\u0119knie<\/p>\n<div class=\"klb-readmore post-buttons\"><a class=\"button black outline size-sm\" href=\"https:\/\/madelinefashion.pl\/sk\/sukienka-w-kwiaty-rozkloszowana-dawina-czarna\/\">\u010c\u00edta\u0165 \u010falej <i class=\"klbth-icon-right-arrow\"><\/i><\/a><\/div>","protected":false},"featured_media":27339,"template":"","meta":[],"product_brand":[],"product_cat":[125,395],"product_tag":[262,396],"class_list":{"0":"post-27374","1":"product","2":"type-product","3":"status-publish","4":"has-post-thumbnail","6":"product_cat-sukienki","7":"product_cat-nowosci","8":"product_tag-sukienki-krotkie","9":"product_tag-sukienki-w-kwiaty","11":"first","12":"instock","13":"purchasable","14":"product-type-variable"},"_links":{"self":[{"href":"https:\/\/madelinefashion.pl\/sk\/wp-json\/wp\/v2\/product\/27374","targetHints":{"allow":["GET"]}}],"collection":[{"href":"https:\/\/madelinefashion.pl\/sk\/wp-json\/wp\/v2\/product"}],"about":[{"href":"https:\/\/madelinefashion.pl\/sk\/wp-json\/wp\/v2\/types\/product"}],"wp:featuredmedia":[{"embeddable":true,"href":"https:\/\/madelinefashion.pl\/sk\/wp-json\/wp\/v2\/media\/27339"}],"wp:attachment":[{"href":"https:\/\/madelinefashion.pl\/sk\/wp-json\/wp\/v2\/media?parent=27374"}],"wp:term":[{"taxonomy":"product_brand","embeddable":true,"href":"https:\/\/madelinefashion.pl\/sk\/wp-json\/wp\/v2\/product_brand?post=27374"},{"taxonomy":"product_cat","embeddable":true,"href":"https:\/\/madelinefashion.pl\/sk\/wp-json\/wp\/v2\/product_cat?post=27374"},{"taxonomy":"product_tag","embeddable":true,"href":"https:\/\/madelinefashion.pl\/sk\/wp-json\/wp\/v2\/product_tag?post=27374"}],"curies":[{"name":"pracovn\u00fd list","href":"https:\/\/api.w.org\/{rel}","templated":true}]}}

Šaty s kvetmi Flared Dawina Black

<h3 style="text-align: center;">Šaty s kvetmi Flared Dawina Black</h3>
<p style="text-align: center;"><strong>Rozšírené šaty</strong> je to skvelá ponuka na rôzne príležitosti - svadba, sväté prijímanie alebo krst. V perfektne strihaných šatách s praktickým zapínaním na zips sa budete cítiť mimoriadne žensky. V páse má opasok, ktorý krásne zvýrazní boky a pás. Modelovacie šípky na línii poprsia a na chrbte. Krásne odhaľuje ženské tvary - rozšírený spodok šiat. Oblečte sa s  <strong>polkruhový </strong><strong>výstrihu. </strong>Zúžené vo výške pása <strong>dokonale zvýrazňuje pás</strong>. Nemôžete byť k tomu ľahostajní. <strong>Kvetinové šaty </strong>vyrobené z najkvalitnejších materiálov. <strong>Šaty s kvetinovou potlačou</strong> ideálny návrh na každú príležitosť. <strong>Musieť mať</strong> každá elegantná žena! Najnovšie návrhy tejto sezóny! Dostupné na našom e-shope vo viacerých dĺžkach a farebných variantoch, tak neváhajte a vyberte si tú, ktorá je pre vás ako stvorená. Ak sa neviete rozhodnúť akú farbu, <strong>veľkosť</strong> je pre vás to najlepšie <strong>kontaktuj nás</strong> cez <a href="https://www.facebook.com/madelinefashionbutik" target="_blank" rel="noopener">Facebook</a> alebo <a href="https://madelinefashion.pl/sk/kontakt/">telefón</a>. Ak veľkosť nie je na stránke, kontaktujte nás.</p>
<h3 style="text-align: center;">Rozmery:</h3>
<p style="text-align: center;"><strong>36/sek</strong><br />
Celková dĺžka - 89 cm<br />
Šírka od pazuchy po pazuchu - 41-47 cm<br />
Šírka pása - 33-36 cm<br />
Šírka ramien - 35 cm</p>
<p style="text-align: center;"><strong>38/m</strong><br />
Celková dĺžka - 90 cm<br />
Šírka od pazuchy po pazuchu - 44-49 cm<br />
Šírka pása - 35-39 cm<br />
Šírka ramien - 35 cm</p>
<p style="text-align: center;"><strong>40/l</strong><br />
Celková dĺžka - 90 cm<br />
Šírka od podpazušia po podpazušie - 45-50 cm<br />
Šírka pása - 38-42 cm<br />
Šírka ramien - 35 cm</p>
<p style="text-align: center;"><strong>42/xl</strong><br />
Celková dĺžka - 92 cm<br />
Šírka od pazuchy po pazuchu - 46-51 cm<br />
Šírka pása - 40-44 cm<br />
Šírka ramien - 38 cm</p>
<p style="text-align: center;">Rozmery sa môžu mierne líšiť od uvedených +/- 2cm. <strong>Uvedený rozmer Plochý x2 </strong></p>
<p style="text-align: center;"><strong> </strong></p>
<table width="591">
<tbody>
<tr>
<td width="302">Meno modela</td>
<td width="302">Šaty s kvetmi vzplanul Dawina</td>
</tr>
<tr>
<td width="302">Farba</td>
<td width="302">Čierna - kvety</td>
</tr>
<tr>
<td width="302">Zbierka</td>
<td width="302">Jar leto</td>
</tr>
<tr>
<td width="302">veľkosti</td>
<td width="302">SML XL</td>
</tr>
<tr>
<td width="302">Móda</td>
<td width="302">Zhoda</td>
</tr>
<tr>
<td width="302">Materiál</td>
<td width="302">95% Polyester, 5% Elastan</td>
</tr>
<tr>
<td width="302">Dĺžka</td>
<td width="302">Na koleno</td>
</tr>
</tbody>
</table>
<p>&nbsp;</p>
<p style="text-align: center;">Model má <strong>165</strong> cm vysoký, nosí veľkosť každý deň <strong>S</strong></p>

<p>Sukienka W Kwiaty Rozkloszowana Dawina Czarna Sukienka o rozkloszowanym fasonie to świetna propozycja na różne okazje &#8211; wesele, komunię czy chrzest. Doskonale skrojona sukienka z praktycznym zapięciem na suwak sprawi, że poczujesz się niezwykle kobieco. Posiada pasek w talii, przez co podkreśla pięknie biodra oraz pas. Modelujące zaszewki na linii biustu oraz na plecach. Pięknie</p>
<div class="klb-readmore post-buttons"><a class="button black outline size-sm" href="https://madelinefashion.pl/sk/sukienka-w-kwiaty-rozkloszowana-dawina-czarna/">Čítať ďalej <i class="klbth-icon-right-arrow"></i></a></div>

pracovný list
