{"id":27421,"date":"2022-01-06T12:19:56","date_gmt":"2022-01-06T11:19:56","guid":{"rendered":"https:\/\/madelinefashion.pl\/?post_type=product&#038;p=27421"},"modified":"2026-04-10T14:43:39","modified_gmt":"2026-04-10T12:43:39","slug":"sukienka-z-golfem-dopasowana-krysztaly-bergamo-czarna","status":"publish","type":"product","link":"https:\/\/madelinefashion.pl\/sk\/sukienka-z-golfem-dopasowana-krysztaly-bergamo-czarna\/","title":{"rendered":"Rol\u00e1kov\u00e9 \u0161aty vypasovan\u00e9 Crystals Bergamo Black"},"content":{"rendered":"<h3 style=\"text-align: center;\">Rol\u00e1kov\u00e9 \u0161aty vypasovan\u00e9 Crystals Bergamo Black<\/h3>\n<p style=\"text-align: center;\">Fenomen\u00e1lne \u010dierne \u0161aty s obl\u00e1\u010dikmi a rol\u00e1kom. Vyroben\u00e9 z mimoriadne pr\u00edjemn\u00e9ho elastick\u00e9ho materi\u00e1lu. D\u00e1 sa cez hlavu, perfektne sed\u00ed na tele. S dlh\u00fdmi ruk\u00e1vmi, jednoduch\u00fd strih a klasick\u00fd vzor sa hodia do mnoh\u00fdch \u0161t\u00fdlov. S \u00faspechom ju m\u00f4\u017eete nosi\u0165 na ka\u017edodenn\u00e9 v\u00fdlety, do pr\u00e1ce, na rodinn\u00e9 stretnutie alebo aj na v\u00fdznamnej\u0161iu pr\u00edle\u017eitos\u0165. Odpor\u00fa\u010da sa pre \u017eeny vo ve\u013ekosti <strong>XS SML<\/strong><\/p>\n<h3 style=\"text-align: center;\">Rozmery:<\/h3>\n<p style=\"text-align: center;\">Celkov\u00e1 d\u013a\u017eka: 92 cm<\/p>\n<p style=\"text-align: center;\">Obvod hrudn\u00edka: 70 - 100 cm<\/p>\n<p style=\"text-align: center;\">D\u013a\u017eka ruk\u00e1va od podpazu\u0161ia: 42 cm<\/p>\n<p style=\"text-align: center;\">D\u013a\u017eka ruk\u00e1va od ramena: 64 cm<\/p>\n<p style=\"text-align: center;\">Rozmery sa m\u00f4\u017eu mierne l\u00ed\u0161i\u0165 od uveden\u00fdch +\/- 2cm. V\u0161etky uveden\u00e9 rozmery s\u00fa meran\u00e9 plo\u0161ne.<\/p>\n<p>&nbsp;<\/p>\n<table width=\"598\">\n<tbody>\n<tr>\n<td width=\"302\">Meno modela<\/td>\n<td width=\"302\">Rol\u00e1kov\u00e9 \u0161aty vybaven\u00e9 bergamsk\u00fdmi kry\u0161t\u00e1lmi<\/td>\n<\/tr>\n<tr>\n<td width=\"302\">Farba<\/td>\n<td width=\"302\">\u010dierna<\/td>\n<\/tr>\n<tr>\n<td width=\"302\">Zbierka<\/td>\n<td width=\"302\">jar\/jese\u0148\/zima<\/td>\n<\/tr>\n<tr>\n<td width=\"302\">ve\u013ekosti<\/td>\n<td width=\"302\">Univerz\u00e1lny<\/td>\n<\/tr>\n<tr>\n<td width=\"302\">M\u00f3da<\/td>\n<td width=\"302\">Na mieru<\/td>\n<\/tr>\n<tr>\n<td width=\"302\">\u0160tiepenie<\/td>\n<td width=\"302\">Golf<\/td>\n<\/tr>\n<tr>\n<td width=\"302\">Materi\u00e1l<\/td>\n<td width=\"302\">90% visk\u00f3za, 10% elastan<\/td>\n<\/tr>\n<\/tbody>\n<\/table>\n<p>&nbsp;<\/p>\n<p>&nbsp;<\/p>\n<p style=\"text-align: center;\">Model m\u00e1\u00a0<strong>166<\/strong>\u00a0cm vysok\u00fd, nos\u00ed ho ka\u017ed\u00fd de\u0148\u00a0<strong>ve\u013ekos\u0165 S<\/strong><\/p>\n<p style=\"text-align: center;\"><strong>\u00a0<\/strong><\/p>\n<p style=\"text-align: center;\">","protected":false},"excerpt":{"rendered":"<p>Sukienka z Golfem dopasowana Kryszta\u0142y Bergamo Czarna Zjawiskowa sukienka czarna z buffkami i golfem. Wykonana z niezwykle przyjemnego elastycznego materia\u0142u. Wk\u0142adana przez g\u0142ow\u0119, \u015bwietnie uk\u0142ada si\u0119 na ciele. Na d\u0142ug r\u0119kaw.. Jej prosty kr\u00f3j i klasyczny wz\u00f3r wpisze si\u0119 w wiele stylizacji. Z powodzeniem mo\u017cesz j\u0105 ubra\u0107 na codzienne wyj\u015bcia, do pracy, spotkanie rodzinne czy<\/p>\n<div class=\"klb-readmore post-buttons\"><a class=\"button black outline size-sm\" href=\"https:\/\/madelinefashion.pl\/sk\/sukienka-z-golfem-dopasowana-krysztaly-bergamo-czarna\/\">\u010c\u00edta\u0165 \u010falej <i class=\"klbth-icon-right-arrow\"><\/i><\/a><\/div>","protected":false},"featured_media":565826,"template":"","meta":[],"product_brand":[],"product_cat":[125,80,395],"product_tag":[213],"class_list":{"0":"post-27421","1":"product","2":"type-product","3":"status-publish","4":"has-post-thumbnail","6":"product_cat-sukienki","7":"product_cat-sukienki-i-kombinezony","8":"product_cat-nowosci","9":"product_tag-sukienka-czarna","11":"first","12":"instock","13":"purchasable","14":"product-type-simple"},"_links":{"self":[{"href":"https:\/\/madelinefashion.pl\/sk\/wp-json\/wp\/v2\/product\/27421","targetHints":{"allow":["GET"]}}],"collection":[{"href":"https:\/\/madelinefashion.pl\/sk\/wp-json\/wp\/v2\/product"}],"about":[{"href":"https:\/\/madelinefashion.pl\/sk\/wp-json\/wp\/v2\/types\/product"}],"wp:featuredmedia":[{"embeddable":true,"href":"https:\/\/madelinefashion.pl\/sk\/wp-json\/wp\/v2\/media\/565826"}],"wp:attachment":[{"href":"https:\/\/madelinefashion.pl\/sk\/wp-json\/wp\/v2\/media?parent=27421"}],"wp:term":[{"taxonomy":"product_brand","embeddable":true,"href":"https:\/\/madelinefashion.pl\/sk\/wp-json\/wp\/v2\/product_brand?post=27421"},{"taxonomy":"product_cat","embeddable":true,"href":"https:\/\/madelinefashion.pl\/sk\/wp-json\/wp\/v2\/product_cat?post=27421"},{"taxonomy":"product_tag","embeddable":true,"href":"https:\/\/madelinefashion.pl\/sk\/wp-json\/wp\/v2\/product_tag?post=27421"}],"curies":[{"name":"pracovn\u00fd list","href":"https:\/\/api.w.org\/{rel}","templated":true}]}}

Rolákové šaty vypasované Crystals Bergamo Black

<h3 style="text-align: center;">Rolákové šaty vypasované Crystals Bergamo Black</h3>
<p style="text-align: center;">Fenomenálne čierne šaty s obláčikmi a rolákom. Vyrobené z mimoriadne príjemného elastického materiálu. Dá sa cez hlavu, perfektne sedí na tele. S dlhými rukávmi, jednoduchý strih a klasický vzor sa hodia do mnohých štýlov. S úspechom ju môžete nosiť na každodenné výlety, do práce, na rodinné stretnutie alebo aj na významnejšiu príležitosť. Odporúča sa pre ženy vo veľkosti <strong>XS SML</strong></p>
<h3 style="text-align: center;">Rozmery:</h3>
<p style="text-align: center;">Celková dĺžka: 92 cm</p>
<p style="text-align: center;">Obvod hrudníka: 70 - 100 cm</p>
<p style="text-align: center;">Dĺžka rukáva od podpazušia: 42 cm</p>
<p style="text-align: center;">Dĺžka rukáva od ramena: 64 cm</p>
<p style="text-align: center;">Rozmery sa môžu mierne líšiť od uvedených +/- 2cm. Všetky uvedené rozmery sú merané plošne.</p>
<p>&nbsp;</p>
<table width="598">
<tbody>
<tr>
<td width="302">Meno modela</td>
<td width="302">Rolákové šaty vybavené bergamskými kryštálmi</td>
</tr>
<tr>
<td width="302">Farba</td>
<td width="302">čierna</td>
</tr>
<tr>
<td width="302">Zbierka</td>
<td width="302">jar/jeseň/zima</td>
</tr>
<tr>
<td width="302">veľkosti</td>
<td width="302">Univerzálny</td>
</tr>
<tr>
<td width="302">Móda</td>
<td width="302">Na mieru</td>
</tr>
<tr>
<td width="302">Štiepenie</td>
<td width="302">Golf</td>
</tr>
<tr>
<td width="302">Materiál</td>
<td width="302">90% viskóza, 10% elastan</td>
</tr>
</tbody>
</table>
<p>&nbsp;</p>
<p>&nbsp;</p>
<p style="text-align: center;">Model má <strong>166</strong> cm vysoký, nosí ho každý deň <strong>veľkosť S</strong></p>
<p style="text-align: center;"><strong> </strong></p>
<p style="text-align: center;">

<p>Sukienka z Golfem dopasowana Kryształy Bergamo Czarna Zjawiskowa sukienka czarna z buffkami i golfem. Wykonana z niezwykle przyjemnego elastycznego materiału. Wkładana przez głowę, świetnie układa się na ciele. Na dług rękaw.. Jej prosty krój i klasyczny wzór wpisze się w wiele stylizacji. Z powodzeniem możesz ją ubrać na codzienne wyjścia, do pracy, spotkanie rodzinne czy</p>
<div class="klb-readmore post-buttons"><a class="button black outline size-sm" href="https://madelinefashion.pl/sk/sukienka-z-golfem-dopasowana-krysztaly-bergamo-czarna/">Čítať ďalej <i class="klbth-icon-right-arrow"></i></a></div>

pracovný list
