{"id":27525,"date":"2022-01-06T14:47:22","date_gmt":"2022-01-06T13:47:22","guid":{"rendered":"https:\/\/madelinefashion.pl\/?post_type=product&#038;p=27525"},"modified":"2025-10-01T07:34:50","modified_gmt":"2025-10-01T05:34:50","slug":"spodnie-dwukolorowe-postrzepione-jeans-szare","status":"publish","type":"product","link":"https:\/\/madelinefashion.pl\/sk\/spodnie-dwukolorowe-postrzepione-jeans-szare\/","title":{"rendered":"Dvojfarebn\u00e9 rozstrapkan\u00e9 d\u017e\u00ednsy \u0161ed\u00e9"},"content":{"rendered":"<h3 style=\"text-align: center;\">Dvojfarebn\u00e9 rozstrapkan\u00e9 d\u017e\u00ednsy \u0161ed\u00e9<\/h3>\n<p style=\"text-align: center;\">Dvojfarebn\u00e9 d\u017e\u00ednsov\u00e9 nohavice s\u00fa nad\u010dasov\u00fdm modelom, ktor\u00fd nesmie ch\u00fdba\u0165 vo va\u0161om \u0161atn\u00edku. Nohavice vyroben\u00e9 z <strong>vysokokvalitn\u00fd materi\u00e1l.\u00a0<\/strong>Nohavice s vysok\u00fdm p\u00e1som, ktor\u00e9 perfektne sedia\u00a0<strong>tvarova\u0165 postavu<\/strong>. S\u00fa ve\u013emi pohodln\u00e9 a \u013eahko sa kombinuj\u00fa, \u013eahko ich skombinujete s kardig\u00e1nmi, bundami, bl\u00fazkami \u010di \u013eahk\u00fdmi svetrami. Vyzeraj\u00fa perfektne s vysok\u00fdmi podp\u00e4tkami alebo teniskami.\u00a0<strong>Nohavice s vysok\u00fdm p\u00e1som<\/strong>\u00a0kr\u00e1sne modeluje p\u00e1s, \u010do d\u00e1va \u00fa\u017easn\u00fd efekt! Model je upevnen\u00fd pomocou<strong> gomb\u00edk a zips maj\u00fa tie\u017e m\u00f3dne odreniny okolo kolien. Vysok\u00e1 kvalita, <\/strong>elastick\u00e1 riflovina perfektne sed\u00ed na postave. Toto je z\u00e1klad pre n\u00e1s\u00a0<a href=\"https:\/\/madelinefashion.pl\/sk\/bluzki-2\/\">bl\u00fazky<\/a>\u00a0a\u00a0<a href=\"https:\/\/madelinefashion.pl\/sk\/bluzki-2\/koszule\/\">ko\u0161ele<\/a>\u00a0a\u00a0<a href=\"https:\/\/madelinefashion.pl\/sk\/body\/\">body\u010dko<\/a>. Pon\u00fakame ich vo ve\u013ekostiach\u00a0<strong>XS, S, M, L, XL<\/strong>\u00a0,-odpor\u00fa\u010dame\u00a0\u00a0<b>presne tak\u00a0<\/b><strong>mera\u0165<\/strong>\u00a0pod\u013ea tabu\u013eky rozmerov ni\u017e\u0161ie. Dopl\u0148te svoj \u0161atn\u00edk o tento model nohav\u00edc z\u00a0<strong><a href=\"https:\/\/madelinefashion.pl\/sk\/\">Madelinefashion<\/a>\u00a0.\u00a0<\/strong>V inform\u00e1ci\u00e1ch po k\u00fape m\u00f4\u017eete uvies\u0165 aj va\u0161e rozmery - vyberieme pre v\u00e1s ten ide\u00e1lny. Nohavice dostupn\u00e9 v\u00a0<strong>dve farebn\u00e9 varianty<\/strong>. Nasleduj\u00face rozmery s\u00fa polo\u017een\u00e9 naplocho! rozmer x2?<\/p>\n<h3 style=\"text-align: center;\">Rozmery nohav\u00edc:<\/h3>\n<p style=\"text-align: center;\"><strong>VE\u013dKOS\u0164 XS 34\u00a0<\/strong><\/p>\n<ul style=\"text-align: center;\">\n<li>Celkov\u00e1 d\u013a\u017eka: 98 cm<\/li>\n<li>Vn\u00fatorn\u00e1 d\u013a\u017eka nohav\u00edc: 70 cm<\/li>\n<li>\u0160\u00edrka v p\u00e1se: 33-35 cm<\/li>\n<li>V\u00fd\u0161ka: 30 cm<\/li>\n<\/ul>\n<p style=\"text-align: center;\"><strong>VE\u013dKOS\u0164 S 36\u00a0<\/strong><\/p>\n<ul style=\"text-align: center;\">\n<li>Celkov\u00e1 d\u013a\u017eka: 99 cm<\/li>\n<li>Vn\u00fatorn\u00e1 d\u013a\u017eka nohav\u00edc: 70 cm<\/li>\n<li>\u0160\u00edrka v p\u00e1se: 34-37 cm<\/li>\n<li>V\u00fd\u0161ka: 34 cm<\/li>\n<\/ul>\n<p style=\"text-align: center;\"><strong>VE\u013dKOS\u0164 M 38\u00a0<\/strong><\/p>\n<ul style=\"text-align: center;\">\n<li>Celkov\u00e1 d\u013a\u017eka: 100 cm<\/li>\n<li>Vn\u00fatorn\u00e1 d\u013a\u017eka nohav\u00edc: 70 cm<\/li>\n<li>\u0160\u00edrka v p\u00e1se: 35-38 cm<\/li>\n<li>V\u00fd\u0161ka: 34 cm<\/li>\n<\/ul>\n<p style=\"text-align: center;\"><strong>VE\u013dKOS\u0164 L 40\u00a0<\/strong><\/p>\n<ul style=\"text-align: center;\">\n<li>Celkov\u00e1 d\u013a\u017eka: 105 cm<\/li>\n<li>Vn\u00fatorn\u00e1 d\u013a\u017eka nohav\u00edc: 72 cm<\/li>\n<li>\u0160\u00edrka v p\u00e1se: 37-41 cm<\/li>\n<li>V\u00fd\u0161ka: 35 cm<\/li>\n<\/ul>\n<p style=\"text-align: center;\"><strong>Ve\u013ekos\u0165 XL 42\u00a0<\/strong><\/p>\n<ul style=\"text-align: center;\">\n<li>Celkov\u00e1 d\u013a\u017eka: 105 cm<\/li>\n<li>Vn\u00fatorn\u00e1 d\u013a\u017eka nohav\u00edc: 72 cm<\/li>\n<li>\u0160\u00edrka v p\u00e1se: 39-42 cm<\/li>\n<li>V\u00fd\u0161ka: 35 cm<\/li>\n<\/ul>\n<p style=\"text-align: center;\">Rozmery sa m\u00f4\u017eu l\u00ed\u0161i\u0165 od uveden\u00fdch +\/- 2cm. V\u0161etky uveden\u00e9 rozmery s\u00fa meran\u00e9 plo\u0161ne.\u00a0<strong>rozmer x2<\/strong><\/p>\n<p>&nbsp;<\/p>\n<p>&nbsp;<\/p>\n<p style=\"text-align: center;\">\u00a0Model m\u00e1\u00a0<strong>165<\/strong>\u00a0cm vysok\u00fd, nos\u00ed ve\u013ekos\u0165 ka\u017ed\u00fd de\u0148\u00a0<strong>S<\/strong><\/p>\n<p>&nbsp;<\/p>\n<p style=\"text-align: center;\">","protected":false},"excerpt":{"rendered":"<p>Dvojfarebn\u00e9 rozstrapkan\u00e9 d\u017e\u00ednsy v sivej farbe Dvojfarebn\u00e9 d\u017e\u00ednsy s\u00fa nad\u010dasov\u00fdm k\u00faskom, ktor\u00fd nesmie ch\u00fdba\u0165 vo va\u0161om \u0161atn\u00edku. Tieto d\u017e\u00ednsy s vysok\u00fdm p\u00e1som s\u00fa vyroben\u00e9 z vysoko kvalitnej l\u00e1tky a dokonale tvaruj\u00fa va\u0161u postavu. S\u00fa ve\u013emi pohodln\u00e9 a \u013eahko sa kombinuj\u00fa s kardiganmi, bundami, bl\u00fazkami alebo \u013eahk\u00fdmi svetrami. Vyzeraj\u00fa perfektne s podp\u00e4tkami alebo teniskami.<\/p>\n<div class=\"klb-readmore post-buttons\"><a class=\"button black outline size-sm\" href=\"https:\/\/madelinefashion.pl\/sk\/spodnie-dwukolorowe-postrzepione-jeans-szare\/\">\u010c\u00edta\u0165 \u010falej <i class=\"klbth-icon-right-arrow\"><\/i><\/a><\/div>","protected":false},"featured_media":27144,"template":"","meta":[],"product_brand":[],"product_cat":[83,395],"product_tag":[240,475],"class_list":{"0":"post-27525","1":"product","2":"type-product","3":"status-publish","4":"has-post-thumbnail","6":"product_cat-spodnie","7":"product_cat-nowosci","8":"product_tag-jeans","9":"product_tag-spodnie-dlugie","10":"pa_rozmiar-m","11":"pa_rozmiar-l","12":"pa_rozmiar-xl","13":"pa_rozmiar-xs","14":"pa_rozmiar-s","16":"first","17":"instock","18":"product-type-variable"},"_links":{"self":[{"href":"https:\/\/madelinefashion.pl\/sk\/wp-json\/wp\/v2\/product\/27525","targetHints":{"allow":["GET"]}}],"collection":[{"href":"https:\/\/madelinefashion.pl\/sk\/wp-json\/wp\/v2\/product"}],"about":[{"href":"https:\/\/madelinefashion.pl\/sk\/wp-json\/wp\/v2\/types\/product"}],"wp:featuredmedia":[{"embeddable":true,"href":"https:\/\/madelinefashion.pl\/sk\/wp-json\/wp\/v2\/media\/27144"}],"wp:attachment":[{"href":"https:\/\/madelinefashion.pl\/sk\/wp-json\/wp\/v2\/media?parent=27525"}],"wp:term":[{"taxonomy":"product_brand","embeddable":true,"href":"https:\/\/madelinefashion.pl\/sk\/wp-json\/wp\/v2\/product_brand?post=27525"},{"taxonomy":"product_cat","embeddable":true,"href":"https:\/\/madelinefashion.pl\/sk\/wp-json\/wp\/v2\/product_cat?post=27525"},{"taxonomy":"product_tag","embeddable":true,"href":"https:\/\/madelinefashion.pl\/sk\/wp-json\/wp\/v2\/product_tag?post=27525"}],"curies":[{"name":"pracovn\u00fd list","href":"https:\/\/api.w.org\/{rel}","templated":true}]}}

Dvojfarebné rozstrapkané džínsy šedé

<h3 style="text-align: center;">Dvojfarebné rozstrapkané džínsy šedé</h3>
<p style="text-align: center;">Dvojfarebné džínsové nohavice sú nadčasovým modelom, ktorý nesmie chýbať vo vašom šatníku. Nohavice vyrobené z <strong>vysokokvalitný materiál. </strong>Nohavice s vysokým pásom, ktoré perfektne sedia <strong>tvarovať postavu</strong>. Sú veľmi pohodlné a ľahko sa kombinujú, ľahko ich skombinujete s kardigánmi, bundami, blúzkami či ľahkými svetrami. Vyzerajú perfektne s vysokými podpätkami alebo teniskami. <strong>Nohavice s vysokým pásom</strong> krásne modeluje pás, čo dáva úžasný efekt! Model je upevnený pomocou<strong> gombík a zips majú tiež módne odreniny okolo kolien. Vysoká kvalita, </strong>elastická riflovina perfektne sedí na postave. Toto je základ pre nás <a href="https://madelinefashion.pl/sk/bluzki-2/">blúzky</a> a <a href="https://madelinefashion.pl/sk/bluzki-2/koszule/">košele</a> a <a href="https://madelinefashion.pl/sk/body/">bodyčko</a>. Ponúkame ich vo veľkostiach <strong>XS, S, M, L, XL</strong> ,-odporúčame  <b>presne tak </b><strong>merať</strong> podľa tabuľky rozmerov nižšie. Doplňte svoj šatník o tento model nohavíc z <strong><a href="https://madelinefashion.pl/sk/">Madelinefashion</a> . </strong>V informáciách po kúpe môžete uviesť aj vaše rozmery - vyberieme pre vás ten ideálny. Nohavice dostupné v <strong>dve farebné varianty</strong>. Nasledujúce rozmery sú položené naplocho! rozmer x2?</p>
<h3 style="text-align: center;">Rozmery nohavíc:</h3>
<p style="text-align: center;"><strong>VEĽKOSŤ XS 34 </strong></p>
<ul style="text-align: center;">
<li>Celková dĺžka: 98 cm</li>
<li>Vnútorná dĺžka nohavíc: 70 cm</li>
<li>Šírka v páse: 33-35 cm</li>
<li>Výška: 30 cm</li>
</ul>
<p style="text-align: center;"><strong>VEĽKOSŤ S 36 </strong></p>
<ul style="text-align: center;">
<li>Celková dĺžka: 99 cm</li>
<li>Vnútorná dĺžka nohavíc: 70 cm</li>
<li>Šírka v páse: 34-37 cm</li>
<li>Výška: 34 cm</li>
</ul>
<p style="text-align: center;"><strong>VEĽKOSŤ M 38 </strong></p>
<ul style="text-align: center;">
<li>Celková dĺžka: 100 cm</li>
<li>Vnútorná dĺžka nohavíc: 70 cm</li>
<li>Šírka v páse: 35-38 cm</li>
<li>Výška: 34 cm</li>
</ul>
<p style="text-align: center;"><strong>VEĽKOSŤ L 40 </strong></p>
<ul style="text-align: center;">
<li>Celková dĺžka: 105 cm</li>
<li>Vnútorná dĺžka nohavíc: 72 cm</li>
<li>Šírka v páse: 37-41 cm</li>
<li>Výška: 35 cm</li>
</ul>
<p style="text-align: center;"><strong>Veľkosť XL 42 </strong></p>
<ul style="text-align: center;">
<li>Celková dĺžka: 105 cm</li>
<li>Vnútorná dĺžka nohavíc: 72 cm</li>
<li>Šírka v páse: 39-42 cm</li>
<li>Výška: 35 cm</li>
</ul>
<p style="text-align: center;">Rozmery sa môžu líšiť od uvedených +/- 2cm. Všetky uvedené rozmery sú merané plošne. <strong>rozmer x2</strong></p>
<p>&nbsp;</p>
<p>&nbsp;</p>
<p style="text-align: center;"> Model má <strong>165</strong> cm vysoký, nosí veľkosť každý deň <strong>S</strong></p>
<p>&nbsp;</p>
<p style="text-align: center;">

<p>Dvojfarebné rozstrapkané džínsy v sivej farbe Dvojfarebné džínsy sú nadčasovým kúskom, ktorý nesmie chýbať vo vašom šatníku. Tieto džínsy s vysokým pásom sú vyrobené z vysoko kvalitnej látky a dokonale tvarujú vašu postavu. Sú veľmi pohodlné a ľahko sa kombinujú s kardiganmi, bundami, blúzkami alebo ľahkými svetrami. Vyzerajú perfektne s podpätkami alebo teniskami.</p>
<div class="klb-readmore post-buttons"><a class="button black outline size-sm" href="https://madelinefashion.pl/sk/spodnie-dwukolorowe-postrzepione-jeans-szare/">Čítať ďalej <i class="klbth-icon-right-arrow"></i></a></div>

pracovný list
