{"id":2766,"date":"2020-11-19T16:36:30","date_gmt":"2020-11-19T15:36:30","guid":{"rendered":"http:\/\/serwer2078743.home.pl\/?post_type=product&#038;p=2766"},"modified":"2026-02-20T14:59:08","modified_gmt":"2026-02-20T13:59:08","slug":"kardigan-asymetryczny-moi-fuksja","status":"publish","type":"product","link":"https:\/\/madelinefashion.pl\/sk\/kardigan-asymetryczny-moi-fuksja\/","title":{"rendered":"Asymetrick\u00fd kardigan My Powder Pink"},"content":{"rendered":"<h3 style=\"text-align: center;\">Asymetrick\u00fd kardigan My Powder Pink<\/h3>\n<p><span style=\"font-size: 10pt;\">\u00da\u017easn\u00e1 kvalita za najlep\u0161iu cenu<\/span>. Kardigan asymetrick\u00e9ho strihu s dlh\u0161\u00edmi stranami. Cardigan m\u00e1\u00a0\u00a0<strong>vreck\u00e1<\/strong> , jej strih umo\u017e\u0148uje prisp\u00f4sobi\u0165 sa akejko\u013evek postave. Kardigan sa d\u00e1 pou\u017ei\u0165 na v\u00e4\u010d\u0161inu \u0161t\u00fdlov, \u013eahko ho zlad\u00edte k ob\u013e\u00faben\u00fdm nohaviciam a tri\u010dku. <span style=\"font-size: 10pt;\">Ide\u00e1lne do \u0161koly, pr\u00e1ce, na rande alebo na stretnutie s priate\u013emi! <\/span>Ve\u013ekos\u0165 <strong>univerz\u00e1lny<\/strong> odpor\u00fa\u010dame pre d\u00e1my, ktor\u00e9 nosia ve\u013e <strong>SML XL XXL<\/strong> \u010do je obrovsk\u00e1 v\u00fdhoda tohto modelu. Dostupn\u00e9 na na\u0161om e-shope vo viacer\u00fdch farebn\u00fdch variantoch, tak nev\u00e1hajte a vyberte si t\u00fa, ktor\u00e1 je pre v\u00e1s ako stvoren\u00e1.<\/p>\n<p style=\"text-align: center;\"><strong>Odpor\u00fa\u010dan\u00e1 univerz\u00e1lna ve\u013ekos\u0165 S-XXL<\/strong><\/p>\n<h2 style=\"text-align: center;\">Rozmery:<\/h2>\n<ul style=\"text-align: center;\">\n<li>Celkov\u00e1 d\u013a\u017eka: 87-112 cm<\/li>\n<li>\u0160\u00edrka od podpazu\u0161ia po: 55-65 cm<\/li>\n<li>\u0160\u00edrka v p\u00e1se: 55-65 cm<\/li>\n<li>Biceps: 37 cm<\/li>\n<\/ul>\n<p style=\"text-align: center;\"><span style=\"font-size: 10pt;\">Rozmery sa m\u00f4\u017eu mierne l\u00ed\u0161i\u0165 od uveden\u00fdch +\/- 2cm. V\u0161etky uveden\u00e9 rozmery s\u00fa meran\u00e9 plo\u0161ne.<\/span><\/p>\n<p style=\"text-align: center;\"><span style=\"font-size: 10pt;\"><strong>\u00a0<\/strong>\u00a0<\/span><\/p>\n<table width=\"610\">\n<tbody>\n<tr>\n<td width=\"302\">Meno modela<\/td>\n<td width=\"302\">Asymetrick\u00fd kardigan Moi<\/td>\n<\/tr>\n<tr>\n<td width=\"302\">Farba<\/td>\n<td width=\"302\">P\u00fadrov\u00e1 ru\u017eov\u00e1<\/td>\n<\/tr>\n<tr>\n<td width=\"302\">ve\u013ekosti<\/td>\n<td width=\"302\">Univerz\u00e1lny<\/td>\n<\/tr>\n<tr>\n<td width=\"302\">M\u00f3da<\/td>\n<td width=\"302\">nadrozmern\u00e9<\/td>\n<\/tr>\n<tr>\n<td width=\"302\">Hood<\/td>\n<td width=\"302\">Nie<\/td>\n<\/tr>\n<tr>\n<td width=\"302\">izolovan\u00e9<\/td>\n<td width=\"302\">jednopl\u00e1\u0161\u0165ov\u00e9<\/td>\n<\/tr>\n<tr>\n<td width=\"302\">Materi\u00e1l<\/td>\n<td width=\"302\">74% akryl, 26% polyamid<\/td>\n<\/tr>\n<\/tbody>\n<\/table>\n<div class=\"additional-details\" style=\"text-align: center;\">\n<p style=\"text-align: center;\">\u00a0Model m\u00e1\u00a0<strong>165<\/strong>\u00a0cm vysok\u00fd, nos\u00ed ve\u013ekos\u0165 ka\u017ed\u00fd de\u0148\u00a0<strong>S<\/strong><\/p>\n<\/div>","protected":false},"excerpt":{"rendered":"<p>Kardigan Asymetryczny Moi Pudrowy R\u00f3\u017c Rewelacyjna jako\u015b\u0107 w najlepszej cenie. Kardigan o fasonie asymetrycznym z d\u0142u\u017cszymi bokami. Kardigan posiada\u00a0\u00a0kieszenie , jego kr\u00f3j pozwala na dopasowanie do ka\u017cdej sylwetki. Kardigan mo\u017cna wykorzysta\u0107 do wi\u0119kszo\u015bci stylizacji z \u0142atwo\u015bci\u0105 dopasujesz go do swoich ulubionych spodni\u00a0 i T-shirtu. Idealne do szko\u0142y, do pracy, na randk\u0119 czy spotkanie z przyjaci\u00f3\u0142mi!<\/p>\n<div class=\"klb-readmore post-buttons\"><a class=\"button black outline size-sm\" href=\"https:\/\/madelinefashion.pl\/sk\/kardigan-asymetryczny-moi-fuksja\/\">\u010c\u00edta\u0165 \u010falej <i class=\"klbth-icon-right-arrow\"><\/i><\/a><\/div>","protected":false},"featured_media":585549,"template":"","meta":[],"product_brand":[],"product_cat":[91],"product_tag":[],"class_list":{"0":"post-2766","1":"product","2":"type-product","3":"status-publish","4":"has-post-thumbnail","6":"product_cat-kardigany-damskie","8":"first","9":"instock","10":"purchasable","11":"product-type-simple"},"_links":{"self":[{"href":"https:\/\/madelinefashion.pl\/sk\/wp-json\/wp\/v2\/product\/2766","targetHints":{"allow":["GET"]}}],"collection":[{"href":"https:\/\/madelinefashion.pl\/sk\/wp-json\/wp\/v2\/product"}],"about":[{"href":"https:\/\/madelinefashion.pl\/sk\/wp-json\/wp\/v2\/types\/product"}],"wp:featuredmedia":[{"embeddable":true,"href":"https:\/\/madelinefashion.pl\/sk\/wp-json\/wp\/v2\/media\/585549"}],"wp:attachment":[{"href":"https:\/\/madelinefashion.pl\/sk\/wp-json\/wp\/v2\/media?parent=2766"}],"wp:term":[{"taxonomy":"product_brand","embeddable":true,"href":"https:\/\/madelinefashion.pl\/sk\/wp-json\/wp\/v2\/product_brand?post=2766"},{"taxonomy":"product_cat","embeddable":true,"href":"https:\/\/madelinefashion.pl\/sk\/wp-json\/wp\/v2\/product_cat?post=2766"},{"taxonomy":"product_tag","embeddable":true,"href":"https:\/\/madelinefashion.pl\/sk\/wp-json\/wp\/v2\/product_tag?post=2766"}],"curies":[{"name":"pracovn\u00fd list","href":"https:\/\/api.w.org\/{rel}","templated":true}]}}

Asymetrický kardigan My Powder Pink

<h3 style="text-align: center;">Asymetrický kardigan My Powder Pink</h3>
<p><span style="font-size: 10pt;">Úžasná kvalita za najlepšiu cenu</span>. Kardigan asymetrického strihu s dlhšími stranami. Cardigan má  <strong>vrecká</strong> , jej strih umožňuje prispôsobiť sa akejkoľvek postave. Kardigan sa dá použiť na väčšinu štýlov, ľahko ho zladíte k obľúbeným nohaviciam a tričku. <span style="font-size: 10pt;">Ideálne do školy, práce, na rande alebo na stretnutie s priateľmi! </span>Veľkosť <strong>univerzálny</strong> odporúčame pre dámy, ktoré nosia veľ <strong>SML XL XXL</strong> čo je obrovská výhoda tohto modelu. Dostupné na našom e-shope vo viacerých farebných variantoch, tak neváhajte a vyberte si tú, ktorá je pre vás ako stvorená.</p>
<p style="text-align: center;"><strong>Odporúčaná univerzálna veľkosť S-XXL</strong></p>
<h2 style="text-align: center;">Rozmery:</h2>
<ul style="text-align: center;">
<li>Celková dĺžka: 87-112 cm</li>
<li>Šírka od podpazušia po: 55-65 cm</li>
<li>Šírka v páse: 55-65 cm</li>
<li>Biceps: 37 cm</li>
</ul>
<p style="text-align: center;"><span style="font-size: 10pt;">Rozmery sa môžu mierne líšiť od uvedených +/- 2cm. Všetky uvedené rozmery sú merané plošne.</span></p>
<p style="text-align: center;"><span style="font-size: 10pt;"><strong> </strong> </span></p>
<table width="610">
<tbody>
<tr>
<td width="302">Meno modela</td>
<td width="302">Asymetrický kardigan Moi</td>
</tr>
<tr>
<td width="302">Farba</td>
<td width="302">Púdrová ružová</td>
</tr>
<tr>
<td width="302">veľkosti</td>
<td width="302">Univerzálny</td>
</tr>
<tr>
<td width="302">Móda</td>
<td width="302">nadrozmerné</td>
</tr>
<tr>
<td width="302">Hood</td>
<td width="302">Nie</td>
</tr>
<tr>
<td width="302">izolované</td>
<td width="302">jednoplášťové</td>
</tr>
<tr>
<td width="302">Materiál</td>
<td width="302">74% akryl, 26% polyamid</td>
</tr>
</tbody>
</table>
<div class="additional-details" style="text-align: center;">
<p style="text-align: center;"> Model má <strong>165</strong> cm vysoký, nosí veľkosť každý deň <strong>S</strong></p>
</div>

<p>Kardigan Asymetryczny Moi Pudrowy Róż Rewelacyjna jakość w najlepszej cenie. Kardigan o fasonie asymetrycznym z dłuższymi bokami. Kardigan posiada  kieszenie , jego krój pozwala na dopasowanie do każdej sylwetki. Kardigan można wykorzystać do większości stylizacji z łatwością dopasujesz go do swoich ulubionych spodni  i T-shirtu. Idealne do szkoły, do pracy, na randkę czy spotkanie z przyjaciółmi!</p>
<div class="klb-readmore post-buttons"><a class="button black outline size-sm" href="https://madelinefashion.pl/sk/kardigan-asymetryczny-moi-fuksja/">Čítať ďalej <i class="klbth-icon-right-arrow"></i></a></div>

pracovný list
