{"id":2784,"date":"2020-11-19T20:51:58","date_gmt":"2020-11-19T19:51:58","guid":{"rendered":"http:\/\/serwer2078743.home.pl\/?post_type=product&#038;p=2784"},"modified":"2026-04-27T12:39:30","modified_gmt":"2026-04-27T10:39:30","slug":"ramoneska-napy-special-black","status":"publish","type":"product","link":"https:\/\/madelinefashion.pl\/sk\/ramoneska-napy-special-black\/","title":{"rendered":"Ramones Snaps Special Black"},"content":{"rendered":"<h3 style=\"text-align: center;\">Ramones Snaps Special Black<\/h3>\n<p style=\"text-align: center;\"><strong>\u010cierna bunda ramones <\/strong>je jedn\u00fdm z na\u0161ich n\u00e1vrhov na nadch\u00e1dzaj\u00face chladnej\u0161ie dni. D\u00e1 sa pou\u017ei\u0165 v akomko\u013evek \u0161t\u00fdle, ako ku klasick\u00fdm d\u017e\u00ednsom, bielemu tri\u010dku na ka\u017edodenn\u00e9 vych\u00e1dzky, tak aj k d\u00e1mskym \u0161at\u00e1m, ktor\u00fdm dod\u00e1va rockov\u00fd vzh\u013ead. <strong>charakter<\/strong>. Je to ist\u00e9 <strong>musie\u0165 ma\u0165<\/strong> v ka\u017edom \u0161atn\u00edku! Jednoduch\u00fd strih, bez goliera, dop\u013a\u0148aj\u00fa drobn\u00e9 detaily, rafinovan\u00e9 ka\u017ed\u00fdm centimetrom. Bunda sa zap\u00edna na kovov\u00e9 patentky. Dlh\u00fd ruk\u00e1v na konci je tie\u017e ozdoben\u00fd rovnak\u00fdmi atrapami. = Tento model je ide\u00e1lny pre <strong>jarn\u00e9, jesenn\u00e9 a chladnej\u0161ie letn\u00e9 dni.<\/strong> V\u010faka vhodne zvolen\u00fdm doplnkom \u013eahko vytvor\u00edte jedine\u010dn\u00e9 \u0161tyliz\u00e1cie na spolo\u010densk\u00e9 udalosti \u010di oslavy. Vyst\u00fapte z davu s na\u0161ou eko ko\u017eenou bundou. Ramones prich\u00e1dza vo ve\u013ekosti<strong> SML XL XXL XXXL<br \/>\n<\/strong>Ak m\u00e1te nejak\u00e9 ot\u00e1zky, sme tu, aby sme v\u00e1m pomohli.<\/p>\n<p style=\"text-align: center;\"><span style=\"font-size: 10pt;\"><em>eur\u00f3psky v\u00fdrobok<br \/>\n<\/em><\/span><\/p>\n<h3 style=\"text-align: center;\">Rozmery:<\/h3>\n<p style=\"text-align: center;\"><strong>S<br \/>\n<\/strong>\u0160\u00edrka od pazuchy po pazuchu: 2\u00d744 cm<br \/>\n\u0160\u00edrka ramien: 2\u00d738 cm<br \/>\n\u0160\u00edrka v p\u00e1se: 2\u00d738 cm<br \/>\nD\u013a\u017eka ruk\u00e1va od ramena: 59 cm<br \/>\nCelkov\u00e1 d\u013a\u017eka: 45 cm<\/p>\n<p style=\"text-align: center;\"><strong>m<br \/>\n<\/strong>\u0160\u00edrka od pazuchy po pazuchu: 2\u00d746 cm<br \/>\n\u0160\u00edrka ramien: 2\u00d740 cm<br \/>\n\u0160\u00edrka v p\u00e1se: 2\u00d740 cm<br \/>\nD\u013a\u017eka ruk\u00e1va od ramena: 60 cm<br \/>\nCelkov\u00e1 d\u013a\u017eka: 46 cm<br \/>\n<strong><br \/>\nL<br \/>\n<\/strong>\u0160\u00edrka od pazuchy po pazuchu: 2\u00d748 cm<br \/>\n\u0160\u00edrka ramien: 2\u00d742 cm<br \/>\n\u0160\u00edrka v p\u00e1se: 2\u00d742 cm<br \/>\nD\u013a\u017eka ruk\u00e1va od ramena: 61 cm<br \/>\nCelkov\u00e1 d\u013a\u017eka: 47 cm<\/p>\n<p style=\"text-align: center;\"><strong>XL<br \/>\n<\/strong>\u0160\u00edrka od podpazu\u0161ia k podpazu\u0161iu: 2\u00d750 cm<br \/>\n\u0160\u00edrka ramien: 2\u00d744 cm<br \/>\n\u0160\u00edrka p\u00e1su: 2\u00d744 cm<br \/>\nD\u013a\u017eka ruk\u00e1va od ramena: 62 cm<br \/>\nCelkov\u00e1 d\u013a\u017eka: 48 cm<\/p>\n<p style=\"text-align: center;\"><strong>XXL<br \/>\n<\/strong>\u0160\u00edrka od pazuchy po pazuchu: 2\u00d752 cm<br \/>\n\u0160\u00edrka ramien: 2\u00d746 cm<br \/>\n\u0160\u00edrka p\u00e1su: 2\u00d746 cm<br \/>\nD\u013a\u017eka ruk\u00e1va od ramena: 62 cm<br \/>\nCelkov\u00e1 d\u013a\u017eka: 49 cm<\/p>\n<p style=\"text-align: center;\"><strong>XXXL<br \/>\n<\/strong>\u0160\u00edrka od podpazu\u0161ia k podpazu\u0161iu: 2\u00d754 cm<br \/>\n\u0160\u00edrka ramien: 2\u00d748 cm<br \/>\n\u0160\u00edrka p\u00e1su: 2\u00d748 cm<br \/>\nD\u013a\u017eka ruk\u00e1va od ramena: 63 cm<br \/>\nCelkov\u00e1 d\u013a\u017eka: 50 cm<\/p>\n<p style=\"text-align: center;\">Rozmery sa m\u00f4\u017eu mierne l\u00ed\u0161i\u0165 od uveden\u00fdch +\/- 2cm. V\u0161etky uveden\u00e9 rozmery s\u00fa meran\u00e9 plo\u0161ne.<\/p>\n<p style=\"text-align: center;\"><span style=\"font-size: 10pt;\">\u00a0<\/span><\/p>\n<p style=\"text-align: center;\"><span style=\"font-size: 10pt;\"><strong>MODELKA 168 cm - VE\u013dKOS\u0164 S\/M<\/strong><\/span><\/p>\n<p style=\"text-align: center;\"><span style=\"font-size: 10pt;\">\u00a0<\/span><\/p>\n<p style=\"text-align: center;\">","protected":false},"excerpt":{"rendered":"<p>Ramoneska Napy Special Black Czarna ramoneska to jedna z naszych propozycji na nadchodz\u0105ce ch\u0142odniejsze dni. Mo\u017cna j\u0105 wykorzysta\u0107 w ka\u017cdej stylizacji, zar\u00f3wno do klasycznych jeans\u00f3w, bia\u0142ego t-shirtu na codzienne wyj\u015bcia, jak i do kobiecych sukienek dodaj\u0105c im rockowego charakteru. Jest to zdecydowany must have w ka\u017cdej garderobie! Prosty kr\u00f3j, bez ko\u0142nierzyka, uzupe\u0142niony jest o drobne<\/p>\n<div class=\"klb-readmore post-buttons\"><a class=\"button black outline size-sm\" href=\"https:\/\/madelinefashion.pl\/sk\/ramoneska-napy-special-black\/\">\u010c\u00edta\u0165 \u010falej <i class=\"klbth-icon-right-arrow\"><\/i><\/a><\/div>","protected":false},"featured_media":602158,"template":"","meta":[],"product_brand":[],"product_cat":[117,395],"product_tag":[295],"class_list":{"0":"post-2784","1":"product","2":"type-product","3":"status-publish","4":"has-post-thumbnail","6":"product_cat-kurtki","7":"product_cat-nowosci","8":"product_tag-ramoneski","9":"pa_rozmiar-xxl-2","10":"pa_rozmiar-s","11":"pa_rozmiar-m","12":"pa_rozmiar-l","13":"pa_rozmiar-xl","14":"pa_rozmiar-xxxl-46","16":"first","17":"instock","18":"sale","19":"purchasable","20":"product-type-variable"},"_links":{"self":[{"href":"https:\/\/madelinefashion.pl\/sk\/wp-json\/wp\/v2\/product\/2784","targetHints":{"allow":["GET"]}}],"collection":[{"href":"https:\/\/madelinefashion.pl\/sk\/wp-json\/wp\/v2\/product"}],"about":[{"href":"https:\/\/madelinefashion.pl\/sk\/wp-json\/wp\/v2\/types\/product"}],"wp:featuredmedia":[{"embeddable":true,"href":"https:\/\/madelinefashion.pl\/sk\/wp-json\/wp\/v2\/media\/602158"}],"wp:attachment":[{"href":"https:\/\/madelinefashion.pl\/sk\/wp-json\/wp\/v2\/media?parent=2784"}],"wp:term":[{"taxonomy":"product_brand","embeddable":true,"href":"https:\/\/madelinefashion.pl\/sk\/wp-json\/wp\/v2\/product_brand?post=2784"},{"taxonomy":"product_cat","embeddable":true,"href":"https:\/\/madelinefashion.pl\/sk\/wp-json\/wp\/v2\/product_cat?post=2784"},{"taxonomy":"product_tag","embeddable":true,"href":"https:\/\/madelinefashion.pl\/sk\/wp-json\/wp\/v2\/product_tag?post=2784"}],"curies":[{"name":"pracovn\u00fd list","href":"https:\/\/api.w.org\/{rel}","templated":true}]}}

<h3 style="text-align: center;">Ramones Snaps Special Black</h3>
<p style="text-align: center;"><strong>Čierna bunda ramones </strong>je jedným z našich návrhov na nadchádzajúce chladnejšie dni. Dá sa použiť v akomkoľvek štýle, ako ku klasickým džínsom, bielemu tričku na každodenné vychádzky, tak aj k dámskym šatám, ktorým dodáva rockový vzhľad. <strong>charakter</strong>. Je to isté <strong>musieť mať</strong> v každom šatníku! Jednoduchý strih, bez goliera, dopĺňajú drobné detaily, rafinované každým centimetrom. Bunda sa zapína na kovové patentky. Dlhý rukáv na konci je tiež ozdobený rovnakými atrapami. = Tento model je ideálny pre <strong>jarné, jesenné a chladnejšie letné dni.</strong> Vďaka vhodne zvoleným doplnkom ľahko vytvoríte jedinečné štylizácie na spoločenské udalosti či oslavy. Vystúpte z davu s našou eko koženou bundou. Ramones prichádza vo veľkosti<strong> SML XL XXL XXXL<br />
</strong>Ak máte nejaké otázky, sme tu, aby sme vám pomohli.</p>
<p style="text-align: center;"><span style="font-size: 10pt;"><em>európsky výrobok<br />
</em></span></p>
<h3 style="text-align: center;">Rozmery:</h3>
<p style="text-align: center;"><strong>S<br />
</strong>Šírka od pazuchy po pazuchu: 2×44 cm<br />
Šírka ramien: 2×38 cm<br />
Šírka v páse: 2×38 cm<br />
Dĺžka rukáva od ramena: 59 cm<br />
Celková dĺžka: 45 cm</p>
<p style="text-align: center;"><strong>m<br />
</strong>Šírka od pazuchy po pazuchu: 2×46 cm<br />
Šírka ramien: 2×40 cm<br />
Šírka v páse: 2×40 cm<br />
Dĺžka rukáva od ramena: 60 cm<br />
Celková dĺžka: 46 cm<br />
<strong><br />
L<br />
</strong>Šírka od pazuchy po pazuchu: 2×48 cm<br />
Šírka ramien: 2×42 cm<br />
Šírka v páse: 2×42 cm<br />
Dĺžka rukáva od ramena: 61 cm<br />
Celková dĺžka: 47 cm</p>
<p style="text-align: center;"><strong>XL<br />
</strong>Šírka od podpazušia k podpazušiu: 2×50 cm<br />
Šírka ramien: 2×44 cm<br />
Šírka pásu: 2×44 cm<br />
Dĺžka rukáva od ramena: 62 cm<br />
Celková dĺžka: 48 cm</p>
<p style="text-align: center;"><strong>XXL<br />
</strong>Šírka od pazuchy po pazuchu: 2×52 cm<br />
Šírka ramien: 2×46 cm<br />
Šírka pásu: 2×46 cm<br />
Dĺžka rukáva od ramena: 62 cm<br />
Celková dĺžka: 49 cm</p>
<p style="text-align: center;"><strong>XXXL<br />
</strong>Šírka od podpazušia k podpazušiu: 2×54 cm<br />
Šírka ramien: 2×48 cm<br />
Šírka pásu: 2×48 cm<br />
Dĺžka rukáva od ramena: 63 cm<br />
Celková dĺžka: 50 cm</p>
<p style="text-align: center;">Rozmery sa môžu mierne líšiť od uvedených +/- 2cm. Všetky uvedené rozmery sú merané plošne.</p>
<p style="text-align: center;"><span style="font-size: 10pt;"> </span></p>
<p style="text-align: center;"><span style="font-size: 10pt;"><strong>MODELKA 168 cm - VEĽKOSŤ S/M</strong></span></p>
<p style="text-align: center;"><span style="font-size: 10pt;"> </span></p>
<p style="text-align: center;">

<p>Ramoneska Napy Special Black Czarna ramoneska to jedna z naszych propozycji na nadchodzące chłodniejsze dni. Można ją wykorzystać w każdej stylizacji, zarówno do klasycznych jeansów, białego t-shirtu na codzienne wyjścia, jak i do kobiecych sukienek dodając im rockowego charakteru. Jest to zdecydowany must have w każdej garderobie! Prosty krój, bez kołnierzyka, uzupełniony jest o drobne</p>
<div class="klb-readmore post-buttons"><a class="button black outline size-sm" href="https://madelinefashion.pl/sk/ramoneska-napy-special-black/">Čítať ďalej <i class="klbth-icon-right-arrow"></i></a></div>

pracovný list
