{"id":3069,"date":"2020-11-24T12:16:17","date_gmt":"2020-11-24T11:16:17","guid":{"rendered":"http:\/\/serwer2078743.home.pl\/?post_type=product&#038;p=3069"},"modified":"2026-01-15T12:43:38","modified_gmt":"2026-01-15T11:43:38","slug":"plaszcz-granatowy-plus-size-z-flauszu","status":"publish","type":"product","link":"https:\/\/madelinefashion.pl\/sk\/plaszcz-granatowy-plus-size-z-flauszu\/","title":{"rendered":"Fleecov\u00fd kab\u00e1t v n\u00e1morn\u00edckej modrej ve\u013ekosti Plus"},"content":{"rendered":"<h2 style=\"text-align: center;\">Fleecov\u00fd kab\u00e1t v n\u00e1morn\u00edckej modrej ve\u013ekosti Plus<\/h2>\n<p style=\"text-align: center;\">\u00a0Tmavo modr\u00fd kab\u00e1t s <strong>Fleece<\/strong> \u2013 je to spojenie elegancie, modernosti a funk\u010dnosti \u2013 Farba <strong>n\u00e1morn\u00edctvo\u00a0<\/strong> u\u017e roky nevyjde z m\u00f3dy. S \u00faspechom ju m\u00f4\u017eete nosi\u0165 na ka\u017edodenn\u00e9 v\u00fdlety, do pr\u00e1ce, na rodinn\u00e9 stretnutie alebo aj na v\u00fdznamnej\u0161iu pr\u00edle\u017eitos\u0165. V\u010faka \u0161trukt\u00fare materi\u00e1lu sa s n\u00edm bude lep\u0161ie pracova\u0165 <strong>po\u010das chladnej\u0161\u00edch dn\u00ed a prechodn\u00fdch obdob\u00ed<\/strong> alebo na \u013eahk\u00fa <strong>zima<\/strong>. Ve\u013ekos\u0165 <strong>univerz\u00e1lna ve\u013ekos\u0165 plus <\/strong>\u00a0odpor\u00fa\u010dan\u00e9 pre\u00a0 <strong>P\u00e1n<\/strong> nosenie<strong> ve\u013ekos\u0165<\/strong> <strong>44,46,48,50.<\/strong>\u00a0V ponuke <strong>m\u00e1me<\/strong> aj men\u0161ie<strong> zaviazan\u00e9 kab\u00e1ty\u00a0<\/strong> odpor\u00fa\u010dan\u00e9 pre SML XL Odpor\u00fa\u010dame\u00a0<strong>presn\u00e9 meranie\u00a0<\/strong>pod\u013ea ni\u017e\u0161ie uvedenej tabu\u013eky rozmerov. Dostupn\u00e9 na na\u0161om e-shope vo viacer\u00fdch farebn\u00fdch variantoch, tak nev\u00e1hajte a vyberte si t\u00fa, ktor\u00e1 je pre v\u00e1s ako stvoren\u00e1. Ak sa neviete rozhodn\u00fa\u0165, ktor\u00e1 farba je pre v\u00e1s najlep\u0161ia, kontaktujte n\u00e1s prostredn\u00edctvom\u00a0<strong>Facebook<\/strong>\u00a0alebo telef\u00f3n.<\/p>\n<h2 style=\"text-align: center;\">Perfektn\u00fd kab\u00e1t na ka\u017ed\u00fa pr\u00edle\u017eitos\u0165<\/h2>\n<h3 style=\"text-align: center;\">Rozmery kab\u00e1ta nadmernej ve\u013ekosti:<\/h3>\n<ul style=\"text-align: center;\">\n<li style=\"text-align: center;\">celkov\u00e1 d\u013a\u017eka chrbta: 90 cm<\/li>\n<li style=\"text-align: center;\">\u0161\u00edrka od pazuchy po pazuchu: 59 cm<\/li>\n<li style=\"text-align: center;\">d\u013a\u017eka ruk\u00e1va od ramena: 62 cm<\/li>\n<li style=\"text-align: center;\">d\u013a\u017eka ruk\u00e1va od podpazu\u0161ia: 47 cm<\/li>\n<li style=\"text-align: center;\">odpor\u00fa\u010dan\u00fd maxim\u00e1lny obvod poprsia: 130-145 cm<\/li>\n<li style=\"text-align: center;\">\u0161\u00edrka v bicepsoch: 39 cm<\/li>\n<\/ul>\n<p style=\"text-align: center;\"><strong>Obr\u00e1zok produktu!!!<\/strong><\/p>\n<p style=\"text-align: center;\">Rozmery sa m\u00f4\u017eu mierne l\u00ed\u0161i\u0165 od uveden\u00fdch +\/- 2cm. V\u0161etky uveden\u00e9 rozmery s\u00fa meran\u00e9 plo\u0161ne.<\/p>\n<table width=\"615\">\n<tbody>\n<tr>\n<td width=\"302\">Meno modela<\/td>\n<td width=\"302\">Ve\u013ek\u00fd fleecov\u00fd kab\u00e1t n\u00e1morn\u00edckej modrej<\/td>\n<\/tr>\n<tr>\n<td width=\"302\">Farba<\/td>\n<td width=\"302\">n\u00e1morn\u00edctvo<\/td>\n<\/tr>\n<tr>\n<td width=\"302\">Zbierka<\/td>\n<td width=\"302\">jar\/jese\u0148\/zima<\/td>\n<\/tr>\n<tr>\n<td width=\"302\">ve\u013ekosti<\/td>\n<td width=\"302\">Univerz\u00e1lny (nadmern\u00e1 ve\u013ekos\u0165)<\/td>\n<\/tr>\n<tr>\n<td width=\"302\">M\u00f3da<\/td>\n<td width=\"302\">nadrozmern\u00e9<\/td>\n<\/tr>\n<tr>\n<td width=\"302\">Hood<\/td>\n<td width=\"302\">Bez kapucne<\/td>\n<\/tr>\n<tr>\n<td width=\"302\">vreck\u00e1<\/td>\n<td width=\"302\">\u00c1no<\/td>\n<\/tr>\n<tr>\n<td width=\"302\">Materi\u00e1l<\/td>\n<td width=\"302\">Petersham<\/td>\n<\/tr>\n<\/tbody>\n<\/table>\n<p>&nbsp;<\/p>\n<p style=\"text-align: center;\">\u00a0Model m\u00e1\u00a0<strong>173<\/strong>\u00a0cm vysok\u00fd vo ve\u013ekosti <strong>Plusov\u00e1 velkos\u0165<\/strong><\/p>","protected":false},"excerpt":{"rendered":"<p>P\u0142aszcz Granatowy Plus Size z Flauszu \u00a0P\u0142aszcz granatowy z flauszu &#8211; jest to po\u0142\u0105czenie elegancji, nowoczesno\u015bci i funkcjonalno\u015bci \u2013 Kolor Granatowy\u00a0 nie wychodzi z mody od lat. Z powodzeniem mo\u017cesz go ubra\u0107 na codzienne wyj\u015bcia, do pracy, spotkanie rodzinne czy nawet na wa\u017cniejsz\u0105 okazj\u0119. Dzi\u0119ki strukturze materia\u0142u lepiej sprawdzi si\u0119 w ch\u0142odniejsze dni i okresy<\/p>\n<div class=\"klb-readmore post-buttons\"><a class=\"button black outline size-sm\" href=\"https:\/\/madelinefashion.pl\/sk\/plaszcz-granatowy-plus-size-z-flauszu\/\">\u010c\u00edta\u0165 \u010falej <i class=\"klbth-icon-right-arrow\"><\/i><\/a><\/div>","protected":false},"featured_media":3071,"template":"","meta":[],"product_brand":[],"product_cat":[102,279],"product_tag":[510],"class_list":{"0":"post-3069","1":"product","2":"type-product","3":"status-publish","4":"has-post-thumbnail","6":"product_cat-plaszcze-plus-size","7":"product_cat-plaszcze-wiosenne","8":"product_tag-plaszcze-flauszowe","10":"first","11":"instock","12":"sale","13":"purchasable","14":"product-type-simple"},"_links":{"self":[{"href":"https:\/\/madelinefashion.pl\/sk\/wp-json\/wp\/v2\/product\/3069","targetHints":{"allow":["GET"]}}],"collection":[{"href":"https:\/\/madelinefashion.pl\/sk\/wp-json\/wp\/v2\/product"}],"about":[{"href":"https:\/\/madelinefashion.pl\/sk\/wp-json\/wp\/v2\/types\/product"}],"wp:featuredmedia":[{"embeddable":true,"href":"https:\/\/madelinefashion.pl\/sk\/wp-json\/wp\/v2\/media\/3071"}],"wp:attachment":[{"href":"https:\/\/madelinefashion.pl\/sk\/wp-json\/wp\/v2\/media?parent=3069"}],"wp:term":[{"taxonomy":"product_brand","embeddable":true,"href":"https:\/\/madelinefashion.pl\/sk\/wp-json\/wp\/v2\/product_brand?post=3069"},{"taxonomy":"product_cat","embeddable":true,"href":"https:\/\/madelinefashion.pl\/sk\/wp-json\/wp\/v2\/product_cat?post=3069"},{"taxonomy":"product_tag","embeddable":true,"href":"https:\/\/madelinefashion.pl\/sk\/wp-json\/wp\/v2\/product_tag?post=3069"}],"curies":[{"name":"pracovn\u00fd list","href":"https:\/\/api.w.org\/{rel}","templated":true}]}}

Fleecový kabát v námorníckej modrej veľkosti Plus

<h2 style="text-align: center;">Fleecový kabát v námorníckej modrej veľkosti Plus</h2>
<p style="text-align: center;"> Tmavo modrý kabát s <strong>Fleece</strong> – je to spojenie elegancie, modernosti a funkčnosti – Farba <strong>námorníctvo </strong> už roky nevyjde z módy. S úspechom ju môžete nosiť na každodenné výlety, do práce, na rodinné stretnutie alebo aj na významnejšiu príležitosť. Vďaka štruktúre materiálu sa s ním bude lepšie pracovať <strong>počas chladnejších dní a prechodných období</strong> alebo na ľahkú <strong>zima</strong>. Veľkosť <strong>univerzálna veľkosť plus </strong> odporúčané pre  <strong>Pán</strong> nosenie<strong> veľkosť</strong> <strong>44,46,48,50.</strong> V ponuke <strong>máme</strong> aj menšie<strong> zaviazané kabáty </strong> odporúčané pre SML XL Odporúčame <strong>presné meranie </strong>podľa nižšie uvedenej tabuľky rozmerov. Dostupné na našom e-shope vo viacerých farebných variantoch, tak neváhajte a vyberte si tú, ktorá je pre vás ako stvorená. Ak sa neviete rozhodnúť, ktorá farba je pre vás najlepšia, kontaktujte nás prostredníctvom <strong>Facebook</strong> alebo telefón.</p>
<h2 style="text-align: center;">Perfektný kabát na každú príležitosť</h2>
<h3 style="text-align: center;">Rozmery kabáta nadmernej veľkosti:</h3>
<ul style="text-align: center;">
<li style="text-align: center;">celková dĺžka chrbta: 90 cm</li>
<li style="text-align: center;">šírka od pazuchy po pazuchu: 59 cm</li>
<li style="text-align: center;">dĺžka rukáva od ramena: 62 cm</li>
<li style="text-align: center;">dĺžka rukáva od podpazušia: 47 cm</li>
<li style="text-align: center;">odporúčaný maximálny obvod poprsia: 130-145 cm</li>
<li style="text-align: center;">šírka v bicepsoch: 39 cm</li>
</ul>
<p style="text-align: center;"><strong>Obrázok produktu!!!</strong></p>
<p style="text-align: center;">Rozmery sa môžu mierne líšiť od uvedených +/- 2cm. Všetky uvedené rozmery sú merané plošne.</p>
<table width="615">
<tbody>
<tr>
<td width="302">Meno modela</td>
<td width="302">Veľký fleecový kabát námorníckej modrej</td>
</tr>
<tr>
<td width="302">Farba</td>
<td width="302">námorníctvo</td>
</tr>
<tr>
<td width="302">Zbierka</td>
<td width="302">jar/jeseň/zima</td>
</tr>
<tr>
<td width="302">veľkosti</td>
<td width="302">Univerzálny (nadmerná veľkosť)</td>
</tr>
<tr>
<td width="302">Móda</td>
<td width="302">nadrozmerné</td>
</tr>
<tr>
<td width="302">Hood</td>
<td width="302">Bez kapucne</td>
</tr>
<tr>
<td width="302">vrecká</td>
<td width="302">Áno</td>
</tr>
<tr>
<td width="302">Materiál</td>
<td width="302">Petersham</td>
</tr>
</tbody>
</table>
<p>&nbsp;</p>
<p style="text-align: center;"> Model má <strong>173</strong> cm vysoký vo veľkosti <strong>Plusová velkosť</strong></p>

<p>Płaszcz Granatowy Plus Size z Flauszu  Płaszcz granatowy z flauszu &#8211; jest to połączenie elegancji, nowoczesności i funkcjonalności – Kolor Granatowy  nie wychodzi z mody od lat. Z powodzeniem możesz go ubrać na codzienne wyjścia, do pracy, spotkanie rodzinne czy nawet na ważniejszą okazję. Dzięki strukturze materiału lepiej sprawdzi się w chłodniejsze dni i okresy</p>
<div class="klb-readmore post-buttons"><a class="button black outline size-sm" href="https://madelinefashion.pl/sk/plaszcz-granatowy-plus-size-z-flauszu/">Čítať ďalej <i class="klbth-icon-right-arrow"></i></a></div>

pracovný list
