{"id":31535,"date":"2022-03-16T15:31:49","date_gmt":"2022-03-16T14:31:49","guid":{"rendered":"https:\/\/madelinefashion.pl\/?post_type=product&#038;p=31535"},"modified":"2025-09-09T10:31:21","modified_gmt":"2025-09-09T08:31:21","slug":"ponczo-z-paskiem-azteckie-wzory-niebieskie","status":"publish","type":"product","link":"https:\/\/madelinefashion.pl\/sk\/ponczo-z-paskiem-azteckie-wzory-niebieskie\/","title":{"rendered":"Pon\u010do s pruhmi azt\u00e9ckymi vzormi modr\u00e1"},"content":{"rendered":"<h3 style=\"text-align: center;\">Pon\u010do s pruhmi azt\u00e9ckymi vzormi modr\u00e1<\/h3>\n<p style=\"text-align: center;\">Kr\u00e1sne pon\u010do v univerz\u00e1lnom vzore, ktor\u00e9 sadne v\u00e4\u010d\u0161ine \u0161t\u00fdlov a bude vhodn\u00e9 na ka\u017edodenn\u00e9 nosenie aj pr\u00edle\u017eitostn\u00e9 vych\u00e1dzky. S\u00faprava obsahuje opasok vo farbe l\u00e1tky, z ktorej je pon\u010do vyroben\u00e9. D\u00e1 sa pou\u017ei\u0165 ako \u0161aty alebo tunika v kombin\u00e1cii s pan\u010duchami alebo leg\u00ednami. Kr\u00e1sny, \u017eensk\u00fd v\u00fdstrih, ktor\u00fd zv\u00fdrazn\u00ed l\u00edniu krku a ramien, dod\u00e1 jemnos\u0165 celej kre\u00e1cii. Model pon\u010da je dostupn\u00fd v dvoch farebn\u00fdch variantoch a je v jednej univerz\u00e1lnej ve\u013ekosti.<\/p>\n<h3 style=\"text-align: center;\">Rozmery:<\/h3>\n<ul>\n<li style=\"list-style-type: none;\">\n<ul>\n<li style=\"text-align: center;\">celkov\u00e1 d\u013a\u017eka: 91 cm<\/li>\n<li style=\"text-align: center;\">\u0161\u00edrka p\u00e1sa: 56 cm (nastavite\u013en\u00e9 opaskom)<\/li>\n<li style=\"text-align: center;\">d\u013a\u017eka opasku: 102 cm<\/li>\n<li style=\"text-align: center;\"><\/li>\n<\/ul>\n<\/li>\n<\/ul>\n<p style=\"text-align: center;\"><span style=\"font-size: 10pt;\">Rozmery sa m\u00f4\u017eu mierne l\u00ed\u0161i\u0165 od uveden\u00fdch +\/- 2cm. V\u0161etky uveden\u00e9 rozmery s\u00fa meran\u00e9 plo\u0161ne.<\/span><\/p>\n<p style=\"text-align: center;\"><span style=\"font-size: 10pt;\">\u00a0<\/span><\/p>\n<table width=\"621\">\n<tbody>\n<tr>\n<td width=\"302\">Meno modela<\/td>\n<td width=\"302\">Pon\u010do s p\u00e1som azt\u00e9ckymi vzormi<\/td>\n<\/tr>\n<tr>\n<td width=\"302\">Farba<\/td>\n<td width=\"302\">Modr\u00e1<\/td>\n<\/tr>\n<tr>\n<td width=\"302\">M\u00f3da<\/td>\n<td width=\"302\">nadrozmern\u00e9<\/td>\n<\/tr>\n<tr>\n<td width=\"302\">Materi\u00e1l<\/td>\n<td width=\"302\">95 % Polyester 5% Elastan<\/td>\n<\/tr>\n<tr>\n<td width=\"302\">D\u013a\u017eka<\/td>\n<td width=\"302\">Pred kolenom<\/td>\n<\/tr>\n<\/tbody>\n<\/table>\n<p>&nbsp;<\/p>\n<p style=\"text-align: center;\">\u00a0Model m\u00e1\u00a0<strong>169<\/strong>\u00a0cm vysok\u00fd, nos\u00ed ve\u013ekos\u0165 ka\u017ed\u00fd de\u0148\u00a0<strong>S<\/strong><\/p>\n<p style=\"text-align: center;\">\u0160\u00edrka cez prsia 92 cm<\/p>\n<p style=\"text-align: center;\">\u0160\u00edrka v p\u00e1se 62 cm<\/p>\n<p style=\"text-align: center;\">\u0160\u00edrka v bokoch 94 cm<\/p>\n<div class=\"additional-details\" style=\"text-align: center;\">\n<p style=\"text-align: center;\">\n<\/div>","protected":false},"excerpt":{"rendered":"<p>Pon\u010do s azt\u00e9ckym vzorom a modr\u00fdm opaskom. Kr\u00e1sne pon\u010do s v\u0161estrann\u00fdm vzorom, ktor\u00e9 dopln\u00ed v\u00e4\u010d\u0161inu outfitov a je vhodn\u00e9 na ka\u017edodenn\u00e9 nosenie aj na \u0161peci\u00e1lne pr\u00edle\u017eitosti. S\u00faprava obsahuje opasok, ktor\u00fd lad\u00ed s farbou l\u00e1tky pon\u010da. D\u00e1 sa nosi\u0165 ako \u0161aty alebo tunika s pan\u010duchami alebo leg\u00ednami. Kr\u00e1sne a \u017eensk\u00e9.<\/p>\n<div class=\"klb-readmore post-buttons\"><a class=\"button black outline size-sm\" href=\"https:\/\/madelinefashion.pl\/sk\/ponczo-z-paskiem-azteckie-wzory-niebieskie\/\">\u010c\u00edta\u0165 \u010falej <i class=\"klbth-icon-right-arrow\"><\/i><\/a><\/div>","protected":false},"featured_media":0,"template":"","meta":[],"product_brand":[],"product_cat":[125,395],"product_tag":[],"class_list":{"0":"post-31535","1":"product","2":"type-product","3":"status-publish","5":"product_cat-sukienki","6":"product_cat-nowosci","8":"first","9":"outofstock","10":"purchasable","11":"product-type-simple"},"_links":{"self":[{"href":"https:\/\/madelinefashion.pl\/sk\/wp-json\/wp\/v2\/product\/31535","targetHints":{"allow":["GET"]}}],"collection":[{"href":"https:\/\/madelinefashion.pl\/sk\/wp-json\/wp\/v2\/product"}],"about":[{"href":"https:\/\/madelinefashion.pl\/sk\/wp-json\/wp\/v2\/types\/product"}],"wp:attachment":[{"href":"https:\/\/madelinefashion.pl\/sk\/wp-json\/wp\/v2\/media?parent=31535"}],"wp:term":[{"taxonomy":"product_brand","embeddable":true,"href":"https:\/\/madelinefashion.pl\/sk\/wp-json\/wp\/v2\/product_brand?post=31535"},{"taxonomy":"product_cat","embeddable":true,"href":"https:\/\/madelinefashion.pl\/sk\/wp-json\/wp\/v2\/product_cat?post=31535"},{"taxonomy":"product_tag","embeddable":true,"href":"https:\/\/madelinefashion.pl\/sk\/wp-json\/wp\/v2\/product_tag?post=31535"}],"curies":[{"name":"pracovn\u00fd list","href":"https:\/\/api.w.org\/{rel}","templated":true}]}}

Pončo s pruhmi aztéckymi vzormi modrá

<h3 style="text-align: center;">Pončo s pruhmi aztéckymi vzormi modrá</h3>
<p style="text-align: center;">Krásne pončo v univerzálnom vzore, ktoré sadne väčšine štýlov a bude vhodné na každodenné nosenie aj príležitostné vychádzky. Súprava obsahuje opasok vo farbe látky, z ktorej je pončo vyrobené. Dá sa použiť ako šaty alebo tunika v kombinácii s pančuchami alebo legínami. Krásny, ženský výstrih, ktorý zvýrazní líniu krku a ramien, dodá jemnosť celej kreácii. Model ponča je dostupný v dvoch farebných variantoch a je v jednej univerzálnej veľkosti.</p>
<h3 style="text-align: center;">Rozmery:</h3>
<ul>
<li style="list-style-type: none;">
<ul>
<li style="text-align: center;">celková dĺžka: 91 cm</li>
<li style="text-align: center;">šírka pása: 56 cm (nastaviteľné opaskom)</li>
<li style="text-align: center;">dĺžka opasku: 102 cm</li>
<li style="text-align: center;"></li>
</ul>
</li>
</ul>
<p style="text-align: center;"><span style="font-size: 10pt;">Rozmery sa môžu mierne líšiť od uvedených +/- 2cm. Všetky uvedené rozmery sú merané plošne.</span></p>
<p style="text-align: center;"><span style="font-size: 10pt;"> </span></p>
<table width="621">
<tbody>
<tr>
<td width="302">Meno modela</td>
<td width="302">Pončo s pásom aztéckymi vzormi</td>
</tr>
<tr>
<td width="302">Farba</td>
<td width="302">Modrá</td>
</tr>
<tr>
<td width="302">Móda</td>
<td width="302">nadrozmerné</td>
</tr>
<tr>
<td width="302">Materiál</td>
<td width="302">95 % Polyester 5% Elastan</td>
</tr>
<tr>
<td width="302">Dĺžka</td>
<td width="302">Pred kolenom</td>
</tr>
</tbody>
</table>
<p>&nbsp;</p>
<p style="text-align: center;"> Model má <strong>169</strong> cm vysoký, nosí veľkosť každý deň <strong>S</strong></p>
<p style="text-align: center;">Šírka cez prsia 92 cm</p>
<p style="text-align: center;">Šírka v páse 62 cm</p>
<p style="text-align: center;">Šírka v bokoch 94 cm</p>
<div class="additional-details" style="text-align: center;">
<p style="text-align: center;">
</div>

<p>Pončo s aztéckym vzorom a modrým opaskom. Krásne pončo s všestranným vzorom, ktoré doplní väčšinu outfitov a je vhodné na každodenné nosenie aj na špeciálne príležitosti. Súprava obsahuje opasok, ktorý ladí s farbou látky ponča. Dá sa nosiť ako šaty alebo tunika s pančuchami alebo legínami. Krásne a ženské.</p>
<div class="klb-readmore post-buttons"><a class="button black outline size-sm" href="https://madelinefashion.pl/sk/ponczo-z-paskiem-azteckie-wzory-niebieskie/">Čítať ďalej <i class="klbth-icon-right-arrow"></i></a></div>

pracovný list
