{"id":32017,"date":"2022-03-18T15:14:02","date_gmt":"2022-03-18T14:14:02","guid":{"rendered":"https:\/\/madelinefashion.pl\/?post_type=product&#038;p=32017"},"modified":"2025-10-01T07:34:39","modified_gmt":"2025-10-01T05:34:39","slug":"spodnie-gladkie-wiazane-solaris-camel","status":"publish","type":"product","link":"https:\/\/madelinefashion.pl\/sk\/spodnie-gladkie-wiazane-solaris-camel\/","title":{"rendered":"Hladk\u00e9 viazan\u00e9 nohavice Solaris Camel"},"content":{"rendered":"<h3 style=\"text-align: center;\">Hladk\u00e9 viazan\u00e9 nohavice Solaris Camel<\/h3>\n<p style=\"text-align: center;\"><strong>Jednoduch\u00fd strih<\/strong>, s na\u0161itou gumou v p\u00e1se a zaviazan\u00fdm opaskom. \u0160irok\u00e9 nohy s\u00fa vracaj\u00facim sa m\u00f3dnym hitom \u2013 tak ne\u010dakajte! Sledujte s nami trendy. Ide\u00e1lny model na kombin\u00e1ciu so \u0161portovou obuvou aj vysok\u00fdmi podp\u00e4tkami. <strong>D\u00e1mske nohavice <\/strong>vo ve\u013ekosti<strong> univerz\u00e1lny <\/strong>\u00a0pre d\u00e1my vo ve\u013e <strong>SML XL<\/strong> ak m\u00e1te na sebe v\u00e4\u010d\u0161iu ve\u013ekos\u0165, pozrite si miery ni\u017e\u0161ie. Dostupn\u00e9 v na\u0161ej predajni v <strong>nieko\u013eko farieb.<\/strong><\/p>\n<h3 style=\"text-align: center;\">Rozmery:<\/h3>\n<ul>\n<li style=\"text-align: center;\">Celkov\u00e1 d\u013a\u017eka: 103 cm<\/li>\n<li style=\"text-align: center;\">Vn\u00fatorn\u00e1 d\u013a\u017eka nohav\u00edc: 71 cm<\/li>\n<li style=\"text-align: center;\">\u0160\u00edrka p\u00e1sa: 31-52 cm (elastick\u00fd)<\/li>\n<li style=\"text-align: center;\">V\u00fd\u0161ka: 35 cm<\/li>\n<li style=\"text-align: center;\">\u0160\u00edrka n\u00f4h: 32 cm<\/li>\n<li style=\"text-align: center;\"><\/li>\n<\/ul>\n<div class=\"additional-details\" style=\"text-align: center;\">\n<p>Rozmery sa m\u00f4\u017eu mierne l\u00ed\u0161i\u0165 od uveden\u00fdch +\/- 2cm. V\u0161etky uveden\u00e9 rozmery s\u00fa meran\u00e9 plo\u0161ne. rozmer x2<\/p>\n<p>&nbsp;<\/p>\n<\/div>\n<p style=\"text-align: center;\"><strong>zlo\u017eenie:<\/strong> 95% Bavlna 5% Elastan<\/p>\n<p style=\"text-align: center;\">Model m\u00e1\u00a0<strong>169<\/strong>\u00a0cm vysok\u00fd, nos\u00ed ve\u013ekos\u0165 ka\u017ed\u00fd de\u0148\u00a0<strong>S<\/strong><\/p>\n<p style=\"text-align: center;\">\u0160\u00edrka cez prsia 92 cm<\/p>\n<p style=\"text-align: center;\">\u0160\u00edrka v p\u00e1se 62 cm<\/p>\n<p style=\"text-align: center;\">\u0160\u00edrka v bokoch 94 cm<\/p>","protected":false},"excerpt":{"rendered":"<p>Spodnie G\u0142adkie Wi\u0105zane Solaris Camel Fason prosty,\u00a0 z wszyt\u0105 gum\u0105 w pasie oraz wi\u0105zanym paskiem. Szerokie nogawki to powracaj\u0105cy modowy hit- zatem nie czekaj ! Pod\u0105\u017caj z Nami za trendami. Model idealny do \u0142\u0105czenia zar\u00f3wno z obuwiem sportowym jak i szpilkami. Spodnie damskie w rozmiarze uniwersalnym \u00a0dla Pa\u0144 w rozmiarze S M L XL w<\/p>\n<div class=\"klb-readmore post-buttons\"><a class=\"button black outline size-sm\" href=\"https:\/\/madelinefashion.pl\/sk\/spodnie-gladkie-wiazane-solaris-camel\/\">\u010c\u00edta\u0165 \u010falej <i class=\"klbth-icon-right-arrow\"><\/i><\/a><\/div>","protected":false},"featured_media":31996,"template":"","meta":[],"product_brand":[],"product_cat":[83,395],"product_tag":[475],"class_list":{"0":"post-32017","1":"product","2":"type-product","3":"status-publish","4":"has-post-thumbnail","6":"product_cat-spodnie","7":"product_cat-nowosci","8":"product_tag-spodnie-dlugie","9":"pa_rozmiar-xl","10":"pa_rozmiar-uniwersalny","11":"pa_rozmiar-s","12":"pa_rozmiar-m","13":"pa_rozmiar-l","15":"first","16":"instock","17":"purchasable","18":"product-type-simple"},"_links":{"self":[{"href":"https:\/\/madelinefashion.pl\/sk\/wp-json\/wp\/v2\/product\/32017","targetHints":{"allow":["GET"]}}],"collection":[{"href":"https:\/\/madelinefashion.pl\/sk\/wp-json\/wp\/v2\/product"}],"about":[{"href":"https:\/\/madelinefashion.pl\/sk\/wp-json\/wp\/v2\/types\/product"}],"wp:featuredmedia":[{"embeddable":true,"href":"https:\/\/madelinefashion.pl\/sk\/wp-json\/wp\/v2\/media\/31996"}],"wp:attachment":[{"href":"https:\/\/madelinefashion.pl\/sk\/wp-json\/wp\/v2\/media?parent=32017"}],"wp:term":[{"taxonomy":"product_brand","embeddable":true,"href":"https:\/\/madelinefashion.pl\/sk\/wp-json\/wp\/v2\/product_brand?post=32017"},{"taxonomy":"product_cat","embeddable":true,"href":"https:\/\/madelinefashion.pl\/sk\/wp-json\/wp\/v2\/product_cat?post=32017"},{"taxonomy":"product_tag","embeddable":true,"href":"https:\/\/madelinefashion.pl\/sk\/wp-json\/wp\/v2\/product_tag?post=32017"}],"curies":[{"name":"pracovn\u00fd list","href":"https:\/\/api.w.org\/{rel}","templated":true}]}}

Hladké viazané nohavice Solaris Camel

<h3 style="text-align: center;">Hladké viazané nohavice Solaris Camel</h3>
<p style="text-align: center;"><strong>Jednoduchý strih</strong>, s našitou gumou v páse a zaviazaným opaskom. Široké nohy sú vracajúcim sa módnym hitom – tak nečakajte! Sledujte s nami trendy. Ideálny model na kombináciu so športovou obuvou aj vysokými podpätkami. <strong>Dámske nohavice </strong>vo veľkosti<strong> univerzálny </strong> pre dámy vo veľ <strong>SML XL</strong> ak máte na sebe väčšiu veľkosť, pozrite si miery nižšie. Dostupné v našej predajni v <strong>niekoľko farieb.</strong></p>
<h3 style="text-align: center;">Rozmery:</h3>
<ul>
<li style="text-align: center;">Celková dĺžka: 103 cm</li>
<li style="text-align: center;">Vnútorná dĺžka nohavíc: 71 cm</li>
<li style="text-align: center;">Šírka pása: 31-52 cm (elastický)</li>
<li style="text-align: center;">Výška: 35 cm</li>
<li style="text-align: center;">Šírka nôh: 32 cm</li>
<li style="text-align: center;"></li>
</ul>
<div class="additional-details" style="text-align: center;">
<p>Rozmery sa môžu mierne líšiť od uvedených +/- 2cm. Všetky uvedené rozmery sú merané plošne. rozmer x2</p>
<p>&nbsp;</p>
</div>
<p style="text-align: center;"><strong>zloženie:</strong> 95% Bavlna 5% Elastan</p>
<p style="text-align: center;">Model má <strong>169</strong> cm vysoký, nosí veľkosť každý deň <strong>S</strong></p>
<p style="text-align: center;">Šírka cez prsia 92 cm</p>
<p style="text-align: center;">Šírka v páse 62 cm</p>
<p style="text-align: center;">Šírka v bokoch 94 cm</p>

<p>Spodnie Gładkie Wiązane Solaris Camel Fason prosty,  z wszytą gumą w pasie oraz wiązanym paskiem. Szerokie nogawki to powracający modowy hit- zatem nie czekaj ! Podążaj z Nami za trendami. Model idealny do łączenia zarówno z obuwiem sportowym jak i szpilkami. Spodnie damskie w rozmiarze uniwersalnym  dla Pań w rozmiarze S M L XL w</p>
<div class="klb-readmore post-buttons"><a class="button black outline size-sm" href="https://madelinefashion.pl/sk/spodnie-gladkie-wiazane-solaris-camel/">Čítať ďalej <i class="klbth-icon-right-arrow"></i></a></div>

pracovný list
