{"id":33713,"date":"2022-04-12T20:08:03","date_gmt":"2022-04-12T18:08:03","guid":{"rendered":"https:\/\/madelinefashion.pl\/?post_type=product&#038;p=33713"},"modified":"2026-03-26T12:40:23","modified_gmt":"2026-03-26T11:40:23","slug":"sukienka-tiulowa-marsela-czerwona","status":"publish","type":"product","link":"https:\/\/madelinefashion.pl\/sk\/sukienka-tiulowa-marsela-czerwona\/","title":{"rendered":"\u010cerven\u00e9 tylov\u00e9 \u0161aty Marsela"},"content":{"rendered":"<h3 style=\"text-align: center;\">\u010cerven\u00e9 tylov\u00e9 \u0161aty Marsela<\/h3>\n<p style=\"text-align: center;\">P\u00f4sobiv\u00e9 mini \u0161aty <strong>tyl Marsela<\/strong> je n\u00e1vrh vhodn\u00fd pre v\u00fdnimo\u010dn\u00e9 okolnosti. Skvel\u00fd vzdu\u0161n\u00fd roz\u0161\u00edren\u00fd <strong>tylov\u00e9 \u0161aty<\/strong> na nastavite\u013en\u00fdch ramienkach - dostupn\u00e9 vo viacer\u00fdch ve\u013ekostiach v na\u0161om obchode <strong>farebn\u00e9 verzie<\/strong>. Tylov\u00e1 aplik\u00e1cia zaru\u010d\u00ed jedine\u010dn\u00fd vzh\u013ead. Jej \u0161t\u00fdl je kr\u00e1sny <strong>odha\u013euje oblas\u0165 ramien<\/strong>. Spodn\u00e1 \u010das\u0165 \u0161iat <strong>mini<\/strong> pozost\u00e1va z roz\u0161\u00edrenej tylovej tkaniny, ktor\u00e1 sa efekt\u00edvne prezentuje v pohybe. Tylov\u00e9 \u0161aty na ramienka s\u00fa ide\u00e1lnym n\u00e1vrhom pre \u017eeny, ktor\u00e9 oce\u0148uj\u00fa \u0161ik a eleganciu. \u0160aty sa odpor\u00fa\u010daj\u00fa aj na svadbu, 18. a dokonca aj na svadbu. Zla\u010fte ho s podp\u00e4tkami a vytvorte elegantn\u00fd vzh\u013ead. Mus\u00edte ju ma\u0165 vo svojom \u0161atn\u00edku! Univerz\u00e1lna ve\u013ekos\u0165, odpor\u00fa\u010dan\u00e1 pre \u017eeny nosiace XS SML, ak nos\u00edte v\u00e4\u010d\u0161iu ve\u013ekos\u0165, pozrite si rozmery<\/p>\n<h3 style=\"text-align: center;\">Rozmery \u0161iat<\/h3>\n<ul style=\"text-align: center;\">\n<li><span style=\"font-size: 10pt;\">\u00a0\u00a0\u00a0 celkov\u00e1 d\u013a\u017eka s ramienkami: 92 cm<\/span><\/li>\n<li>d\u013a\u017eka bez ramienok: 72 cm<\/li>\n<li><span style=\"font-size: 10pt;\">\u00a0\u00a0\u00a0\u00a0\u00a0\u00a0\u00a0 \u0161\u00edrka od pazuchy po pazuchu: 40 cm - 52 cm<\/span><span style=\"font-size: 10pt;\">\u00a0 \u00a0 \u00a0 \u00a0<\/span><\/li>\n<li>\u0161\u00edrka p\u00e1sa: 29 cm - 48 cm<\/li>\n<\/ul>\n<p style=\"text-align: center;\">Rozmery sa m\u00f4\u017eu mierne l\u00ed\u0161i\u0165 od uveden\u00fdch +\/- 2cm. V\u0161etky uveden\u00e9 rozmery s\u00fa meran\u00e9 plo\u0161ne.<\/p>\n<p style=\"text-align: center;\"><strong>rozmer x2<\/strong><\/p>\n<p style=\"text-align: center;\"><strong>\u00a0<\/strong><\/p>\n<table width=\"428\">\n<tbody>\n<tr>\n<td width=\"302\">Meno modela<\/td>\n<td width=\"302\">Tylov\u00e9 \u0161aty Marsela<\/td>\n<\/tr>\n<tr>\n<td width=\"302\">Farba<\/td>\n<td width=\"302\">\u010cerven\u00e1<\/td>\n<\/tr>\n<tr>\n<td width=\"302\">Zbierka<\/td>\n<td width=\"302\">Jar leto<\/td>\n<\/tr>\n<tr>\n<td width=\"302\">ve\u013ekosti<\/td>\n<td width=\"302\">Univerz\u00e1lny<\/td>\n<\/tr>\n<tr>\n<td width=\"302\">M\u00f3da<\/td>\n<td width=\"302\">Vzplanul<\/td>\n<\/tr>\n<tr>\n<td width=\"302\">Dekor\u00e1cia<\/td>\n<td width=\"302\">Tyl<\/td>\n<\/tr>\n<tr>\n<td width=\"302\">Materi\u00e1l<\/td>\n<td width=\"302\">95 % Polyester 5% Elastan<\/td>\n<\/tr>\n<\/tbody>\n<\/table>\n<section class=\"page-product-box\">\n<div class=\"rte\">\n<p style=\"text-align: center;\">Model m\u00e1\u00a0<strong>169<\/strong>\u00a0cm vysok\u00fd, nos\u00ed ve\u013ekos\u0165 ka\u017ed\u00fd de\u0148\u00a0<strong>S<\/strong><\/p>\n<p style=\"text-align: center;\">\u0160\u00edrka cez prsia 92 cm<\/p>\n<p style=\"text-align: center;\">\u0160\u00edrka v p\u00e1se 62 cm<\/p>\n<p style=\"text-align: center;\">\u0160\u00edrka v bokoch 94 cm<\/p>\n<\/div>\n<\/section>","protected":false},"excerpt":{"rendered":"<p>Sukienka Tiulowa Marsela Czerwona Efektowna sukienka mini tiulowa Marsela to propozycja odpowiednia na wyj\u0105tkowe okoliczno\u015bci. Wspania\u0142a zwiewna rozkloszowana sukienka tiulowa na regulowanych rami\u0105czkach &#8211; dost\u0119pna w Naszym sklepie w kilku wersjach kolorystycznych.\u00a0 Aplikacja tiulu zagwarantuje niepowtarzalny look. Jej fason przepi\u0119knie wyeksponuje okolice ramion. Dolna cz\u0119\u015b\u0107 sukienki mini sk\u0142ada si\u0119 z rozkloszowanej tiulowej tkaniny, efektownie prezentuj\u0105c<\/p>\n<div class=\"klb-readmore post-buttons\"><a class=\"button black outline size-sm\" href=\"https:\/\/madelinefashion.pl\/sk\/sukienka-tiulowa-marsela-czerwona\/\">\u010c\u00edta\u0165 \u010falej <i class=\"klbth-icon-right-arrow\"><\/i><\/a><\/div>","protected":false},"featured_media":33684,"template":"","meta":[],"product_brand":[],"product_cat":[125,561,380],"product_tag":[258],"class_list":{"0":"post-33713","1":"product","2":"type-product","3":"status-publish","4":"has-post-thumbnail","6":"product_cat-sukienki","7":"product_cat-sukienki-tiulowe","8":"product_cat-wyprzedaz","9":"product_tag-sukienka-czerwona","11":"first","12":"instock","13":"sale","14":"purchasable","15":"product-type-simple"},"_links":{"self":[{"href":"https:\/\/madelinefashion.pl\/sk\/wp-json\/wp\/v2\/product\/33713","targetHints":{"allow":["GET"]}}],"collection":[{"href":"https:\/\/madelinefashion.pl\/sk\/wp-json\/wp\/v2\/product"}],"about":[{"href":"https:\/\/madelinefashion.pl\/sk\/wp-json\/wp\/v2\/types\/product"}],"wp:featuredmedia":[{"embeddable":true,"href":"https:\/\/madelinefashion.pl\/sk\/wp-json\/wp\/v2\/media\/33684"}],"wp:attachment":[{"href":"https:\/\/madelinefashion.pl\/sk\/wp-json\/wp\/v2\/media?parent=33713"}],"wp:term":[{"taxonomy":"product_brand","embeddable":true,"href":"https:\/\/madelinefashion.pl\/sk\/wp-json\/wp\/v2\/product_brand?post=33713"},{"taxonomy":"product_cat","embeddable":true,"href":"https:\/\/madelinefashion.pl\/sk\/wp-json\/wp\/v2\/product_cat?post=33713"},{"taxonomy":"product_tag","embeddable":true,"href":"https:\/\/madelinefashion.pl\/sk\/wp-json\/wp\/v2\/product_tag?post=33713"}],"curies":[{"name":"pracovn\u00fd list","href":"https:\/\/api.w.org\/{rel}","templated":true}]}}

Červené tylové šaty Marsela

<h3 style="text-align: center;">Červené tylové šaty Marsela</h3>
<p style="text-align: center;">Pôsobivé mini šaty <strong>tyl Marsela</strong> je návrh vhodný pre výnimočné okolnosti. Skvelý vzdušný rozšírený <strong>tylové šaty</strong> na nastaviteľných ramienkach - dostupné vo viacerých veľkostiach v našom obchode <strong>farebné verzie</strong>. Tylová aplikácia zaručí jedinečný vzhľad. Jej štýl je krásny <strong>odhaľuje oblasť ramien</strong>. Spodná časť šiat <strong>mini</strong> pozostáva z rozšírenej tylovej tkaniny, ktorá sa efektívne prezentuje v pohybe. Tylové šaty na ramienka sú ideálnym návrhom pre ženy, ktoré oceňujú šik a eleganciu. Šaty sa odporúčajú aj na svadbu, 18. a dokonca aj na svadbu. Zlaďte ho s podpätkami a vytvorte elegantný vzhľad. Musíte ju mať vo svojom šatníku! Univerzálna veľkosť, odporúčaná pre ženy nosiace XS SML, ak nosíte väčšiu veľkosť, pozrite si rozmery</p>
<h3 style="text-align: center;">Rozmery šiat</h3>
<ul style="text-align: center;">
<li><span style="font-size: 10pt;">    celková dĺžka s ramienkami: 92 cm</span></li>
<li>dĺžka bez ramienok: 72 cm</li>
<li><span style="font-size: 10pt;">        šírka od pazuchy po pazuchu: 40 cm - 52 cm</span><span style="font-size: 10pt;">       </span></li>
<li>šírka pása: 29 cm - 48 cm</li>
</ul>
<p style="text-align: center;">Rozmery sa môžu mierne líšiť od uvedených +/- 2cm. Všetky uvedené rozmery sú merané plošne.</p>
<p style="text-align: center;"><strong>rozmer x2</strong></p>
<p style="text-align: center;"><strong> </strong></p>
<table width="428">
<tbody>
<tr>
<td width="302">Meno modela</td>
<td width="302">Tylové šaty Marsela</td>
</tr>
<tr>
<td width="302">Farba</td>
<td width="302">Červená</td>
</tr>
<tr>
<td width="302">Zbierka</td>
<td width="302">Jar leto</td>
</tr>
<tr>
<td width="302">veľkosti</td>
<td width="302">Univerzálny</td>
</tr>
<tr>
<td width="302">Móda</td>
<td width="302">Vzplanul</td>
</tr>
<tr>
<td width="302">Dekorácia</td>
<td width="302">Tyl</td>
</tr>
<tr>
<td width="302">Materiál</td>
<td width="302">95 % Polyester 5% Elastan</td>
</tr>
</tbody>
</table>
<section class="page-product-box">
<div class="rte">
<p style="text-align: center;">Model má <strong>169</strong> cm vysoký, nosí veľkosť každý deň <strong>S</strong></p>
<p style="text-align: center;">Šírka cez prsia 92 cm</p>
<p style="text-align: center;">Šírka v páse 62 cm</p>
<p style="text-align: center;">Šírka v bokoch 94 cm</p>
</div>
</section>

<p>Sukienka Tiulowa Marsela Czerwona Efektowna sukienka mini tiulowa Marsela to propozycja odpowiednia na wyjątkowe okoliczności. Wspaniała zwiewna rozkloszowana sukienka tiulowa na regulowanych ramiączkach &#8211; dostępna w Naszym sklepie w kilku wersjach kolorystycznych.  Aplikacja tiulu zagwarantuje niepowtarzalny look. Jej fason przepięknie wyeksponuje okolice ramion. Dolna część sukienki mini składa się z rozkloszowanej tiulowej tkaniny, efektownie prezentując</p>
<div class="klb-readmore post-buttons"><a class="button black outline size-sm" href="https://madelinefashion.pl/sk/sukienka-tiulowa-marsela-czerwona/">Čítať ďalej <i class="klbth-icon-right-arrow"></i></a></div>

pracovný list
