{"id":33954,"date":"2022-04-14T10:13:30","date_gmt":"2022-04-14T08:13:30","guid":{"rendered":"https:\/\/madelinefashion.pl\/?post_type=product&#038;p=33954"},"modified":"2025-09-09T10:30:05","modified_gmt":"2025-09-09T08:30:05","slug":"sukienka-pastel-elvisa-bezowa","status":"publish","type":"product","link":"https:\/\/madelinefashion.pl\/sk\/sukienka-pastel-elvisa-bezowa\/","title":{"rendered":"B\u00e9\u017eov\u00e9 pastelov\u00e9 \u0161aty Elvis"},"content":{"rendered":"<h3 style=\"text-align: center;\">B\u00e9\u017eov\u00e9 pastelov\u00e9 \u0161aty Elvis<\/h3>\n<p style=\"text-align: center;\">\u0160aty v univerz\u00e1lnej ve\u013ekosti, dostupn\u00e9 vo viacer\u00fdch farb\u00e1ch. V\u00fdstrih do V sa zap\u00edna na gomb\u00edk.<\/p>\n<p>&nbsp;<\/p>\n<h3 style=\"text-align: center;\">Rozmery:<\/h3>\n<ul>\n<li style=\"text-align: center;\">\u00a0\u00a0 celkov\u00e1 d\u013a\u017eka: 94 cm<\/li>\n<li style=\"text-align: center;\">\u00a0\u00a0\u00a0\u00a0\u00a0\u00a0\u00a0 \u00a0\u00a0\u00a0\u00a0\u00a0\u00a0\u00a0 \u0161\u00edrka od pazuchy po pazuchu: 59-69 cm<\/li>\n<li style=\"text-align: center;\">d\u013a\u017eka ruk\u00e1va od ramena: 43 cm<\/li>\n<li style=\"text-align: center;\">d\u013a\u017eka ruk\u00e1va od pazuchy: 27 cm<\/li>\n<li style=\"text-align: center;\">\u00a0\u00a0\u00a0\u00a0\u00a0\u00a0\u00a0 \u00a0\u00a0\u00a0\u00a0\u00a0\u00a0\u00a0 \u0161\u00edrka v p\u00e1se 66-70 cm<\/li>\n<li style=\"text-align: center;\">\u00a0 \u00a0 \u00a0 \u00a0 \u00a0 obvod hrudn\u00edka max 138 cm<\/li>\n<li style=\"text-align: center;\"><\/li>\n<\/ul>\n<p style=\"text-align: center;\">Rozmery sa m\u00f4\u017eu l\u00ed\u0161i\u0165 od uveden\u00fdch +\/- 2cm. V\u0161etky uveden\u00e9 rozmery s\u00fa meran\u00e9 plo\u0161ne. Rozmer <strong>x2<\/strong><\/p>\n<p>&nbsp;<\/p>\n<p>&nbsp;<\/p>\n<p style=\"text-align: center;\">Model m\u00e1\u00a0<strong>169<\/strong>\u00a0cm vysok\u00fd, nos\u00ed ve\u013ekos\u0165 ka\u017ed\u00fd de\u0148\u00a0<strong>S<\/strong><\/p>\n<p style=\"text-align: center;\">\u0160\u00edrka cez prsia 92 cm<\/p>\n<p style=\"text-align: center;\">\u0160\u00edrka v p\u00e1se 62 cm<\/p>\n<p style=\"text-align: center;\">\u0160\u00edrka v bokoch 94 cm<\/p>","protected":false},"excerpt":{"rendered":"<p>Sukienka Pastel Elvisa Be\u017cowa Sukienka w rozmiarze uniwersalnym, dost\u0119pna w kilku wariantach kolorystycznych. Dekolt V zapinany na guzik. &nbsp; Wymiary: \u00a0\u00a0 d\u0142ugo\u015b\u0107 ca\u0142kowita: 94 cm \u00a0\u00a0\u00a0\u00a0\u00a0\u00a0\u00a0 \u00a0\u00a0\u00a0\u00a0\u00a0\u00a0\u00a0 szeroko\u015b\u0107 od pachy do pachy: 59-69 cm d\u0142ugo\u015b\u0107 r\u0119kawa od ramienia: 43 cm d\u0142ugo\u015b\u0107 r\u0119kawa od pachy: 27 cm \u00a0\u00a0\u00a0\u00a0\u00a0\u00a0\u00a0 \u00a0\u00a0\u00a0\u00a0\u00a0\u00a0\u00a0 szeroko\u015b\u0107 talia 66-70 cm \u00a0 \u00a0 \u00a0<\/p>\n<div class=\"klb-readmore post-buttons\"><a class=\"button black outline size-sm\" href=\"https:\/\/madelinefashion.pl\/sk\/sukienka-pastel-elvisa-bezowa\/\">\u010c\u00edta\u0165 \u010falej <i class=\"klbth-icon-right-arrow\"><\/i><\/a><\/div>","protected":false},"featured_media":33842,"template":"","meta":[],"product_brand":[],"product_cat":[125],"product_tag":[],"class_list":{"0":"post-33954","1":"product","2":"type-product","3":"status-publish","4":"has-post-thumbnail","6":"product_cat-sukienki","8":"first","9":"instock","10":"purchasable","11":"product-type-simple"},"_links":{"self":[{"href":"https:\/\/madelinefashion.pl\/sk\/wp-json\/wp\/v2\/product\/33954","targetHints":{"allow":["GET"]}}],"collection":[{"href":"https:\/\/madelinefashion.pl\/sk\/wp-json\/wp\/v2\/product"}],"about":[{"href":"https:\/\/madelinefashion.pl\/sk\/wp-json\/wp\/v2\/types\/product"}],"wp:featuredmedia":[{"embeddable":true,"href":"https:\/\/madelinefashion.pl\/sk\/wp-json\/wp\/v2\/media\/33842"}],"wp:attachment":[{"href":"https:\/\/madelinefashion.pl\/sk\/wp-json\/wp\/v2\/media?parent=33954"}],"wp:term":[{"taxonomy":"product_brand","embeddable":true,"href":"https:\/\/madelinefashion.pl\/sk\/wp-json\/wp\/v2\/product_brand?post=33954"},{"taxonomy":"product_cat","embeddable":true,"href":"https:\/\/madelinefashion.pl\/sk\/wp-json\/wp\/v2\/product_cat?post=33954"},{"taxonomy":"product_tag","embeddable":true,"href":"https:\/\/madelinefashion.pl\/sk\/wp-json\/wp\/v2\/product_tag?post=33954"}],"curies":[{"name":"pracovn\u00fd list","href":"https:\/\/api.w.org\/{rel}","templated":true}]}}

Béžové pastelové šaty Elvis

<h3 style="text-align: center;">Béžové pastelové šaty Elvis</h3>
<p style="text-align: center;">Šaty v univerzálnej veľkosti, dostupné vo viacerých farbách. Výstrih do V sa zapína na gombík.</p>
<p>&nbsp;</p>
<h3 style="text-align: center;">Rozmery:</h3>
<ul>
<li style="text-align: center;">   celková dĺžka: 94 cm</li>
<li style="text-align: center;">                šírka od pazuchy po pazuchu: 59-69 cm</li>
<li style="text-align: center;">dĺžka rukáva od ramena: 43 cm</li>
<li style="text-align: center;">dĺžka rukáva od pazuchy: 27 cm</li>
<li style="text-align: center;">                šírka v páse 66-70 cm</li>
<li style="text-align: center;">          obvod hrudníka max 138 cm</li>
<li style="text-align: center;"></li>
</ul>
<p style="text-align: center;">Rozmery sa môžu líšiť od uvedených +/- 2cm. Všetky uvedené rozmery sú merané plošne. Rozmer <strong>x2</strong></p>
<p>&nbsp;</p>
<p>&nbsp;</p>
<p style="text-align: center;">Model má <strong>169</strong> cm vysoký, nosí veľkosť každý deň <strong>S</strong></p>
<p style="text-align: center;">Šírka cez prsia 92 cm</p>
<p style="text-align: center;">Šírka v páse 62 cm</p>
<p style="text-align: center;">Šírka v bokoch 94 cm</p>

<p>Sukienka Pastel Elvisa Beżowa Sukienka w rozmiarze uniwersalnym, dostępna w kilku wariantach kolorystycznych. Dekolt V zapinany na guzik. &nbsp; Wymiary:    długość całkowita: 94 cm                 szerokość od pachy do pachy: 59-69 cm długość rękawa od ramienia: 43 cm długość rękawa od pachy: 27 cm                 szerokość talia 66-70 cm      </p>
<div class="klb-readmore post-buttons"><a class="button black outline size-sm" href="https://madelinefashion.pl/sk/sukienka-pastel-elvisa-bezowa/">Čítať ďalej <i class="klbth-icon-right-arrow"></i></a></div>

pracovný list
