{"id":34165,"date":"2022-04-14T16:03:30","date_gmt":"2022-04-14T14:03:30","guid":{"rendered":"https:\/\/madelinefashion.pl\/?post_type=product&#038;p=34165"},"modified":"2025-09-09T10:29:36","modified_gmt":"2025-09-09T08:29:36","slug":"sukienka-w-kwiaty-asymetryczna-clarica-multi-pomarancz","status":"publish","type":"product","link":"https:\/\/madelinefashion.pl\/sk\/sukienka-w-kwiaty-asymetryczna-clarica-multi-pomarancz\/","title":{"rendered":"Asymetrick\u00e9 kvetinov\u00e9 \u0161aty Clarica Multi Orange"},"content":{"rendered":"<h3 style=\"text-align: center;\">Asymetrick\u00e9 kvetinov\u00e9 \u0161aty Clarica Multi Orange<\/h3>\n<p style=\"text-align: center;\"><span style=\"font-size: 10pt;\"><span style=\"font-size: 10pt;\">S<\/span><strong style=\"font-size: 10pt;\">Asymetrick\u00e9 okno<\/strong><span style=\"font-size: 10pt;\"> s vol\u00e1nmi s kvetinovou potla\u010dou<strong>.<\/strong>\u00a0Pr\u00edjemn\u00e9 na dotyk, pr\u00edjemn\u00e9 na nosenie, pekne sed\u00ed na tele.<\/span><span style=\"font-size: 10pt;\">\u00a0<\/span><strong style=\"font-size: 10pt;\">Kvetovan\u00e9 \u0161aty s\u00fa nepochybne povinnou v\u00fdbavou jarn\u00e9ho \u0161atn\u00edka u\u017e dlh\u00e9 roky.<\/strong><span style=\"font-size: 10pt;\"> Ka\u017ed\u00e1 \u017eena m\u00e1 vo svojom \u0161atn\u00edku aspo\u0148 jeden model \u0161iat s kvetinov\u00fdm vzorom. <\/span><span style=\"font-size: 10pt;\">S<\/span><strong style=\"font-size: 10pt;\">kvetinov\u00e9 \u0161aty urobia n\u00e1\u0161 vzh\u013ead svie\u017eim, m\u00f3dnym a ve\u013emi \u017eensk\u00fdm <\/strong><span style=\"font-size: 10pt;\"> je to ide\u00e1lna ponuka na jarno-letn\u00fa sez\u00f3nu. Preto na\u0161a ponuka obsahuje jedine\u010dn\u00e9 n\u00e1vrhy na letn\u00e9 kvetinov\u00e9 \u0161aty, ktor\u00e9 m\u00f4\u017eete nosi\u0165 na mnoho r\u00f4znych sp\u00f4sobov. V \u0161at\u00e1ch <b>Clarica<\/b>\u00a0s <\/span><strong style=\"font-size: 10pt;\">ob\u00e1lkov\u00fd v\u00fdstrih<\/strong><span style=\"font-size: 10pt;\"> zv\u00fdrazn\u00edte prednosti svojej postavy. Leto <\/span><b style=\"font-size: 10pt;\">roz\u0161\u00edren\u00e9 kvetinov\u00e9 \u0161aty s\u00fa dokonal\u00e9 <\/b><span style=\"font-size: 13.3333px;\"><b>pon\u00faknu\u0165<\/b><\/span><b style=\"font-size: 10pt;\"> aj za to, \u017ee si vyraz\u00edte s kamar\u00e1tkami, rande \u010di svadbu v\u010faka nej <\/b><span style=\"font-size: 10pt;\">z\u00edskate os\u00ed p\u00e1s a nohy do neba.\u00a0<\/span><br \/>\n<span style=\"font-size: 10pt;\">\u00a0 \u0160aty maj\u00fa<\/span><strong style=\"font-size: 10pt;\"> guma v p\u00e1se<\/strong><span style=\"font-size: 10pt;\"> v\u010faka ktor\u00fdm zv\u00fdrazn\u00edte \u017eensk\u00e9 tvary. Model m\u00e1 pod\u0161\u00edvku - <strong>nepresvit\u00e1<\/strong> . Odpor\u00fa\u010dame pre d\u00e1my vo ve\u013ekosti XS SML XL<\/span><br \/>\n<\/span><\/p>\n<p>&nbsp;<\/p>\n<h3 style=\"text-align: center;\">Rozmery:<\/h3>\n<ul style=\"text-align: center;\">\n<li><span style=\"font-size: 10pt;\">\u00a0\u00a0\u00a0\u00a0\u00a0\u00a0\u00a0 celkov\u00e1 predn\u00e1 d\u013a\u017eka: 88 cm<br \/>\n<\/span><\/li>\n<li>celkov\u00e1 d\u013a\u017eka chrbta: 112 cm<\/li>\n<li><span style=\"font-size: 10pt;\">\u00a0\u00a0\u00a0\u00a0\u00a0\u00a0\u00a0 \u0161\u00edrka od pazuchy po pazuchu: 42 - 50 cm<\/span><span style=\"font-size: 10pt;\"><span style=\"font-size: 10pt;\">\u00a0 \u00a0 \u00a0 \u00a0<\/span><\/span><\/li>\n<li>\u0161\u00edrka p\u00e1sa: 26 cm - 50 cm (elastick\u00fd)<\/li>\n<\/ul>\n<p style=\"text-align: center;\">Rozmery sa m\u00f4\u017eu mierne l\u00ed\u0161i\u0165 od uveden\u00fdch +\/- 2cm. V\u0161etky uveden\u00e9 rozmery s\u00fa meran\u00e9 plo\u0161ne. <strong>rozmer x2<\/strong><\/p>\n<p style=\"text-align: center;\"><span style=\"font-size: 10pt;\">\u00a0<\/span><\/p>\n<table style=\"height: 169px;\" width=\"853\">\n<tbody>\n<tr>\n<td width=\"302\">Meno modela<\/td>\n<td width=\"302\">Asymetrick\u00e9 kvetinov\u00e9 \u0161aty Clarica<\/td>\n<\/tr>\n<tr>\n<td width=\"302\">Farba<\/td>\n<td width=\"302\">Oran\u017eov\u00e1<\/td>\n<\/tr>\n<tr>\n<td width=\"302\">M\u00f3da<\/td>\n<td width=\"302\">nadrozmern\u00e9<\/td>\n<\/tr>\n<tr>\n<td width=\"302\">Materi\u00e1l<\/td>\n<td width=\"302\">95% visk\u00f3za, 5% elastan<\/td>\n<\/tr>\n<tr>\n<td width=\"302\">D\u013a\u017eka<\/td>\n<td width=\"302\">Midi asymetrick\u00e9<\/td>\n<\/tr>\n<\/tbody>\n<\/table>\n<p>&nbsp;<\/p>\n<p>&nbsp;<\/p>\n<div class=\"tabs tabs-bb clear mb-80\">\n<div class=\"tab-content\">\n<div id=\"tab-description\" class=\"tab-pane fade in woocommerce-Tabs-panel--description active\">\n<p style=\"text-align: center;\">Model m\u00e1\u00a0<strong>169<\/strong>\u00a0cm vysok\u00fd, nos\u00ed ve\u013ekos\u0165 ka\u017ed\u00fd de\u0148\u00a0<strong>S<\/strong><\/p>\n<p style=\"text-align: center;\">\u0160\u00edrka cez prsia 92 cm<\/p>\n<p style=\"text-align: center;\">\u0160\u00edrka v p\u00e1se 62 cm<\/p>\n<p style=\"text-align: center;\">\u0160\u00edrka v bokoch 94 cm<\/p>\n<\/div>\n<\/div>\n<\/div>\n<section class=\"related products mb-80\"><\/section>\n<p style=\"text-align: center;\">","protected":false},"excerpt":{"rendered":"<p>Sukienka W Kwiaty Asymetryczna Clarica Multi Pomara\u0144cz Sukienka Asymetryczna z falbankami z printem Kwiatowym.\u00a0Mi\u0142a w dotyku, komfortowa w noszeniu, \u0142adnie uk\u0142ada si\u0119 na ciele.\u00a0Sukienka w kwiaty to bez w\u0105tpienia od wielu lat must have w wiosennej garderobie. Ka\u017cda kobieta posiada w swojej szafie cho\u0107 jeden model sukienki w kwiatowy wz\u00f3r . Sukienka w kwiaty sprawi,<\/p>\n<div class=\"klb-readmore post-buttons\"><a class=\"button black outline size-sm\" href=\"https:\/\/madelinefashion.pl\/sk\/sukienka-w-kwiaty-asymetryczna-clarica-multi-pomarancz\/\">\u010c\u00edta\u0165 \u010falej <i class=\"klbth-icon-right-arrow\"><\/i><\/a><\/div>","protected":false},"featured_media":34102,"template":"","meta":[],"product_brand":[],"product_cat":[125,395],"product_tag":[396],"class_list":{"0":"post-34165","1":"product","2":"type-product","3":"status-publish","4":"has-post-thumbnail","6":"product_cat-sukienki","7":"product_cat-nowosci","8":"product_tag-sukienki-w-kwiaty","10":"first","11":"instock","12":"purchasable","13":"product-type-simple"},"_links":{"self":[{"href":"https:\/\/madelinefashion.pl\/sk\/wp-json\/wp\/v2\/product\/34165","targetHints":{"allow":["GET"]}}],"collection":[{"href":"https:\/\/madelinefashion.pl\/sk\/wp-json\/wp\/v2\/product"}],"about":[{"href":"https:\/\/madelinefashion.pl\/sk\/wp-json\/wp\/v2\/types\/product"}],"wp:featuredmedia":[{"embeddable":true,"href":"https:\/\/madelinefashion.pl\/sk\/wp-json\/wp\/v2\/media\/34102"}],"wp:attachment":[{"href":"https:\/\/madelinefashion.pl\/sk\/wp-json\/wp\/v2\/media?parent=34165"}],"wp:term":[{"taxonomy":"product_brand","embeddable":true,"href":"https:\/\/madelinefashion.pl\/sk\/wp-json\/wp\/v2\/product_brand?post=34165"},{"taxonomy":"product_cat","embeddable":true,"href":"https:\/\/madelinefashion.pl\/sk\/wp-json\/wp\/v2\/product_cat?post=34165"},{"taxonomy":"product_tag","embeddable":true,"href":"https:\/\/madelinefashion.pl\/sk\/wp-json\/wp\/v2\/product_tag?post=34165"}],"curies":[{"name":"pracovn\u00fd list","href":"https:\/\/api.w.org\/{rel}","templated":true}]}}

Asymetrické kvetinové šaty Clarica Multi Orange

<h3 style="text-align: center;">Asymetrické kvetinové šaty Clarica Multi Orange</h3>
<p style="text-align: center;"><span style="font-size: 10pt;"><span style="font-size: 10pt;">S</span><strong style="font-size: 10pt;">Asymetrické okno</strong><span style="font-size: 10pt;"> s volánmi s kvetinovou potlačou<strong>.</strong> Príjemné na dotyk, príjemné na nosenie, pekne sedí na tele.</span><span style="font-size: 10pt;"> </span><strong style="font-size: 10pt;">Kvetované šaty sú nepochybne povinnou výbavou jarného šatníka už dlhé roky.</strong><span style="font-size: 10pt;"> Každá žena má vo svojom šatníku aspoň jeden model šiat s kvetinovým vzorom. </span><span style="font-size: 10pt;">S</span><strong style="font-size: 10pt;">kvetinové šaty urobia náš vzhľad sviežim, módnym a veľmi ženským </strong><span style="font-size: 10pt;"> je to ideálna ponuka na jarno-letnú sezónu. Preto naša ponuka obsahuje jedinečné návrhy na letné kvetinové šaty, ktoré môžete nosiť na mnoho rôznych spôsobov. V šatách <b>Clarica</b> s </span><strong style="font-size: 10pt;">obálkový výstrih</strong><span style="font-size: 10pt;"> zvýrazníte prednosti svojej postavy. Leto </span><b style="font-size: 10pt;">rozšírené kvetinové šaty sú dokonalé </b><span style="font-size: 13.3333px;"><b>ponúknuť</b></span><b style="font-size: 10pt;"> aj za to, že si vyrazíte s kamarátkami, rande či svadbu vďaka nej </b><span style="font-size: 10pt;">získate osí pás a nohy do neba. </span><br />
<span style="font-size: 10pt;">  Šaty majú</span><strong style="font-size: 10pt;"> guma v páse</strong><span style="font-size: 10pt;"> vďaka ktorým zvýrazníte ženské tvary. Model má podšívku - <strong>nepresvitá</strong> . Odporúčame pre dámy vo veľkosti XS SML XL</span><br />
</span></p>
<p>&nbsp;</p>
<h3 style="text-align: center;">Rozmery:</h3>
<ul style="text-align: center;">
<li><span style="font-size: 10pt;">        celková predná dĺžka: 88 cm<br />
</span></li>
<li>celková dĺžka chrbta: 112 cm</li>
<li><span style="font-size: 10pt;">        šírka od pazuchy po pazuchu: 42 - 50 cm</span><span style="font-size: 10pt;"><span style="font-size: 10pt;">       </span></span></li>
<li>šírka pása: 26 cm - 50 cm (elastický)</li>
</ul>
<p style="text-align: center;">Rozmery sa môžu mierne líšiť od uvedených +/- 2cm. Všetky uvedené rozmery sú merané plošne. <strong>rozmer x2</strong></p>
<p style="text-align: center;"><span style="font-size: 10pt;"> </span></p>
<table style="height: 169px;" width="853">
<tbody>
<tr>
<td width="302">Meno modela</td>
<td width="302">Asymetrické kvetinové šaty Clarica</td>
</tr>
<tr>
<td width="302">Farba</td>
<td width="302">Oranžová</td>
</tr>
<tr>
<td width="302">Móda</td>
<td width="302">nadrozmerné</td>
</tr>
<tr>
<td width="302">Materiál</td>
<td width="302">95% viskóza, 5% elastan</td>
</tr>
<tr>
<td width="302">Dĺžka</td>
<td width="302">Midi asymetrické</td>
</tr>
</tbody>
</table>
<p>&nbsp;</p>
<p>&nbsp;</p>
<div class="tabs tabs-bb clear mb-80">
<div class="tab-content">
<div id="tab-description" class="tab-pane fade in woocommerce-Tabs-panel--description active">
<p style="text-align: center;">Model má <strong>169</strong> cm vysoký, nosí veľkosť každý deň <strong>S</strong></p>
<p style="text-align: center;">Šírka cez prsia 92 cm</p>
<p style="text-align: center;">Šírka v páse 62 cm</p>
<p style="text-align: center;">Šírka v bokoch 94 cm</p>
</div>
</div>
</div>
<section class="related products mb-80"></section>
<p style="text-align: center;">

<p>Sukienka W Kwiaty Asymetryczna Clarica Multi Pomarańcz Sukienka Asymetryczna z falbankami z printem Kwiatowym. Miła w dotyku, komfortowa w noszeniu, ładnie układa się na ciele. Sukienka w kwiaty to bez wątpienia od wielu lat must have w wiosennej garderobie. Każda kobieta posiada w swojej szafie choć jeden model sukienki w kwiatowy wzór . Sukienka w kwiaty sprawi,</p>
<div class="klb-readmore post-buttons"><a class="button black outline size-sm" href="https://madelinefashion.pl/sk/sukienka-w-kwiaty-asymetryczna-clarica-multi-pomarancz/">Čítať ďalej <i class="klbth-icon-right-arrow"></i></a></div>

pracovný list
