{"id":34357,"date":"2022-04-15T15:12:25","date_gmt":"2022-04-15T13:12:25","guid":{"rendered":"https:\/\/madelinefashion.pl\/?post_type=product&#038;p=34357"},"modified":"2025-09-09T10:29:35","modified_gmt":"2025-09-09T08:29:35","slug":"sukienka-panterka-na-ramiaczkach-veriana-czarna","status":"publish","type":"product","link":"https:\/\/madelinefashion.pl\/sk\/sukienka-panterka-na-ramiaczkach-veriana-czarna\/","title":{"rendered":"Leopardie \u0161aty na ramienka Veriana Black"},"content":{"rendered":"<h3 style=\"text-align: center;\">Leopardie \u0161aty na ramienka Veriana Black<\/h3>\n<p style=\"text-align: center;\"><span style=\"vertical-align: inherit;\"><span style=\"vertical-align: inherit;\"><strong>\u0160aty Veriana s leopard\u00edm popruhom \u2013 <\/strong>vyroben\u00e9 z jemn\u00e9ho, tenk\u00e9ho materi\u00e1lu je ide\u00e1lnym n\u00e1vrhom pre<strong> ka\u017ed\u00e1 \u017eena, ktor\u00e1 ocen\u00ed \u0161t\u00fdl. V\u010faka miernemu oversize strihu sa c\u00edtime pohodlne a pohodlne.\u00a0<\/strong>S<\/span><span style=\"vertical-align: inherit;\">\u017ee okolo v\u00e1s nikto \u013eahostajne neprejde.<b> \u0160aty maj\u00fa pod\u0161\u00edvku <\/b>a elastick\u00fd p\u00e1s pre dokonal\u00e9 prisp\u00f4sobenie. \u0160aty so zvieracou potla\u010dou maj\u00fa vo v\u00fdstrihu ozdobn\u00e9 gomb\u00edky.Toto je model<\/span><\/span> jednoducho stvoren\u00e1 na tepl\u00e9 jarn\u00e9 a letn\u00e9 dni ako po\u010das pr\u00e1zdnin, tak aj v ruchu ve\u013ekomesta. Pohodln\u00e9 nosenie v sofistikovanom \u0161t\u00fdle mus\u00ed by\u0165 vo va\u0161om \u0161atn\u00edku. Odpor\u00fa\u010da sa pre \u017eeny, ktor\u00e9 nosia ve\u013e <strong>XS SML.\u00a0 <span lang=\"pl-pl\" xml:lang=\"pl-pl\">Jedine\u010dn\u00fd model pre v\u00fdnimo\u010dn\u00e9 \u017eeny!<\/span><\/strong><\/p>\n<p>&nbsp;<\/p>\n<h3 style=\"text-align: center;\"><span style=\"vertical-align: inherit;\">Rozmery :<\/span><\/h3>\n<p align=\"center\">Celkov\u00e1 d\u013a\u017eka - 126 cm<br \/>\n\u0160\u00edrka poprsia - 38-50 cm x2<br \/>\n\u0160\u00edrka p\u00e1sa -29 cm -38 cm x2<br \/>\nD\u013a\u017eka ruk\u00e1va od podpazu\u0161ia - 28 cm<\/p>\n<p style=\"text-align: center;\"><span style=\"vertical-align: inherit;\"><span style=\"vertical-align: inherit;\">Rozmery sa m\u00f4\u017eu l\u00ed\u0161i\u0165 od uveden\u00fdch +\/- 2cm. <\/span><span style=\"vertical-align: inherit;\">V\u0161etky uveden\u00e9 rozmery s\u00fa meran\u00e9 plo\u0161ne. <strong>rozmer x2<\/strong><\/span><\/span><\/p>\n<table style=\"height: 202px;\" width=\"565\">\n<tbody>\n<tr>\n<td width=\"302\">Meno modela<\/td>\n<td width=\"302\">Leopardie \u0161aty s ramienkami Veriana<\/td>\n<\/tr>\n<tr>\n<td width=\"302\">Farba<\/td>\n<td width=\"302\">\u010cierna biela<\/td>\n<\/tr>\n<tr>\n<td width=\"302\">Zbierka<\/td>\n<td width=\"302\">Jar leto<\/td>\n<\/tr>\n<tr>\n<td width=\"302\">ve\u013ekosti<\/td>\n<td width=\"302\">Univerz\u00e1lny<\/td>\n<\/tr>\n<tr>\n<td width=\"302\">\u0160tiepenie<\/td>\n<td width=\"302\">\u0161paniel\u010dina<\/td>\n<\/tr>\n<tr>\n<td width=\"302\">D\u013a\u017eka<\/td>\n<td width=\"302\">maxi<\/td>\n<\/tr>\n<tr>\n<td width=\"302\">Materi\u00e1l<\/td>\n<td width=\"302\">95% Polyester 5% Elastan<\/td>\n<\/tr>\n<\/tbody>\n<\/table>\n<div class=\"tabs tabs-bb clear mb-80\">\n<div class=\"tab-content\">\n<div id=\"tab-description\" class=\"tab-pane fade in woocommerce-Tabs-panel--description active\">\n<p style=\"text-align: center;\">Model m\u00e1\u00a0<strong>169<\/strong>\u00a0cm vysok\u00fd, nos\u00ed ve\u013ekos\u0165 ka\u017ed\u00fd de\u0148\u00a0<strong>S<\/strong><\/p>\n<p style=\"text-align: center;\">\u0160\u00edrka cez prsia 92 cm<\/p>\n<p style=\"text-align: center;\">\u0160\u00edrka v p\u00e1se 62 cm<\/p>\n<p style=\"text-align: center;\">\u0160\u00edrka v bokoch 94 cm<\/p>\n<\/div>\n<\/div>\n<\/div>\n<section class=\"related products mb-80\"><\/section>\n<section class=\"page-product-box\">\n<div class=\"rte\">\n<p style=\"text-align: center;\">\n<\/div>\n<\/section>","protected":false},"excerpt":{"rendered":"<p>Sukienka Panterka Na Rami\u0105czkach Veriana Czarna Sukienka Panterka Na Rami\u0105czkach Veriana &#8211; wykonana z delikatnego, cienkiego materia\u0142u jest idealna propozycj\u0105 dla ka\u017cdej kobiety ceni\u0105cej styl. Lekko oversizowy kr\u00f3j sprawia, \u017ce czujemy si\u0119 wygodnie i komfortowo.\u00a0Sprawi, \u017ce nikt nie przejdzie obok Ciebie oboj\u0119tnie. Sukienka posiada podszewk\u0119 oraz gumk\u0119 w pasie przez co idealnie dopasowuje si\u0119 do<\/p>\n<div class=\"klb-readmore post-buttons\"><a class=\"button black outline size-sm\" href=\"https:\/\/madelinefashion.pl\/sk\/sukienka-panterka-na-ramiaczkach-veriana-czarna\/\">\u010c\u00edta\u0165 \u010falej <i class=\"klbth-icon-right-arrow\"><\/i><\/a><\/div>","protected":false},"featured_media":34275,"template":"","meta":[],"product_brand":[],"product_cat":[125],"product_tag":[],"class_list":{"0":"post-34357","1":"product","2":"type-product","3":"status-publish","4":"has-post-thumbnail","6":"product_cat-sukienki","8":"first","9":"outofstock","10":"purchasable","11":"product-type-simple"},"_links":{"self":[{"href":"https:\/\/madelinefashion.pl\/sk\/wp-json\/wp\/v2\/product\/34357","targetHints":{"allow":["GET"]}}],"collection":[{"href":"https:\/\/madelinefashion.pl\/sk\/wp-json\/wp\/v2\/product"}],"about":[{"href":"https:\/\/madelinefashion.pl\/sk\/wp-json\/wp\/v2\/types\/product"}],"wp:featuredmedia":[{"embeddable":true,"href":"https:\/\/madelinefashion.pl\/sk\/wp-json\/wp\/v2\/media\/34275"}],"wp:attachment":[{"href":"https:\/\/madelinefashion.pl\/sk\/wp-json\/wp\/v2\/media?parent=34357"}],"wp:term":[{"taxonomy":"product_brand","embeddable":true,"href":"https:\/\/madelinefashion.pl\/sk\/wp-json\/wp\/v2\/product_brand?post=34357"},{"taxonomy":"product_cat","embeddable":true,"href":"https:\/\/madelinefashion.pl\/sk\/wp-json\/wp\/v2\/product_cat?post=34357"},{"taxonomy":"product_tag","embeddable":true,"href":"https:\/\/madelinefashion.pl\/sk\/wp-json\/wp\/v2\/product_tag?post=34357"}],"curies":[{"name":"pracovn\u00fd list","href":"https:\/\/api.w.org\/{rel}","templated":true}]}}

Leopardie šaty na ramienka Veriana Black

<h3 style="text-align: center;">Leopardie šaty na ramienka Veriana Black</h3>
<p style="text-align: center;"><span style="vertical-align: inherit;"><span style="vertical-align: inherit;"><strong>Šaty Veriana s leopardím popruhom – </strong>vyrobené z jemného, tenkého materiálu je ideálnym návrhom pre<strong> každá žena, ktorá ocení štýl. Vďaka miernemu oversize strihu sa cítime pohodlne a pohodlne. </strong>S</span><span style="vertical-align: inherit;">že okolo vás nikto ľahostajne neprejde.<b> Šaty majú podšívku </b>a elastický pás pre dokonalé prispôsobenie. Šaty so zvieracou potlačou majú vo výstrihu ozdobné gombíky.Toto je model</span></span> jednoducho stvorená na teplé jarné a letné dni ako počas prázdnin, tak aj v ruchu veľkomesta. Pohodlné nosenie v sofistikovanom štýle musí byť vo vašom šatníku. Odporúča sa pre ženy, ktoré nosia veľ <strong>XS SML.  <span lang="pl-pl" xml:lang="pl-pl">Jedinečný model pre výnimočné ženy!</span></strong></p>
<p>&nbsp;</p>
<h3 style="text-align: center;"><span style="vertical-align: inherit;">Rozmery :</span></h3>
<p align="center">Celková dĺžka - 126 cm<br />
Šírka poprsia - 38-50 cm x2<br />
Šírka pása -29 cm -38 cm x2<br />
Dĺžka rukáva od podpazušia - 28 cm</p>
<p style="text-align: center;"><span style="vertical-align: inherit;"><span style="vertical-align: inherit;">Rozmery sa môžu líšiť od uvedených +/- 2cm. </span><span style="vertical-align: inherit;">Všetky uvedené rozmery sú merané plošne. <strong>rozmer x2</strong></span></span></p>
<table style="height: 202px;" width="565">
<tbody>
<tr>
<td width="302">Meno modela</td>
<td width="302">Leopardie šaty s ramienkami Veriana</td>
</tr>
<tr>
<td width="302">Farba</td>
<td width="302">Čierna biela</td>
</tr>
<tr>
<td width="302">Zbierka</td>
<td width="302">Jar leto</td>
</tr>
<tr>
<td width="302">veľkosti</td>
<td width="302">Univerzálny</td>
</tr>
<tr>
<td width="302">Štiepenie</td>
<td width="302">španielčina</td>
</tr>
<tr>
<td width="302">Dĺžka</td>
<td width="302">maxi</td>
</tr>
<tr>
<td width="302">Materiál</td>
<td width="302">95% Polyester 5% Elastan</td>
</tr>
</tbody>
</table>
<div class="tabs tabs-bb clear mb-80">
<div class="tab-content">
<div id="tab-description" class="tab-pane fade in woocommerce-Tabs-panel--description active">
<p style="text-align: center;">Model má <strong>169</strong> cm vysoký, nosí veľkosť každý deň <strong>S</strong></p>
<p style="text-align: center;">Šírka cez prsia 92 cm</p>
<p style="text-align: center;">Šírka v páse 62 cm</p>
<p style="text-align: center;">Šírka v bokoch 94 cm</p>
</div>
</div>
</div>
<section class="related products mb-80"></section>
<section class="page-product-box">
<div class="rte">
<p style="text-align: center;">
</div>
</section>

<p>Sukienka Panterka Na Ramiączkach Veriana Czarna Sukienka Panterka Na Ramiączkach Veriana &#8211; wykonana z delikatnego, cienkiego materiału jest idealna propozycją dla każdej kobiety ceniącej styl. Lekko oversizowy krój sprawia, że czujemy się wygodnie i komfortowo. Sprawi, że nikt nie przejdzie obok Ciebie obojętnie. Sukienka posiada podszewkę oraz gumkę w pasie przez co idealnie dopasowuje się do</p>
<div class="klb-readmore post-buttons"><a class="button black outline size-sm" href="https://madelinefashion.pl/sk/sukienka-panterka-na-ramiaczkach-veriana-czarna/">Čítať ďalej <i class="klbth-icon-right-arrow"></i></a></div>

pracovný list
