{"id":3453,"date":"2020-12-02T18:12:11","date_gmt":"2020-12-02T17:12:11","guid":{"rendered":"https:\/\/madelinefashion.pl\/?post_type=product&#038;p=3453"},"modified":"2026-03-26T12:40:49","modified_gmt":"2026-03-26T11:40:49","slug":"kurtka-granatowa-chain-z-futerkiem","status":"publish","type":"product","link":"https:\/\/madelinefashion.pl\/sk\/kurtka-granatowa-chain-z-futerkiem\/","title":{"rendered":"NAVY RE\u0164AZOV\u00c1 BUNDA S KO\u017dU\u0160INOU"},"content":{"rendered":"<h3 style=\"text-align: center;\">NAVY RE\u0164AZOV\u00c1 BUNDA S KO\u017dU\u0160INOU<\/h3>\n<p style=\"text-align: center;\"><strong>Bunda<\/strong> n\u00e1morn\u00edcka re\u0165az<strong>\u00a0<\/strong>je jedn\u00fdm z na\u0161ich n\u00e1vrhov na nadch\u00e1dzaj\u00face chladnej\u0161ie dni. D\u00e1 sa pou\u017ei\u0165 v akomko\u013evek \u0161t\u00fdle, ako s klasick\u00fdmi d\u017e\u00ednsami, tak aj s bielym tri\u010dkom na ka\u017edodenn\u00e9 vych\u00e1dzky. Je to ist\u00e9 <strong>musie\u0165 ma\u0165<\/strong> v ka\u017edom \u0161atn\u00edku! Bunda m\u00e1 zap\u00ednanie na zips a vreck\u00e1 na oboch stran\u00e1ch je navy\u0161e zdoben\u00e1 <strong>re\u0165az<\/strong> ukon\u010den\u00e9 ko\u017eu\u0161inou. Ko\u017eu\u0161ina na kapucni je trvalo na\u0161it\u00e1. Taktie\u017e je mo\u017en\u00e9 odopn\u00fa\u0165 cel\u00fa kapuc\u0148u. Tento model je ide\u00e1lny pre <strong>jar, jese\u0148 - pre chladnej\u0161ie dni.<\/strong> V\u010faka vhodne zvolen\u00fdm doplnkom \u013eahko vytvor\u00edte jedine\u010dn\u00e9 \u0161tyliz\u00e1cie na spolo\u010densk\u00e9 udalosti \u010di oslavy. Vyst\u00fapte z davu s na\u0161ou bundou. Bunda sa dod\u00e1va vo ve\u013e<strong> M L XL.<br \/>\n<\/strong><\/p>\n<h2 style=\"text-align: center;\">Rozmery:<\/h2>\n<p style=\"text-align: center;\"><strong>m<br \/>\n<\/strong>\u0160\u00edrka od pazuchy po pazuchu: 44\/55 cm<br \/>\nD\u013a\u017eka ruk\u00e1va od ramena: 57 cm<br \/>\nD\u013a\u017eka ruk\u00e1va od podpazu\u0161ia: 46 cm<br \/>\nCelkov\u00e1 d\u013a\u017eka: 56 cm<\/p>\n<p style=\"text-align: center;\"><strong>L<br \/>\n<\/strong>\u0160\u00edrka od pazuchy po pazuchu: 45\/46 cm<br \/>\nD\u013a\u017eka ruk\u00e1va od ramena: 58 cm<br \/>\nD\u013a\u017eka ruk\u00e1va od podpazu\u0161ia: 47 cm<br \/>\nCelkov\u00e1 d\u013a\u017eka: 57 cm<br \/>\n<strong><br \/>\nXL<\/strong><br \/>\n\u0160\u00edrka od pazuchy po pazuchu: 47\/48 cm<br \/>\nD\u013a\u017eka ruk\u00e1va od ramena: 59 cm<br \/>\nD\u013a\u017eka ruk\u00e1va od podpazu\u0161ia: 48 cm<br \/>\nCelkov\u00e1 d\u013a\u017eka: 57 cm<\/p>\n<p style=\"text-align: center;\">Rozmery sa m\u00f4\u017eu mierne l\u00ed\u0161i\u0165 od uveden\u00fdch +\/- 2cm. V\u0161etky uveden\u00e9 rozmery s\u00fa meran\u00e9 plo\u0161ne.<\/p>\n<p style=\"text-align: center;\"><span style=\"font-size: 10pt;\">\u00a0<\/span><\/p>\n<p style=\"text-align: center;\"><span style=\"font-size: 10pt;\"><strong>MODELKA 168 cm - VE\u013dKOS\u0164 S\/M<\/strong><\/span><\/p>\n<p style=\"text-align: center;\"><span style=\"font-size: 10pt;\">\u00a0<\/span><\/p>\n<p style=\"text-align: center;\">","protected":false},"excerpt":{"rendered":"<p>KURTKA GRANATOWA CHAIN Z FUTERKIEM Kurtka granatowa Chain\u00a0to jedna z naszych propozycji na nadchodz\u0105ce ch\u0142odniejsze dni. Mo\u017cna j\u0105 wykorzysta\u0107 w ka\u017cdej stylizacji, zar\u00f3wno do klasycznych jeans\u00f3w, bia\u0142ego t-shirtu na codzienne wyj\u015bcia.\u00a0Jest to zdecydowany must have w ka\u017cdej garderobie!\u00a0Kurtka posiada zamek b\u0142yskawiczny i kieszenie po obu stronach dodatkowo zdobiona jest \u0142a\u0144cuszkiem zako\u0144czonym futrem. Futro na kapturze<\/p>\n<div class=\"klb-readmore post-buttons\"><a class=\"button black outline size-sm\" href=\"https:\/\/madelinefashion.pl\/sk\/kurtka-granatowa-chain-z-futerkiem\/\">\u010c\u00edta\u0165 \u010falej <i class=\"klbth-icon-right-arrow\"><\/i><\/a><\/div>","protected":false},"featured_media":3452,"template":"","meta":[],"product_brand":[],"product_cat":[117,380],"product_tag":[508],"class_list":{"0":"post-3453","1":"product","2":"type-product","3":"status-publish","4":"has-post-thumbnail","6":"product_cat-kurtki","7":"product_cat-wyprzedaz","8":"product_tag-kurtka-zimowa","9":"pa_rozmiar-l","10":"pa_rozmiar-xl","12":"first","13":"instock","14":"sale","15":"purchasable","16":"product-type-variable"},"_links":{"self":[{"href":"https:\/\/madelinefashion.pl\/sk\/wp-json\/wp\/v2\/product\/3453","targetHints":{"allow":["GET"]}}],"collection":[{"href":"https:\/\/madelinefashion.pl\/sk\/wp-json\/wp\/v2\/product"}],"about":[{"href":"https:\/\/madelinefashion.pl\/sk\/wp-json\/wp\/v2\/types\/product"}],"wp:featuredmedia":[{"embeddable":true,"href":"https:\/\/madelinefashion.pl\/sk\/wp-json\/wp\/v2\/media\/3452"}],"wp:attachment":[{"href":"https:\/\/madelinefashion.pl\/sk\/wp-json\/wp\/v2\/media?parent=3453"}],"wp:term":[{"taxonomy":"product_brand","embeddable":true,"href":"https:\/\/madelinefashion.pl\/sk\/wp-json\/wp\/v2\/product_brand?post=3453"},{"taxonomy":"product_cat","embeddable":true,"href":"https:\/\/madelinefashion.pl\/sk\/wp-json\/wp\/v2\/product_cat?post=3453"},{"taxonomy":"product_tag","embeddable":true,"href":"https:\/\/madelinefashion.pl\/sk\/wp-json\/wp\/v2\/product_tag?post=3453"}],"curies":[{"name":"pracovn\u00fd list","href":"https:\/\/api.w.org\/{rel}","templated":true}]}}

NAVY REŤAZOVÁ BUNDA S KOŽUŠINOU

<h3 style="text-align: center;">NAVY REŤAZOVÁ BUNDA S KOŽUŠINOU</h3>
<p style="text-align: center;"><strong>Bunda</strong> námornícka reťaz<strong> </strong>je jedným z našich návrhov na nadchádzajúce chladnejšie dni. Dá sa použiť v akomkoľvek štýle, ako s klasickými džínsami, tak aj s bielym tričkom na každodenné vychádzky. Je to isté <strong>musieť mať</strong> v každom šatníku! Bunda má zapínanie na zips a vrecká na oboch stranách je navyše zdobená <strong>reťaz</strong> ukončené kožušinou. Kožušina na kapucni je trvalo našitá. Taktiež je možné odopnúť celú kapucňu. Tento model je ideálny pre <strong>jar, jeseň - pre chladnejšie dni.</strong> Vďaka vhodne zvoleným doplnkom ľahko vytvoríte jedinečné štylizácie na spoločenské udalosti či oslavy. Vystúpte z davu s našou bundou. Bunda sa dodáva vo veľ<strong> M L XL.<br />
</strong></p>
<h2 style="text-align: center;">Rozmery:</h2>
<p style="text-align: center;"><strong>m<br />
</strong>Šírka od pazuchy po pazuchu: 44/55 cm<br />
Dĺžka rukáva od ramena: 57 cm<br />
Dĺžka rukáva od podpazušia: 46 cm<br />
Celková dĺžka: 56 cm</p>
<p style="text-align: center;"><strong>L<br />
</strong>Šírka od pazuchy po pazuchu: 45/46 cm<br />
Dĺžka rukáva od ramena: 58 cm<br />
Dĺžka rukáva od podpazušia: 47 cm<br />
Celková dĺžka: 57 cm<br />
<strong><br />
XL</strong><br />
Šírka od pazuchy po pazuchu: 47/48 cm<br />
Dĺžka rukáva od ramena: 59 cm<br />
Dĺžka rukáva od podpazušia: 48 cm<br />
Celková dĺžka: 57 cm</p>
<p style="text-align: center;">Rozmery sa môžu mierne líšiť od uvedených +/- 2cm. Všetky uvedené rozmery sú merané plošne.</p>
<p style="text-align: center;"><span style="font-size: 10pt;"> </span></p>
<p style="text-align: center;"><span style="font-size: 10pt;"><strong>MODELKA 168 cm - VEĽKOSŤ S/M</strong></span></p>
<p style="text-align: center;"><span style="font-size: 10pt;"> </span></p>
<p style="text-align: center;">

<p>KURTKA GRANATOWA CHAIN Z FUTERKIEM Kurtka granatowa Chain to jedna z naszych propozycji na nadchodzące chłodniejsze dni. Można ją wykorzystać w każdej stylizacji, zarówno do klasycznych jeansów, białego t-shirtu na codzienne wyjścia. Jest to zdecydowany must have w każdej garderobie! Kurtka posiada zamek błyskawiczny i kieszenie po obu stronach dodatkowo zdobiona jest łańcuszkiem zakończonym futrem. Futro na kapturze</p>
<div class="klb-readmore post-buttons"><a class="button black outline size-sm" href="https://madelinefashion.pl/sk/kurtka-granatowa-chain-z-futerkiem/">Čítať ďalej <i class="klbth-icon-right-arrow"></i></a></div>

pracovný list
