{"id":3478,"date":"2020-12-02T19:37:09","date_gmt":"2020-12-02T18:37:09","guid":{"rendered":"https:\/\/madelinefashion.pl\/?post_type=product&#038;p=3478"},"modified":"2026-01-20T10:34:47","modified_gmt":"2026-01-20T09:34:47","slug":"bluzka-koronkowa-biala-bw","status":"publish","type":"product","link":"https:\/\/madelinefashion.pl\/sk\/bluzka-koronkowa-biala-bw\/","title":{"rendered":"\u010ciernobiela \u010dipkovan\u00e1 bl\u00fazka"},"content":{"rendered":"<h2 style=\"text-align: center;\">\u010ciernobiela \u010dipkovan\u00e1 bl\u00fazka<\/h2>\n<p style=\"text-align: center;\">D\u00e1mska \u010diernobiela \u010dipkovan\u00e1 bl\u00fazka - elegantne zdoben\u00e1 <strong>\u010dipka<\/strong>. Hod\u00ed sa ako na ka\u017edodenn\u00e9, tak aj na sl\u00e1vnostnej\u0161ie pr\u00edle\u017eitosti. Ide\u00e1lne pre d\u00e1my vo ve\u013ekosti\u00a0<strong>XS,S,M,L.<\/strong><\/p>\n<h2 style=\"text-align: center;\">\u00a0 \u00a0 \u00a0Rozmery:<\/h2>\n<ul style=\"text-align: center;\">\n<li>celkov\u00e1 d\u013a\u017eka: 52 cm<\/li>\n<li>\u0161\u00edrka od pazuchy po pazuchu: 42-49 cm<\/li>\n<li>d\u013a\u017eka ruk\u00e1va od ramena: 58 cm<\/li>\n<li>d\u013a\u017eka ruk\u00e1va od podpazu\u0161ia: 45 cm<\/li>\n<li>odpor\u00fa\u010dan\u00fd maxim\u00e1lny obvod poprsia: 96 cm<\/li>\n<li><\/li>\n<\/ul>\n<p style=\"text-align: center;\">Rozmery sa m\u00f4\u017eu mierne l\u00ed\u0161i\u0165 od uveden\u00fdch +\/- 2cm. V\u0161etky uveden\u00e9 rozmery s\u00fa meran\u00e9 plo\u0161ne.<\/p>\n<table>\n<tbody>\n<tr>\n<td width=\"302\">Meno modela<\/td>\n<td width=\"302\">\u010ciernobiela \u010dipkovan\u00e1 bl\u00fazka<\/td>\n<\/tr>\n<tr>\n<td width=\"302\">Farba<\/td>\n<td width=\"302\">biely<\/td>\n<\/tr>\n<tr>\n<td width=\"302\">ve\u013ekosti<\/td>\n<td width=\"302\">Univerz\u00e1lny<\/td>\n<\/tr>\n<tr>\n<td width=\"302\">M\u00f3da<\/td>\n<td width=\"302\">Na mieru<\/td>\n<\/tr>\n<tr>\n<td width=\"302\">Materi\u00e1l<\/td>\n<td width=\"302\">95 % Polyester 5lastan<\/td>\n<\/tr>\n<\/tbody>\n<\/table>\n<p>&nbsp;<\/p>\n<p style=\"text-align: center;\">Model m\u00e1\u00a0<strong>169<\/strong>\u00a0cm vysok\u00fd, nos\u00ed ve\u013ekos\u0165 ka\u017ed\u00fd de\u0148\u00a0<strong>S<\/strong><\/p>\n<p style=\"text-align: center;\">\u0160\u00edrka cez prsia 92 cm<\/p>\n<p style=\"text-align: center;\">\u0160\u00edrka v p\u00e1se 62 cm<\/p>\n<p style=\"text-align: center;\">\u0160\u00edrka v bokoch 94 cm<\/p>\n<p style=\"text-align: center;\">","protected":false},"excerpt":{"rendered":"<p>Bluzka Koronkowa Bia\u0142a B&amp;W Bluzka Koronkowa Bia\u0142a B&amp;W damska\u00a0 &#8211; ozdobiona eleganck\u0105 koronk\u0105. Nadaje si\u0119 zar\u00f3wno na co dzie\u0144, jak i na bardziej \u015bwi\u0105teczne okazje. Idealna dla Pa\u0144 w rozmiarze\u00a0XS,S,M,L. \u00a0 \u00a0 \u00a0Wymiary: d\u0142ugo\u015b\u0107 ca\u0142kowita : 52 cm szeroko\u015b\u0107 od pachy do pachy: 42-49 cm d\u0142ugo\u015b\u0107 r\u0119kawa od ramienia: 58 cm d\u0142ugo\u015b\u0107 r\u0119kawa od pachy:<\/p>\n<div class=\"klb-readmore post-buttons\"><a class=\"button black outline size-sm\" href=\"https:\/\/madelinefashion.pl\/sk\/bluzka-koronkowa-biala-bw\/\">\u010c\u00edta\u0165 \u010falej <i class=\"klbth-icon-right-arrow\"><\/i><\/a><\/div>","protected":false},"featured_media":58827,"template":"","meta":[],"product_brand":[],"product_cat":[77],"product_tag":[251],"class_list":{"0":"post-3478","1":"product","2":"type-product","3":"status-publish","4":"has-post-thumbnail","6":"product_cat-bluzki","7":"product_tag-bluzka-biala","9":"first","10":"instock","11":"sale","12":"purchasable","13":"product-type-simple"},"_links":{"self":[{"href":"https:\/\/madelinefashion.pl\/sk\/wp-json\/wp\/v2\/product\/3478","targetHints":{"allow":["GET"]}}],"collection":[{"href":"https:\/\/madelinefashion.pl\/sk\/wp-json\/wp\/v2\/product"}],"about":[{"href":"https:\/\/madelinefashion.pl\/sk\/wp-json\/wp\/v2\/types\/product"}],"wp:featuredmedia":[{"embeddable":true,"href":"https:\/\/madelinefashion.pl\/sk\/wp-json\/wp\/v2\/media\/58827"}],"wp:attachment":[{"href":"https:\/\/madelinefashion.pl\/sk\/wp-json\/wp\/v2\/media?parent=3478"}],"wp:term":[{"taxonomy":"product_brand","embeddable":true,"href":"https:\/\/madelinefashion.pl\/sk\/wp-json\/wp\/v2\/product_brand?post=3478"},{"taxonomy":"product_cat","embeddable":true,"href":"https:\/\/madelinefashion.pl\/sk\/wp-json\/wp\/v2\/product_cat?post=3478"},{"taxonomy":"product_tag","embeddable":true,"href":"https:\/\/madelinefashion.pl\/sk\/wp-json\/wp\/v2\/product_tag?post=3478"}],"curies":[{"name":"pracovn\u00fd list","href":"https:\/\/api.w.org\/{rel}","templated":true}]}}

Čiernobiela čipkovaná blúzka

<h2 style="text-align: center;">Čiernobiela čipkovaná blúzka</h2>
<p style="text-align: center;">Dámska čiernobiela čipkovaná blúzka - elegantne zdobená <strong>čipka</strong>. Hodí sa ako na každodenné, tak aj na slávnostnejšie príležitosti. Ideálne pre dámy vo veľkosti <strong>XS,S,M,L.</strong></p>
<h2 style="text-align: center;">     Rozmery:</h2>
<ul style="text-align: center;">
<li>celková dĺžka: 52 cm</li>
<li>šírka od pazuchy po pazuchu: 42-49 cm</li>
<li>dĺžka rukáva od ramena: 58 cm</li>
<li>dĺžka rukáva od podpazušia: 45 cm</li>
<li>odporúčaný maximálny obvod poprsia: 96 cm</li>
<li></li>
</ul>
<p style="text-align: center;">Rozmery sa môžu mierne líšiť od uvedených +/- 2cm. Všetky uvedené rozmery sú merané plošne.</p>
<table>
<tbody>
<tr>
<td width="302">Meno modela</td>
<td width="302">Čiernobiela čipkovaná blúzka</td>
</tr>
<tr>
<td width="302">Farba</td>
<td width="302">biely</td>
</tr>
<tr>
<td width="302">veľkosti</td>
<td width="302">Univerzálny</td>
</tr>
<tr>
<td width="302">Móda</td>
<td width="302">Na mieru</td>
</tr>
<tr>
<td width="302">Materiál</td>
<td width="302">95 % Polyester 5lastan</td>
</tr>
</tbody>
</table>
<p>&nbsp;</p>
<p style="text-align: center;">Model má <strong>169</strong> cm vysoký, nosí veľkosť každý deň <strong>S</strong></p>
<p style="text-align: center;">Šírka cez prsia 92 cm</p>
<p style="text-align: center;">Šírka v páse 62 cm</p>
<p style="text-align: center;">Šírka v bokoch 94 cm</p>
<p style="text-align: center;">

<p>Bluzka Koronkowa Biała B&amp;W Bluzka Koronkowa Biała B&amp;W damska  &#8211; ozdobiona elegancką koronką. Nadaje się zarówno na co dzień, jak i na bardziej świąteczne okazje. Idealna dla Pań w rozmiarze XS,S,M,L.      Wymiary: długość całkowita : 52 cm szerokość od pachy do pachy: 42-49 cm długość rękawa od ramienia: 58 cm długość rękawa od pachy:</p>
<div class="klb-readmore post-buttons"><a class="button black outline size-sm" href="https://madelinefashion.pl/sk/bluzka-koronkowa-biala-bw/">Čítať ďalej <i class="klbth-icon-right-arrow"></i></a></div>

pracovný list
