{"id":34938,"date":"2022-04-20T09:52:29","date_gmt":"2022-04-20T07:52:29","guid":{"rendered":"https:\/\/madelinefashion.pl\/?post_type=product&#038;p=34938"},"modified":"2022-04-20T09:54:06","modified_gmt":"2022-04-20T07:54:06","slug":"komplet-dopasowany-spodnie-bluzka-rabel-limonkowy","status":"publish","type":"product","link":"https:\/\/madelinefashion.pl\/sk\/komplet-dopasowany-spodnie-bluzka-rabel-limonkowy\/","title":{"rendered":"S\u00faprava nohav\u00edc + bl\u00fazka Rabel Lime"},"content":{"rendered":"<h3 style=\"text-align: center;\">S\u00faprava nohav\u00edc + bl\u00fazka Rabel Lime<\/h3>\n<p align=\"center\"><strong>Kr\u00e1sny set pozost\u00e1vaj\u00faci z topu a leg\u00edn. Ide\u00e1lne na ka\u017edodenn\u00e9 nosenie.S\u00fapravu m\u00f4\u017eete nosi\u0165 spolu, ale vyzer\u00e1 dobre aj samostatne. Nepostr\u00e1date\u013en\u00e9 pre \u017eeny, ktor\u00e9 si cenia \u0161t\u00fdl a pohodlie. Ide\u00e1lne na nadch\u00e1dzaj\u00facu sez\u00f3nu. Absol\u00fatna nevyhnutnos\u0165 vo va\u0161om \u0161atn\u00edku! <\/strong>Je v jarn\u00fdch farb\u00e1ch a m\u00e1 ve\u013emi pr\u00edjemn\u00fd materi\u00e1l. Budete sa v \u0148om c\u00edti\u0165 pohodlne a v\u00fdnimo\u010dne. Dokonale zladen\u00e9 zd\u00f4razn\u00ed \u017eensk\u00e9 prednosti a dod\u00e1 v\u00e1m triedu ka\u017ed\u00fd de\u0148. Jedna ve\u013ekos\u0165 sadne v\u0161etk\u00fdm odpor\u00fa\u010dan\u00fdm od <strong>XS a\u017e L<\/strong><\/p>\n<h3 style=\"text-align: center;\">Charakteristika:<\/h3>\n<p align=\"center\"><strong>- pohodln\u00e9<br \/>\n<\/strong><strong>- osaden\u00e1<br \/>\n<\/strong><strong>-z\u00e1mok<br \/>\n<\/strong><strong>-\u017eensk\u00fd<br \/>\n<\/strong><strong>-trendy<br \/>\n<\/strong><strong>-vrchol<br \/>\n<\/strong><strong>- leg\u00edny<br \/>\n- rebrovan\u00fd materi\u00e1l<\/strong><\/p>\n<p>&nbsp;<\/p>\n<h3 style=\"text-align: center;\"><span style=\"vertical-align: inherit;\"><span style=\"vertical-align: inherit;\">Rozmery bl\u00fazky:<\/span><\/span><\/h3>\n<p style=\"text-align: center;\">Celkov\u00e1 d\u013a\u017eka - 38 cm<br \/>\n\u0160\u00edrka od pazuchy po pazuchu - 39 -47 cm x2<br \/>\n\u0160\u00edrka v spodnej \u010dasti - 30-38 cm x2<br \/>\nD\u013a\u017eka ruk\u00e1va od podpazu\u0161ia - 3 cm<br \/>\nD\u013a\u017eka ruk\u00e1va od ramena - 14 cm<\/p>\n<h3 style=\"text-align: center;\"><span style=\"vertical-align: inherit;\"><span style=\"vertical-align: inherit;\">Rozmery nohav\u00edc:<\/span><\/span><\/h3>\n<p style=\"text-align: center;\"><span style=\"vertical-align: inherit;\"><span style=\"vertical-align: inherit;\">Celkov\u00e1 d\u013a\u017eka: 99 cm<br \/>\n<\/span><\/span><span style=\"vertical-align: inherit;\"><span style=\"vertical-align: inherit;\">\u0160\u00edrka p\u00e1sa: 33-40 cm (elastick\u00fd) x2<br \/>\n<\/span><\/span><span style=\"vertical-align: inherit;\"><span style=\"vertical-align: inherit;\">\u0160\u00edrka v bokoch: 39-48 cm x2<br \/>\nVn\u00fatorn\u00e1 d\u013a\u017eka nohav\u00edc: 70 cm<br \/>\nV\u00fd\u0161ka: 33 cm<\/span><\/span><\/p>\n<p>&nbsp;<\/p>\n<p style=\"text-align: center;\"><strong><span style=\"vertical-align: inherit;\"><span style=\"vertical-align: inherit;\">Materi\u00e1l sa rozd\u00e1va<\/span><\/span><\/strong><\/p>\n<p style=\"text-align: center;\"><span style=\"vertical-align: inherit;\"><span style=\"vertical-align: inherit;\">Rozmery sa m\u00f4\u017eu l\u00ed\u0161i\u0165 od uveden\u00fdch +\/- 2cm. <\/span><span style=\"vertical-align: inherit;\">V\u0161etky uveden\u00e9 rozmery s\u00fa meran\u00e9 plo\u0161ne. <strong>rozmer x2<\/strong><\/span><\/span><\/p>\n<p>&nbsp;<\/p>\n<table style=\"height: 234px;\" width=\"678\">\n<tbody>\n<tr>\n<td width=\"302\"><span style=\"vertical-align: inherit;\"><span style=\"vertical-align: inherit;\">Meno modela<\/span><\/span><\/td>\n<td width=\"302\">S\u00faprava nohavice + bl\u00fazka Rabel<\/td>\n<\/tr>\n<tr>\n<td width=\"302\"><span style=\"vertical-align: inherit;\"><span style=\"vertical-align: inherit;\">Farba<\/span><\/span><\/td>\n<td width=\"302\">Ne\u00f3nov\u00e1 limetka<\/td>\n<\/tr>\n<tr>\n<td width=\"302\"><span style=\"vertical-align: inherit;\"><span style=\"vertical-align: inherit;\">Zbierka<\/span><\/span><\/td>\n<td width=\"302\"><span style=\"vertical-align: inherit;\"><span style=\"vertical-align: inherit;\">Jar leto<\/span><\/span><\/td>\n<\/tr>\n<tr>\n<td width=\"302\"><span style=\"vertical-align: inherit;\"><span style=\"vertical-align: inherit;\">ve\u013ekosti<\/span><\/span><\/td>\n<td width=\"302\"><span style=\"vertical-align: inherit;\"><span style=\"vertical-align: inherit;\">Univerz\u00e1lny<\/span><\/span><\/td>\n<\/tr>\n<tr>\n<td width=\"302\"><span style=\"vertical-align: inherit;\"><span style=\"vertical-align: inherit;\">Bl\u00fazka<\/span><\/span><\/td>\n<td width=\"302\"><span style=\"vertical-align: inherit;\"><span style=\"vertical-align: inherit;\">Na mieru<\/span><\/span><\/td>\n<\/tr>\n<tr>\n<td width=\"302\"><span style=\"vertical-align: inherit;\"><span style=\"vertical-align: inherit;\">Nohavice<\/span><\/span><\/td>\n<td width=\"302\"><span style=\"vertical-align: inherit;\"><span style=\"vertical-align: inherit;\">Zhoda<\/span><\/span><\/td>\n<\/tr>\n<tr>\n<td width=\"302\"><span style=\"vertical-align: inherit;\"><span style=\"vertical-align: inherit;\">Kvalita<\/span><\/span><\/td>\n<td width=\"302\"><span style=\"vertical-align: inherit;\"><span style=\"vertical-align: inherit;\">Premium<\/span><\/span><\/td>\n<\/tr>\n<tr>\n<td width=\"302\"><span style=\"vertical-align: inherit;\"><span style=\"vertical-align: inherit;\">Materi\u00e1l<\/span><\/span><\/td>\n<td width=\"302\"><span style=\"vertical-align: inherit;\"><span style=\"vertical-align: inherit;\">Polyester 100%<\/span><\/span><\/td>\n<\/tr>\n<\/tbody>\n<\/table>\n<p style=\"text-align: center;\">Model m\u00e1\u00a0<strong>169<\/strong>\u00a0cm vysok\u00fd, nos\u00ed ve\u013ekos\u0165 ka\u017ed\u00fd de\u0148\u00a0<strong>S<\/strong><\/p>\n<p style=\"text-align: center;\">\u0160\u00edrka cez prsia 92 cm<\/p>\n<p style=\"text-align: center;\">\u0160\u00edrka v p\u00e1se 62 cm<\/p>\n<p style=\"text-align: center;\">\u0160\u00edrka v bokoch 94 cm<\/p>","protected":false},"excerpt":{"rendered":"<p>Komplet Dopasowany Spodnie + Bluzka Rabel\u00a0Limonkowy \u015aliczny komplet, sk\u0142adaj\u0105cy si\u0119 z topu oraz legins\u00f3w. \u00a0Perfekcyjnie sprawdzi si\u0119 na co dzie\u0144 Mo\u017cna nosi\u0107 zestaw razem, ale r\u00f3wnie\u017c dobrze prezentuje si\u0119 osobno. Niezast\u0105piony dla kobiet ceni\u0105cych sobie styl i wygod\u0119. Idealny na nadchodz\u0105cy sezon. Absolutny must have w Twojej szafie! Wyst\u0119puje w wiosennych kolorach i posiada bardzo<\/p>\n<div class=\"klb-readmore post-buttons\"><a class=\"button black outline size-sm\" href=\"https:\/\/madelinefashion.pl\/sk\/komplet-dopasowany-spodnie-bluzka-rabel-limonkowy\/\">\u010c\u00edta\u0165 \u010falej <i class=\"klbth-icon-right-arrow\"><\/i><\/a><\/div>","protected":false},"featured_media":34859,"template":"","meta":[],"product_brand":[],"product_cat":[89,395],"product_tag":[],"class_list":{"0":"post-34938","1":"product","2":"type-product","3":"status-publish","4":"has-post-thumbnail","6":"product_cat-komplety","7":"product_cat-nowosci","9":"first","10":"instock","11":"purchasable","12":"product-type-simple"},"_links":{"self":[{"href":"https:\/\/madelinefashion.pl\/sk\/wp-json\/wp\/v2\/product\/34938","targetHints":{"allow":["GET"]}}],"collection":[{"href":"https:\/\/madelinefashion.pl\/sk\/wp-json\/wp\/v2\/product"}],"about":[{"href":"https:\/\/madelinefashion.pl\/sk\/wp-json\/wp\/v2\/types\/product"}],"wp:featuredmedia":[{"embeddable":true,"href":"https:\/\/madelinefashion.pl\/sk\/wp-json\/wp\/v2\/media\/34859"}],"wp:attachment":[{"href":"https:\/\/madelinefashion.pl\/sk\/wp-json\/wp\/v2\/media?parent=34938"}],"wp:term":[{"taxonomy":"product_brand","embeddable":true,"href":"https:\/\/madelinefashion.pl\/sk\/wp-json\/wp\/v2\/product_brand?post=34938"},{"taxonomy":"product_cat","embeddable":true,"href":"https:\/\/madelinefashion.pl\/sk\/wp-json\/wp\/v2\/product_cat?post=34938"},{"taxonomy":"product_tag","embeddable":true,"href":"https:\/\/madelinefashion.pl\/sk\/wp-json\/wp\/v2\/product_tag?post=34938"}],"curies":[{"name":"pracovn\u00fd list","href":"https:\/\/api.w.org\/{rel}","templated":true}]}}

Súprava nohavíc + blúzka Rabel Lime

<h3 style="text-align: center;">Súprava nohavíc + blúzka Rabel Lime</h3>
<p align="center"><strong>Krásny set pozostávajúci z topu a legín. Ideálne na každodenné nosenie.Súpravu môžete nosiť spolu, ale vyzerá dobre aj samostatne. Nepostrádateľné pre ženy, ktoré si cenia štýl a pohodlie. Ideálne na nadchádzajúcu sezónu. Absolútna nevyhnutnosť vo vašom šatníku! </strong>Je v jarných farbách a má veľmi príjemný materiál. Budete sa v ňom cítiť pohodlne a výnimočne. Dokonale zladené zdôrazní ženské prednosti a dodá vám triedu každý deň. Jedna veľkosť sadne všetkým odporúčaným od <strong>XS až L</strong></p>
<h3 style="text-align: center;">Charakteristika:</h3>
<p align="center"><strong>- pohodlné<br />
</strong><strong>- osadená<br />
</strong><strong>-zámok<br />
</strong><strong>-ženský<br />
</strong><strong>-trendy<br />
</strong><strong>-vrchol<br />
</strong><strong>- legíny<br />
- rebrovaný materiál</strong></p>
<p>&nbsp;</p>
<h3 style="text-align: center;"><span style="vertical-align: inherit;"><span style="vertical-align: inherit;">Rozmery blúzky:</span></span></h3>
<p style="text-align: center;">Celková dĺžka - 38 cm<br />
Šírka od pazuchy po pazuchu - 39 -47 cm x2<br />
Šírka v spodnej časti - 30-38 cm x2<br />
Dĺžka rukáva od podpazušia - 3 cm<br />
Dĺžka rukáva od ramena - 14 cm</p>
<h3 style="text-align: center;"><span style="vertical-align: inherit;"><span style="vertical-align: inherit;">Rozmery nohavíc:</span></span></h3>
<p style="text-align: center;"><span style="vertical-align: inherit;"><span style="vertical-align: inherit;">Celková dĺžka: 99 cm<br />
</span></span><span style="vertical-align: inherit;"><span style="vertical-align: inherit;">Šírka pása: 33-40 cm (elastický) x2<br />
</span></span><span style="vertical-align: inherit;"><span style="vertical-align: inherit;">Šírka v bokoch: 39-48 cm x2<br />
Vnútorná dĺžka nohavíc: 70 cm<br />
Výška: 33 cm</span></span></p>
<p>&nbsp;</p>
<p style="text-align: center;"><strong><span style="vertical-align: inherit;"><span style="vertical-align: inherit;">Materiál sa rozdáva</span></span></strong></p>
<p style="text-align: center;"><span style="vertical-align: inherit;"><span style="vertical-align: inherit;">Rozmery sa môžu líšiť od uvedených +/- 2cm. </span><span style="vertical-align: inherit;">Všetky uvedené rozmery sú merané plošne. <strong>rozmer x2</strong></span></span></p>
<p>&nbsp;</p>
<table style="height: 234px;" width="678">
<tbody>
<tr>
<td width="302"><span style="vertical-align: inherit;"><span style="vertical-align: inherit;">Meno modela</span></span></td>
<td width="302">Súprava nohavice + blúzka Rabel</td>
</tr>
<tr>
<td width="302"><span style="vertical-align: inherit;"><span style="vertical-align: inherit;">Farba</span></span></td>
<td width="302">Neónová limetka</td>
</tr>
<tr>
<td width="302"><span style="vertical-align: inherit;"><span style="vertical-align: inherit;">Zbierka</span></span></td>
<td width="302"><span style="vertical-align: inherit;"><span style="vertical-align: inherit;">Jar leto</span></span></td>
</tr>
<tr>
<td width="302"><span style="vertical-align: inherit;"><span style="vertical-align: inherit;">veľkosti</span></span></td>
<td width="302"><span style="vertical-align: inherit;"><span style="vertical-align: inherit;">Univerzálny</span></span></td>
</tr>
<tr>
<td width="302"><span style="vertical-align: inherit;"><span style="vertical-align: inherit;">Blúzka</span></span></td>
<td width="302"><span style="vertical-align: inherit;"><span style="vertical-align: inherit;">Na mieru</span></span></td>
</tr>
<tr>
<td width="302"><span style="vertical-align: inherit;"><span style="vertical-align: inherit;">Nohavice</span></span></td>
<td width="302"><span style="vertical-align: inherit;"><span style="vertical-align: inherit;">Zhoda</span></span></td>
</tr>
<tr>
<td width="302"><span style="vertical-align: inherit;"><span style="vertical-align: inherit;">Kvalita</span></span></td>
<td width="302"><span style="vertical-align: inherit;"><span style="vertical-align: inherit;">Premium</span></span></td>
</tr>
<tr>
<td width="302"><span style="vertical-align: inherit;"><span style="vertical-align: inherit;">Materiál</span></span></td>
<td width="302"><span style="vertical-align: inherit;"><span style="vertical-align: inherit;">Polyester 100%</span></span></td>
</tr>
</tbody>
</table>
<p style="text-align: center;">Model má <strong>169</strong> cm vysoký, nosí veľkosť každý deň <strong>S</strong></p>
<p style="text-align: center;">Šírka cez prsia 92 cm</p>
<p style="text-align: center;">Šírka v páse 62 cm</p>
<p style="text-align: center;">Šírka v bokoch 94 cm</p>

<p>Komplet Dopasowany Spodnie + Bluzka Rabel Limonkowy Śliczny komplet, składający się z topu oraz leginsów.  Perfekcyjnie sprawdzi się na co dzień Można nosić zestaw razem, ale również dobrze prezentuje się osobno. Niezastąpiony dla kobiet ceniących sobie styl i wygodę. Idealny na nadchodzący sezon. Absolutny must have w Twojej szafie! Występuje w wiosennych kolorach i posiada bardzo</p>
<div class="klb-readmore post-buttons"><a class="button black outline size-sm" href="https://madelinefashion.pl/sk/komplet-dopasowany-spodnie-bluzka-rabel-limonkowy/">Čítať ďalej <i class="klbth-icon-right-arrow"></i></a></div>

pracovný list
