{"id":34980,"date":"2022-04-20T10:51:14","date_gmt":"2022-04-20T08:51:14","guid":{"rendered":"https:\/\/madelinefashion.pl\/?post_type=product&#038;p=34980"},"modified":"2026-03-05T16:59:07","modified_gmt":"2026-03-05T15:59:07","slug":"kamizelka-z-kapturem-begins-karmelowa-2","status":"publish","type":"product","link":"https:\/\/madelinefashion.pl\/sk\/kamizelka-z-kapturem-begins-karmelowa-2\/","title":{"rendered":"Za\u010d\u00edna karamelov\u00e1 vesta s kapuc\u0148ou"},"content":{"rendered":"<h3 style=\"text-align: center;\">Za\u010d\u00edna karamelov\u00e1 vesta s kapuc\u0148ou<\/h3>\n<p style=\"text-align: center;\"><strong>Vesta z lesklej l\u00e1tky <\/strong>je to perfektn\u00e1 ponuka na jarn\u00fa sez\u00f3nu.<b> Ozdobn\u00e9 p\u00e1sky na bokoch vesty jej dod\u00e1vaj\u00fa m\u00f3dny vzh\u013ead, <\/b>kr\u00e1sne sed\u00ed na postave.<b>\u00a0 Model sa perfektne hod\u00ed do elegantn\u00fdch \u0161tyliz\u00e1ci\u00ed aj do le\u017e\u00e9rnych kombin\u00e1ci\u00ed, \u010d\u00edm d\u00e1va ve\u013ea mo\u017enost\u00ed na vytvorenie jedine\u010dn\u00fdch \u0161tyliz\u00e1ci\u00ed. <\/b>Vesta asymetrick\u00e9ho strihu s kapuc\u0148ou je skvelou vo\u013ebou na chladnej\u0161ie dni. Strih je mierne zateplen\u00fd syntetick\u00fdm p\u00e1per\u00edm, zap\u00edna sa na zips. <b>M\u00e1 vreck\u00e1, v\u010faka \u010domu je ve\u013emi praktick\u00fd. <strong>Zlo\u017eenie: 100% POLYESTER<\/strong><\/b><\/p>\n<p style=\"text-align: center;\"><strong>\u00a0<\/strong><\/p>\n<h3 style=\"text-align: center;\">Rozmery:<\/h3>\n<p style=\"text-align: center;\"><strong>Ve\u013ekos\u0165: 36\/S<\/strong><br \/>\nCelkov\u00e1 predn\u00e1 d\u013a\u017eka - 61 cm<br \/>\nCelkov\u00e1 d\u013a\u017eka chrbta - 68 cm<br \/>\n\u0160\u00edrka od pazuchy po pazuchu - 48 cm x 2<br \/>\n\u0160\u00edrka v spodnej \u010dasti - 50 cm<\/p>\n<p style=\"text-align: center;\"><strong>Ve\u013ekos\u0165: 38\/M<\/strong><br \/>\nCelkov\u00e1 predn\u00e1 d\u013a\u017eka - 64 cm<br \/>\nCelkov\u00e1 d\u013a\u017eka chrbta - 71 cm<br \/>\n\u0160\u00edrka od pazuchy po pazuchu - 51 cm x 2<br \/>\n\u0160\u00edrka v spodnej \u010dasti - 53 cm<\/p>\n<p style=\"text-align: center;\"><strong>Ve\u013ekos\u0165: 40\/L<\/strong><br \/>\nCelkov\u00e1 predn\u00e1 d\u013a\u017eka - 66 cm<br \/>\nCelkov\u00e1 d\u013a\u017eka chrbta - 74 cm<br \/>\n\u0160\u00edrka od pazuchy po pazuchu - 53 cm x 2<br \/>\n\u0160\u00edrka v spodnej \u010dasti - 54 cm<\/p>\n<p style=\"text-align: center;\"><strong>Ve\u013ekos\u0165: 42\/XL<\/strong><br \/>\nCelkov\u00e1 predn\u00e1 d\u013a\u017eka - 71 cm<br \/>\nCelkov\u00e1 d\u013a\u017eka chrbta - 78 cm<br \/>\n\u0160\u00edrka od pazuchy po pazuchu - 55 cm x 2<br \/>\n\u0160\u00edrka v spodnej \u010dasti - 56 cm<\/p>\n<p style=\"text-align: center;\"><strong>Ve\u013ekos\u0165: 44\/XXL<\/strong><br \/>\nCelkov\u00e1 predn\u00e1 d\u013a\u017eka - 71 cm<br \/>\nCelkov\u00e1 d\u013a\u017eka chrbta - 79 cm<br \/>\n\u0160\u00edrka od pazuchy po pazuchu - 57 cm x 2<br \/>\n\u0160\u00edrka v spodnej \u010dasti - 58 cm<\/p>\n<p style=\"text-align: center;\">Rozmery sa m\u00f4\u017eu mierne l\u00ed\u0161i\u0165 od uveden\u00fdch +\/- 2cm. V\u0161etky uveden\u00e9 rozmery s\u00fa <strong>meran\u00fd byt<\/strong>.\u00a0<strong>rozmer x2<\/strong><\/p>\n<p>&nbsp;<\/p>\n<table width=\"605\">\n<tbody>\n<tr>\n<td width=\"302\">Meno modela<\/td>\n<td width=\"302\">Vesta s kapuc\u0148ou za\u010d\u00edna<\/td>\n<\/tr>\n<tr>\n<td width=\"302\">Farba<\/td>\n<td width=\"302\">karamel<\/td>\n<\/tr>\n<tr>\n<td width=\"302\">ve\u013ekosti<\/td>\n<td width=\"302\">SML XL XXL<\/td>\n<\/tr>\n<tr>\n<td width=\"302\">Zbierka<\/td>\n<td width=\"302\">Jar Leto Jese\u0148<\/td>\n<\/tr>\n<tr>\n<td width=\"302\">Hood<\/td>\n<td width=\"302\">\u00c1no<\/td>\n<\/tr>\n<tr>\n<td width=\"302\">Kvalita<\/td>\n<td width=\"302\">Premium<\/td>\n<\/tr>\n<tr>\n<td width=\"302\">zap\u00ednanie<\/td>\n<td width=\"302\">Z\u00e1mok<\/td>\n<\/tr>\n<\/tbody>\n<\/table>\n<p style=\"text-align: center;\">Model m\u00e1\u00a0<strong>169<\/strong>\u00a0cm vysok\u00fd, nos\u00ed ve\u013ekos\u0165 ka\u017ed\u00fd de\u0148\u00a0<strong>S<\/strong><\/p>\n<p style=\"text-align: center;\">\u0160\u00edrka cez prsia 92 cm<\/p>\n<p style=\"text-align: center;\">\u0160\u00edrka v p\u00e1se 62 cm<\/p>\n<p style=\"text-align: center;\">\u0160\u00edrka v bokoch 94 cm<\/p>\n<p style=\"text-align: center;\"><span style=\"font-size: 10pt;\">\u00a0<\/span><\/p>\n<p style=\"text-align: center;\">","protected":false},"excerpt":{"rendered":"<p>Kamizelka Z Kapturem Begins Karmelowa Kamizelka z po\u0142yskuj\u0105cego materia\u0142u to idealna propozycja na sezon wiosenny. Ozdobne ta\u015bmy na bokach kamizelki dodaj\u0105 jej modnego looku, pi\u0119knie si\u0119 dopasowuje do sylwetki.\u00a0 Model \u015bwietnie pasuje do eleganckich stylizacji jak i casualowych zestawie\u0144, daj\u0105c wiele mo\u017cliwo\u015bci tworzenia wyj\u0105tkowych stylizacji. Kamizelka o asymetrycznym kroju z kapturem to \u015bwietny wyb\u00f3r na<\/p>\n<div class=\"klb-readmore post-buttons\"><a class=\"button black outline size-sm\" href=\"https:\/\/madelinefashion.pl\/sk\/kamizelka-z-kapturem-begins-karmelowa-2\/\">\u010c\u00edta\u0165 \u010falej <i class=\"klbth-icon-right-arrow\"><\/i><\/a><\/div>","protected":false},"featured_media":34874,"template":"","meta":[],"product_brand":[],"product_cat":[395,79],"product_tag":[160],"class_list":{"0":"post-34980","1":"product","2":"type-product","3":"status-publish","4":"has-post-thumbnail","6":"product_cat-nowosci","7":"product_cat-kamizelki","8":"product_tag-kamizelki-futrzane","9":"pa_rozmiar-l-40","10":"pa_rozmiar-xl-42","11":"pa_rozmiar-xxl-44","12":"pa_rozmiar-xxxl-46","13":"pa_rozmiar-s-36","14":"pa_rozmiar-m-38","16":"first","17":"instock","18":"sale","19":"purchasable","20":"product-type-variable"},"_links":{"self":[{"href":"https:\/\/madelinefashion.pl\/sk\/wp-json\/wp\/v2\/product\/34980","targetHints":{"allow":["GET"]}}],"collection":[{"href":"https:\/\/madelinefashion.pl\/sk\/wp-json\/wp\/v2\/product"}],"about":[{"href":"https:\/\/madelinefashion.pl\/sk\/wp-json\/wp\/v2\/types\/product"}],"wp:featuredmedia":[{"embeddable":true,"href":"https:\/\/madelinefashion.pl\/sk\/wp-json\/wp\/v2\/media\/34874"}],"wp:attachment":[{"href":"https:\/\/madelinefashion.pl\/sk\/wp-json\/wp\/v2\/media?parent=34980"}],"wp:term":[{"taxonomy":"product_brand","embeddable":true,"href":"https:\/\/madelinefashion.pl\/sk\/wp-json\/wp\/v2\/product_brand?post=34980"},{"taxonomy":"product_cat","embeddable":true,"href":"https:\/\/madelinefashion.pl\/sk\/wp-json\/wp\/v2\/product_cat?post=34980"},{"taxonomy":"product_tag","embeddable":true,"href":"https:\/\/madelinefashion.pl\/sk\/wp-json\/wp\/v2\/product_tag?post=34980"}],"curies":[{"name":"pracovn\u00fd list","href":"https:\/\/api.w.org\/{rel}","templated":true}]}}

Začína karamelová vesta s kapucňou

<h3 style="text-align: center;">Začína karamelová vesta s kapucňou</h3>
<p style="text-align: center;"><strong>Vesta z lesklej látky </strong>je to perfektná ponuka na jarnú sezónu.<b> Ozdobné pásky na bokoch vesty jej dodávajú módny vzhľad, </b>krásne sedí na postave.<b>  Model sa perfektne hodí do elegantných štylizácií aj do ležérnych kombinácií, čím dáva veľa možností na vytvorenie jedinečných štylizácií. </b>Vesta asymetrického strihu s kapucňou je skvelou voľbou na chladnejšie dni. Strih je mierne zateplený syntetickým páperím, zapína sa na zips. <b>Má vrecká, vďaka čomu je veľmi praktický. <strong>Zloženie: 100% POLYESTER</strong></b></p>
<p style="text-align: center;"><strong> </strong></p>
<h3 style="text-align: center;">Rozmery:</h3>
<p style="text-align: center;"><strong>Veľkosť: 36/S</strong><br />
Celková predná dĺžka - 61 cm<br />
Celková dĺžka chrbta - 68 cm<br />
Šírka od pazuchy po pazuchu - 48 cm x 2<br />
Šírka v spodnej časti - 50 cm</p>
<p style="text-align: center;"><strong>Veľkosť: 38/M</strong><br />
Celková predná dĺžka - 64 cm<br />
Celková dĺžka chrbta - 71 cm<br />
Šírka od pazuchy po pazuchu - 51 cm x 2<br />
Šírka v spodnej časti - 53 cm</p>
<p style="text-align: center;"><strong>Veľkosť: 40/L</strong><br />
Celková predná dĺžka - 66 cm<br />
Celková dĺžka chrbta - 74 cm<br />
Šírka od pazuchy po pazuchu - 53 cm x 2<br />
Šírka v spodnej časti - 54 cm</p>
<p style="text-align: center;"><strong>Veľkosť: 42/XL</strong><br />
Celková predná dĺžka - 71 cm<br />
Celková dĺžka chrbta - 78 cm<br />
Šírka od pazuchy po pazuchu - 55 cm x 2<br />
Šírka v spodnej časti - 56 cm</p>
<p style="text-align: center;"><strong>Veľkosť: 44/XXL</strong><br />
Celková predná dĺžka - 71 cm<br />
Celková dĺžka chrbta - 79 cm<br />
Šírka od pazuchy po pazuchu - 57 cm x 2<br />
Šírka v spodnej časti - 58 cm</p>
<p style="text-align: center;">Rozmery sa môžu mierne líšiť od uvedených +/- 2cm. Všetky uvedené rozmery sú <strong>meraný byt</strong>. <strong>rozmer x2</strong></p>
<p>&nbsp;</p>
<table width="605">
<tbody>
<tr>
<td width="302">Meno modela</td>
<td width="302">Vesta s kapucňou začína</td>
</tr>
<tr>
<td width="302">Farba</td>
<td width="302">karamel</td>
</tr>
<tr>
<td width="302">veľkosti</td>
<td width="302">SML XL XXL</td>
</tr>
<tr>
<td width="302">Zbierka</td>
<td width="302">Jar Leto Jeseň</td>
</tr>
<tr>
<td width="302">Hood</td>
<td width="302">Áno</td>
</tr>
<tr>
<td width="302">Kvalita</td>
<td width="302">Premium</td>
</tr>
<tr>
<td width="302">zapínanie</td>
<td width="302">Zámok</td>
</tr>
</tbody>
</table>
<p style="text-align: center;">Model má <strong>169</strong> cm vysoký, nosí veľkosť každý deň <strong>S</strong></p>
<p style="text-align: center;">Šírka cez prsia 92 cm</p>
<p style="text-align: center;">Šírka v páse 62 cm</p>
<p style="text-align: center;">Šírka v bokoch 94 cm</p>
<p style="text-align: center;"><span style="font-size: 10pt;"> </span></p>
<p style="text-align: center;">

<p>Kamizelka Z Kapturem Begins Karmelowa Kamizelka z połyskującego materiału to idealna propozycja na sezon wiosenny. Ozdobne taśmy na bokach kamizelki dodają jej modnego looku, pięknie się dopasowuje do sylwetki.  Model świetnie pasuje do eleganckich stylizacji jak i casualowych zestawień, dając wiele możliwości tworzenia wyjątkowych stylizacji. Kamizelka o asymetrycznym kroju z kapturem to świetny wybór na</p>
<div class="klb-readmore post-buttons"><a class="button black outline size-sm" href="https://madelinefashion.pl/sk/kamizelka-z-kapturem-begins-karmelowa-2/">Čítať ďalej <i class="klbth-icon-right-arrow"></i></a></div>

pracovný list
