{"id":35092,"date":"2022-04-20T15:35:39","date_gmt":"2022-04-20T13:35:39","guid":{"rendered":"https:\/\/madelinefashion.pl\/?post_type=product&#038;p=35092"},"modified":"2026-01-15T12:43:17","modified_gmt":"2026-01-15T11:43:17","slug":"kurtka-katana-jeans-petro","status":"publish","type":"product","link":"https:\/\/madelinefashion.pl\/sk\/kurtka-katana-jeans-petro\/","title":{"rendered":"Bunda Katana Jeans Petro"},"content":{"rendered":"<h3 style=\"text-align: center;\">Bunda Katana Jeans Petro<\/h3>\n<p style=\"text-align: center;\">D\u017e\u00ednsov\u00e1 bunda Katana je ide\u00e1lnym n\u00e1vrhom na bl\u00ed\u017eiacu sa jar. Oversized bunda s ob\u00e1lkov\u00fdm zap\u00ednan\u00edm a golierom. Mimoriadne m\u00f3dna ponuka, m\u00e1 dve vreck\u00e1 a ozdobn\u00e9 odreniny. Zap\u00edna sa na gomb\u00edky a hod\u00ed sa k v\u00e4\u010d\u0161ine ka\u017edodenn\u00e9ho \u0161t\u00fdlu. Katana je ide\u00e1lna na topy, tri\u010dk\u00e1, leg\u00edny, nohavice - je to ve\u013emi univerz\u00e1lny model, ktor\u00fd sa dod\u00e1va vo ve\u013e.<b> SML XL. <\/b>F3383<b> Dostupn\u00e9 v dvoch farb\u00e1ch.<\/b><\/p>\n<h3 style=\"text-align: center;\">Rozmery:<\/h3>\n<p style=\"text-align: center;\"><b>36\/S<\/b><\/p>\n<p style=\"text-align: center;\">Celkov\u00e1 d\u013a\u017eka - 54 cm<\/p>\n<p style=\"text-align: center;\">\u0160\u00edrka od pazuchy po pazuchu - 51 cm<\/p>\n<p style=\"text-align: center;\">\u0160\u00edrka v spodnej \u010dasti - 44-52 cm (elastick\u00fd)<\/p>\n<p style=\"text-align: center;\">D\u013a\u017eka ruk\u00e1va od ramena - 48 cm<\/p>\n<p style=\"text-align: center;\">D\u013a\u017eka ruk\u00e1va od podpazu\u0161ia - 40 cm<\/p>\n<p style=\"text-align: center;\"><b>38\/M<\/b><\/p>\n<p style=\"text-align: center;\">Celkov\u00e1 d\u013a\u017eka - 55 cm<\/p>\n<p style=\"text-align: center;\">\u0160\u00edrka od pazuchy po pazuchu - 52 cm<\/p>\n<p style=\"text-align: center;\">\u0160\u00edrka v spodnej \u010dasti - 45-53 cm<\/p>\n<p style=\"text-align: center;\">D\u013a\u017eka ruk\u00e1va od ramena - 50 cm<\/p>\n<p style=\"text-align: center;\">D\u013a\u017eka ruk\u00e1va od podpazu\u0161ia - 42 cm<\/p>\n<p style=\"text-align: center;\"><b>40\/L<\/b><\/p>\n<p style=\"text-align: center;\">Celkov\u00e1 d\u013a\u017eka - 56 cm<\/p>\n<p style=\"text-align: center;\">\u0160\u00edrka od pazuchy po pazuchu - 55 cm<\/p>\n<p style=\"text-align: center;\">\u0160\u00edrka v spodnej \u010dasti - 48-56 cm<\/p>\n<p style=\"text-align: center;\">D\u013a\u017eka ruk\u00e1va od ramena - 50 cm<\/p>\n<p style=\"text-align: center;\">D\u013a\u017eka ruk\u00e1va od podpazu\u0161ia - 42 cm<\/p>\n<p style=\"text-align: center;\"><b>42\/XL<\/b><\/p>\n<p style=\"text-align: center;\">Celkov\u00e1 d\u013a\u017eka - 57 cm<\/p>\n<p style=\"text-align: center;\">\u0160\u00edrka od pazuchy po pazuchu - 56 cm<\/p>\n<p style=\"text-align: center;\">\u0160\u00edrka v spodnej \u010dasti - 49-57 cm<\/p>\n<p style=\"text-align: center;\">D\u013a\u017eka ruk\u00e1va od ramena - 50 cm<\/p>\n<p style=\"text-align: center;\">D\u013a\u017eka ruk\u00e1va od podpazu\u0161ia - 42 cm<\/p>\n<p style=\"text-align: center;\">Rozmery sa m\u00f4\u017eu mierne l\u00ed\u0161i\u0165 od uveden\u00fdch +\/- 2cm. V\u0161etky uveden\u00e9 rozmery s\u00fa <strong>meran\u00fd byt<\/strong>.\u00a0<strong>rozmer x2<\/strong><\/p>\n<p>&nbsp;<\/p>\n<table width=\"605\">\n<tbody>\n<tr>\n<td width=\"302\">Meno modela<\/td>\n<td width=\"302\">Bunda Katana Jeans Petro<\/td>\n<\/tr>\n<tr>\n<td width=\"302\">Farba<\/td>\n<td width=\"302\">Tmav\u00fd denim<\/td>\n<\/tr>\n<tr>\n<td width=\"302\">ve\u013ekosti<\/td>\n<td width=\"302\">SML XL<\/td>\n<\/tr>\n<tr>\n<td width=\"302\">Zbierka<\/td>\n<td width=\"302\">Jar leto jese\u0148 zima<\/td>\n<\/tr>\n<tr>\n<td width=\"302\">Hood<\/td>\n<td width=\"302\">Nie<\/td>\n<\/tr>\n<tr>\n<td width=\"302\">Kvalita<\/td>\n<td width=\"302\">Premium<\/td>\n<\/tr>\n<tr>\n<td width=\"302\">zap\u00ednanie<\/td>\n<td width=\"302\">tla\u010didl\u00e1<\/td>\n<\/tr>\n<\/tbody>\n<\/table>\n<p style=\"text-align: center;\">Model m\u00e1\u00a0<strong>169<\/strong>\u00a0cm vysok\u00fd, nos\u00ed ve\u013ekos\u0165 ka\u017ed\u00fd de\u0148\u00a0<strong>S<\/strong><\/p>\n<p style=\"text-align: center;\">\u0160\u00edrka cez prsia 92 cm<\/p>\n<p style=\"text-align: center;\">\u0160\u00edrka v p\u00e1se 62 cm<\/p>\n<p style=\"text-align: center;\">\u0160\u00edrka v bokoch 94 cm<\/p>\n<p>&nbsp;<\/p>\n<p style=\"text-align: center;\"><span style=\"font-size: 10pt;\">\u00a0<\/span><\/p>\n<p style=\"text-align: center;\">","protected":false},"excerpt":{"rendered":"<p>Rif\u013eov\u00e1 bunda Katana Jeans Petro Katana je perfektnou vo\u013ebou na nadch\u00e1dzaj\u00facu jar. T\u00e1to oversized bunda m\u00e1 zap\u00ednanie na zv\u00e4zok a golier. Je to neuverite\u013ene m\u00f3dny k\u00fasok s dvoma vreckami a ozdobn\u00fdm lemovan\u00edm. Zap\u00edna sa na gomb\u00edky a hod\u00ed sa k v\u00e4\u010d\u0161ine ka\u017edodenn\u00fdch outfitov. Katana sa perfektne hod\u00ed k topom, tri\u010dk\u00e1m, leg\u00ednam a nohaviciam \u2013 je to ve\u013emi v\u0161estrann\u00fd k\u00fasok, ktor\u00fd...<\/p>\n<div class=\"klb-readmore post-buttons\"><a class=\"button black outline size-sm\" href=\"https:\/\/madelinefashion.pl\/sk\/kurtka-katana-jeans-petro\/\">\u010c\u00edta\u0165 \u010falej <i class=\"klbth-icon-right-arrow\"><\/i><\/a><\/div>","protected":false},"featured_media":35084,"template":"","meta":[],"product_brand":[],"product_cat":[117,395],"product_tag":[507],"class_list":{"0":"post-35092","1":"product","2":"type-product","3":"status-publish","4":"has-post-thumbnail","6":"product_cat-kurtki","7":"product_cat-nowosci","8":"product_tag-kurtka-jeansowa","9":"pa_rozmiar-m","10":"pa_rozmiar-l","11":"pa_rozmiar-xl","12":"pa_rozmiar-s","14":"first","15":"instock","16":"sale","17":"purchasable","18":"product-type-variable"},"_links":{"self":[{"href":"https:\/\/madelinefashion.pl\/sk\/wp-json\/wp\/v2\/product\/35092","targetHints":{"allow":["GET"]}}],"collection":[{"href":"https:\/\/madelinefashion.pl\/sk\/wp-json\/wp\/v2\/product"}],"about":[{"href":"https:\/\/madelinefashion.pl\/sk\/wp-json\/wp\/v2\/types\/product"}],"wp:featuredmedia":[{"embeddable":true,"href":"https:\/\/madelinefashion.pl\/sk\/wp-json\/wp\/v2\/media\/35084"}],"wp:attachment":[{"href":"https:\/\/madelinefashion.pl\/sk\/wp-json\/wp\/v2\/media?parent=35092"}],"wp:term":[{"taxonomy":"product_brand","embeddable":true,"href":"https:\/\/madelinefashion.pl\/sk\/wp-json\/wp\/v2\/product_brand?post=35092"},{"taxonomy":"product_cat","embeddable":true,"href":"https:\/\/madelinefashion.pl\/sk\/wp-json\/wp\/v2\/product_cat?post=35092"},{"taxonomy":"product_tag","embeddable":true,"href":"https:\/\/madelinefashion.pl\/sk\/wp-json\/wp\/v2\/product_tag?post=35092"}],"curies":[{"name":"pracovn\u00fd list","href":"https:\/\/api.w.org\/{rel}","templated":true}]}}

<h3 style="text-align: center;">Bunda Katana Jeans Petro</h3>
<p style="text-align: center;">Džínsová bunda Katana je ideálnym návrhom na blížiacu sa jar. Oversized bunda s obálkovým zapínaním a golierom. Mimoriadne módna ponuka, má dve vrecká a ozdobné odreniny. Zapína sa na gombíky a hodí sa k väčšine každodenného štýlu. Katana je ideálna na topy, tričká, legíny, nohavice - je to veľmi univerzálny model, ktorý sa dodáva vo veľ.<b> SML XL. </b>F3383<b> Dostupné v dvoch farbách.</b></p>
<h3 style="text-align: center;">Rozmery:</h3>
<p style="text-align: center;"><b>36/S</b></p>
<p style="text-align: center;">Celková dĺžka - 54 cm</p>
<p style="text-align: center;">Šírka od pazuchy po pazuchu - 51 cm</p>
<p style="text-align: center;">Šírka v spodnej časti - 44-52 cm (elastický)</p>
<p style="text-align: center;">Dĺžka rukáva od ramena - 48 cm</p>
<p style="text-align: center;">Dĺžka rukáva od podpazušia - 40 cm</p>
<p style="text-align: center;"><b>38/M</b></p>
<p style="text-align: center;">Celková dĺžka - 55 cm</p>
<p style="text-align: center;">Šírka od pazuchy po pazuchu - 52 cm</p>
<p style="text-align: center;">Šírka v spodnej časti - 45-53 cm</p>
<p style="text-align: center;">Dĺžka rukáva od ramena - 50 cm</p>
<p style="text-align: center;">Dĺžka rukáva od podpazušia - 42 cm</p>
<p style="text-align: center;"><b>40/L</b></p>
<p style="text-align: center;">Celková dĺžka - 56 cm</p>
<p style="text-align: center;">Šírka od pazuchy po pazuchu - 55 cm</p>
<p style="text-align: center;">Šírka v spodnej časti - 48-56 cm</p>
<p style="text-align: center;">Dĺžka rukáva od ramena - 50 cm</p>
<p style="text-align: center;">Dĺžka rukáva od podpazušia - 42 cm</p>
<p style="text-align: center;"><b>42/XL</b></p>
<p style="text-align: center;">Celková dĺžka - 57 cm</p>
<p style="text-align: center;">Šírka od pazuchy po pazuchu - 56 cm</p>
<p style="text-align: center;">Šírka v spodnej časti - 49-57 cm</p>
<p style="text-align: center;">Dĺžka rukáva od ramena - 50 cm</p>
<p style="text-align: center;">Dĺžka rukáva od podpazušia - 42 cm</p>
<p style="text-align: center;">Rozmery sa môžu mierne líšiť od uvedených +/- 2cm. Všetky uvedené rozmery sú <strong>meraný byt</strong>. <strong>rozmer x2</strong></p>
<p>&nbsp;</p>
<table width="605">
<tbody>
<tr>
<td width="302">Meno modela</td>
<td width="302">Bunda Katana Jeans Petro</td>
</tr>
<tr>
<td width="302">Farba</td>
<td width="302">Tmavý denim</td>
</tr>
<tr>
<td width="302">veľkosti</td>
<td width="302">SML XL</td>
</tr>
<tr>
<td width="302">Zbierka</td>
<td width="302">Jar leto jeseň zima</td>
</tr>
<tr>
<td width="302">Hood</td>
<td width="302">Nie</td>
</tr>
<tr>
<td width="302">Kvalita</td>
<td width="302">Premium</td>
</tr>
<tr>
<td width="302">zapínanie</td>
<td width="302">tlačidlá</td>
</tr>
</tbody>
</table>
<p style="text-align: center;">Model má <strong>169</strong> cm vysoký, nosí veľkosť každý deň <strong>S</strong></p>
<p style="text-align: center;">Šírka cez prsia 92 cm</p>
<p style="text-align: center;">Šírka v páse 62 cm</p>
<p style="text-align: center;">Šírka v bokoch 94 cm</p>
<p>&nbsp;</p>
<p style="text-align: center;"><span style="font-size: 10pt;"> </span></p>
<p style="text-align: center;">

<p>Rifľová bunda Katana Jeans Petro Katana je perfektnou voľbou na nadchádzajúcu jar. Táto oversized bunda má zapínanie na zväzok a golier. Je to neuveriteľne módny kúsok s dvoma vreckami a ozdobným lemovaním. Zapína sa na gombíky a hodí sa k väčšine každodenných outfitov. Katana sa perfektne hodí k topom, tričkám, legínam a nohaviciam – je to veľmi všestranný kúsok, ktorý...</p>
<div class="klb-readmore post-buttons"><a class="button black outline size-sm" href="https://madelinefashion.pl/sk/kurtka-katana-jeans-petro/">Čítať ďalej <i class="klbth-icon-right-arrow"></i></a></div>

pracovný list
