{"id":35604,"date":"2022-04-22T09:00:56","date_gmt":"2022-04-22T07:00:56","guid":{"rendered":"https:\/\/madelinefashion.pl\/?post_type=product&#038;p=35604"},"modified":"2022-10-05T13:24:58","modified_gmt":"2022-10-05T11:24:58","slug":"komplet-spodnie-top-lizella-czarny","status":"publish","type":"product","link":"https:\/\/madelinefashion.pl\/sk\/komplet-spodnie-top-lizella-czarny\/","title":{"rendered":"Komplet Spodnie + Top Lizella Czarny"},"content":{"rendered":"<h3 style=\"text-align: center;\">Komplet Spodnie + Top Lizella Czarny<\/h3>\n<p style=\"text-align: center;\"><span style=\"vertical-align: inherit;\"><span style=\"vertical-align: inherit;\">Dokonal\u00e1 letn\u00e1 dvojdielna s\u00faprava. <\/span><span style=\"vertical-align: inherit;\">Dobre zvolen\u00e1 horn\u00e1 a spodn\u00e1 \u010das\u0165 \u0161atn\u00edka, aby spolu ladili. <\/span><\/span><br \/>\n<span style=\"vertical-align: inherit;\"><span style=\"vertical-align: inherit;\">Vyberte si na\u0161u s\u00fapravu \u2013 zladen\u00fa spolu! <\/span><span style=\"vertical-align: inherit;\">M\u00f3dny komplet kombinuj\u00faci nohavice s m\u00f3dnym topom, ktor\u00fd je rie\u0161en\u00edm na ka\u017ed\u00fa pr\u00edle\u017eitos\u0165.<\/span><\/span><\/p>\n<p>&nbsp;<\/p>\n<h3 style=\"text-align: center;\"><span style=\"vertical-align: inherit;\"><span style=\"vertical-align: inherit;\">vrchn\u00e9 rozmery:<\/span><\/span><\/h3>\n<p style=\"text-align: center;\"><span style=\"vertical-align: inherit;\"><span style=\"vertical-align: inherit;\">Celkov\u00e1 d\u013a\u017eka: 21 cm<br \/>\n\u0160\u00edrka od pazuchy po pazuchu: 30 - 49 cm x2<\/span><\/span><\/p>\n<h3 style=\"text-align: center;\"><span style=\"vertical-align: inherit;\"><span style=\"vertical-align: inherit;\">Rozmery nohav\u00edc:<\/span><\/span><\/h3>\n<p style=\"text-align: center;\"><span style=\"vertical-align: inherit;\"><span style=\"vertical-align: inherit;\">Celkov\u00e1 d\u013a\u017eka: 105 cm<br \/>\n<\/span><\/span><span style=\"vertical-align: inherit;\"><span style=\"vertical-align: inherit;\">\u0160\u00edrka p\u00e1sa: 34-46 cm (elastick\u00fd) x2<br \/>\n<\/span><\/span><span style=\"vertical-align: inherit;\"><span style=\"vertical-align: inherit;\">\u0160\u00edrka v bokoch: 52-55 cm x2<br \/>\nVn\u00fatorn\u00e1 d\u013a\u017eka nohav\u00edc: 70 cm<br \/>\nV\u00fd\u0161ka: 36 cm<\/span><\/span><\/p>\n<p style=\"text-align: center;\"><strong><span style=\"vertical-align: inherit;\"><span style=\"vertical-align: inherit;\">Materi\u00e1l sa rozd\u00e1va<\/span><\/span><\/strong><\/p>\n<p style=\"text-align: center;\"><span style=\"vertical-align: inherit;\"><span style=\"vertical-align: inherit;\">Rozmery sa m\u00f4\u017eu l\u00ed\u0161i\u0165 od uveden\u00fdch +\/- 2cm. <\/span><span style=\"vertical-align: inherit;\">V\u0161etky uveden\u00e9 rozmery s\u00fa meran\u00e9 plo\u0161ne. rozmer x2<\/span><\/span><\/p>\n<p>&nbsp;<\/p>\n<table style=\"height: 234px;\" width=\"678\">\n<tbody>\n<tr>\n<td width=\"302\"><span style=\"vertical-align: inherit;\"><span style=\"vertical-align: inherit;\">Meno modela<\/span><\/span><\/td>\n<td width=\"302\">Set Nohavice + Top Lizella<\/td>\n<\/tr>\n<tr>\n<td width=\"302\"><span style=\"vertical-align: inherit;\"><span style=\"vertical-align: inherit;\">Vzor<\/span><\/span><\/td>\n<td width=\"302\">\u010dierna<\/td>\n<\/tr>\n<tr>\n<td width=\"302\"><span style=\"vertical-align: inherit;\"><span style=\"vertical-align: inherit;\">Zbierka<\/span><\/span><\/td>\n<td width=\"302\"><span style=\"vertical-align: inherit;\"><span style=\"vertical-align: inherit;\">Jar \/ jese\u0148 \/ zima<\/span><\/span><\/td>\n<\/tr>\n<tr>\n<td width=\"302\"><span style=\"vertical-align: inherit;\"><span style=\"vertical-align: inherit;\">ve\u013ekosti<\/span><\/span><\/td>\n<td width=\"302\"><span style=\"vertical-align: inherit;\"><span style=\"vertical-align: inherit;\">Univerz\u00e1lny<\/span><\/span><\/td>\n<\/tr>\n<tr>\n<td width=\"302\"><span style=\"vertical-align: inherit;\"><span style=\"vertical-align: inherit;\">Hore<\/span><\/span><\/td>\n<td width=\"302\"><span style=\"vertical-align: inherit;\"><span style=\"vertical-align: inherit;\">Zhoda<\/span><\/span><\/td>\n<\/tr>\n<tr>\n<td width=\"302\"><span style=\"vertical-align: inherit;\"><span style=\"vertical-align: inherit;\">Nohavice<\/span><\/span><\/td>\n<td width=\"302\"><span style=\"vertical-align: inherit;\"><span style=\"vertical-align: inherit;\">vo\u013en\u00fd<\/span><\/span><\/td>\n<\/tr>\n<tr>\n<td width=\"302\"><span style=\"vertical-align: inherit;\"><span style=\"vertical-align: inherit;\">Sez\u00f3na<\/span><\/span><\/td>\n<td width=\"302\"><span style=\"vertical-align: inherit;\"><span style=\"vertical-align: inherit;\">Jar leto<\/span><\/span><\/td>\n<\/tr>\n<tr>\n<td width=\"302\"><span style=\"vertical-align: inherit;\"><span style=\"vertical-align: inherit;\">Materi\u00e1l<\/span><\/span><\/td>\n<td width=\"302\"><span style=\"vertical-align: inherit;\"><span style=\"vertical-align: inherit;\">Polyester 100%<\/span><\/span><\/td>\n<\/tr>\n<\/tbody>\n<\/table>\n<p style=\"text-align: center;\">Model m\u00e1\u00a0<strong>169<\/strong>\u00a0cm vysok\u00fd, nos\u00ed ve\u013ekos\u0165 ka\u017ed\u00fd de\u0148\u00a0<strong>S<\/strong><\/p>\n<p style=\"text-align: center;\">\u0160\u00edrka cez prsia 92 cm<\/p>\n<p style=\"text-align: center;\">\u0160\u00edrka v p\u00e1se 62 cm<\/p>\n<p style=\"text-align: center;\">\u0160\u00edrka v bokoch 94 cm<\/p>","protected":false},"excerpt":{"rendered":"<p>Komplet Spodnie + Top Lizella Czarny Idealny zestaw letni dwu cz\u0119\u015bciowy. Dobrze dobrana g\u00f3rna i dolna cz\u0119\u015b\u0107 garderoby, tak by razem wsp\u00f3\u0142gra\u0142y. Wybierz nasz komplet &#8211; dobrany ze sob\u0105 zestawiony! Modny komplet \u0142\u0105cz\u0105cy spodnie z modnym topem, kt\u00f3ra stanowi rozwi\u0105zanie na ka\u017cd\u0105 okazj\u0119. &nbsp; Wymiary top: D\u0142ugo\u015b\u0107 ca\u0142kowita: 21 cm Szeroko\u015b\u0107 od pachy do pachy:<\/p>\n<div class=\"klb-readmore post-buttons\"><a class=\"button black outline size-sm\" href=\"https:\/\/madelinefashion.pl\/sk\/komplet-spodnie-top-lizella-czarny\/\">\u010c\u00edta\u0165 \u010falej <i class=\"klbth-icon-right-arrow\"><\/i><\/a><\/div>","protected":false},"featured_media":35593,"template":"","meta":[],"product_brand":[],"product_cat":[89],"product_tag":[],"class_list":{"0":"post-35604","1":"product","2":"type-product","3":"status-publish","4":"has-post-thumbnail","6":"product_cat-komplety","8":"first","9":"outofstock","10":"purchasable","11":"product-type-simple"},"_links":{"self":[{"href":"https:\/\/madelinefashion.pl\/sk\/wp-json\/wp\/v2\/product\/35604","targetHints":{"allow":["GET"]}}],"collection":[{"href":"https:\/\/madelinefashion.pl\/sk\/wp-json\/wp\/v2\/product"}],"about":[{"href":"https:\/\/madelinefashion.pl\/sk\/wp-json\/wp\/v2\/types\/product"}],"wp:featuredmedia":[{"embeddable":true,"href":"https:\/\/madelinefashion.pl\/sk\/wp-json\/wp\/v2\/media\/35593"}],"wp:attachment":[{"href":"https:\/\/madelinefashion.pl\/sk\/wp-json\/wp\/v2\/media?parent=35604"}],"wp:term":[{"taxonomy":"product_brand","embeddable":true,"href":"https:\/\/madelinefashion.pl\/sk\/wp-json\/wp\/v2\/product_brand?post=35604"},{"taxonomy":"product_cat","embeddable":true,"href":"https:\/\/madelinefashion.pl\/sk\/wp-json\/wp\/v2\/product_cat?post=35604"},{"taxonomy":"product_tag","embeddable":true,"href":"https:\/\/madelinefashion.pl\/sk\/wp-json\/wp\/v2\/product_tag?post=35604"}],"curies":[{"name":"pracovn\u00fd list","href":"https:\/\/api.w.org\/{rel}","templated":true}]}}

<h3 style="text-align: center;">Komplet Spodnie + Top Lizella Czarny</h3>
<p style="text-align: center;"><span style="vertical-align: inherit;"><span style="vertical-align: inherit;">Dokonalá letná dvojdielna súprava. </span><span style="vertical-align: inherit;">Dobre zvolená horná a spodná časť šatníka, aby spolu ladili. </span></span><br />
<span style="vertical-align: inherit;"><span style="vertical-align: inherit;">Vyberte si našu súpravu – zladenú spolu! </span><span style="vertical-align: inherit;">Módny komplet kombinujúci nohavice s módnym topom, ktorý je riešením na každú príležitosť.</span></span></p>
<p>&nbsp;</p>
<h3 style="text-align: center;"><span style="vertical-align: inherit;"><span style="vertical-align: inherit;">vrchné rozmery:</span></span></h3>
<p style="text-align: center;"><span style="vertical-align: inherit;"><span style="vertical-align: inherit;">Celková dĺžka: 21 cm<br />
Šírka od pazuchy po pazuchu: 30 - 49 cm x2</span></span></p>
<h3 style="text-align: center;"><span style="vertical-align: inherit;"><span style="vertical-align: inherit;">Rozmery nohavíc:</span></span></h3>
<p style="text-align: center;"><span style="vertical-align: inherit;"><span style="vertical-align: inherit;">Celková dĺžka: 105 cm<br />
</span></span><span style="vertical-align: inherit;"><span style="vertical-align: inherit;">Šírka pása: 34-46 cm (elastický) x2<br />
</span></span><span style="vertical-align: inherit;"><span style="vertical-align: inherit;">Šírka v bokoch: 52-55 cm x2<br />
Vnútorná dĺžka nohavíc: 70 cm<br />
Výška: 36 cm</span></span></p>
<p style="text-align: center;"><strong><span style="vertical-align: inherit;"><span style="vertical-align: inherit;">Materiál sa rozdáva</span></span></strong></p>
<p style="text-align: center;"><span style="vertical-align: inherit;"><span style="vertical-align: inherit;">Rozmery sa môžu líšiť od uvedených +/- 2cm. </span><span style="vertical-align: inherit;">Všetky uvedené rozmery sú merané plošne. rozmer x2</span></span></p>
<p>&nbsp;</p>
<table style="height: 234px;" width="678">
<tbody>
<tr>
<td width="302"><span style="vertical-align: inherit;"><span style="vertical-align: inherit;">Meno modela</span></span></td>
<td width="302">Set Nohavice + Top Lizella</td>
</tr>
<tr>
<td width="302"><span style="vertical-align: inherit;"><span style="vertical-align: inherit;">Vzor</span></span></td>
<td width="302">čierna</td>
</tr>
<tr>
<td width="302"><span style="vertical-align: inherit;"><span style="vertical-align: inherit;">Zbierka</span></span></td>
<td width="302"><span style="vertical-align: inherit;"><span style="vertical-align: inherit;">Jar / jeseň / zima</span></span></td>
</tr>
<tr>
<td width="302"><span style="vertical-align: inherit;"><span style="vertical-align: inherit;">veľkosti</span></span></td>
<td width="302"><span style="vertical-align: inherit;"><span style="vertical-align: inherit;">Univerzálny</span></span></td>
</tr>
<tr>
<td width="302"><span style="vertical-align: inherit;"><span style="vertical-align: inherit;">Hore</span></span></td>
<td width="302"><span style="vertical-align: inherit;"><span style="vertical-align: inherit;">Zhoda</span></span></td>
</tr>
<tr>
<td width="302"><span style="vertical-align: inherit;"><span style="vertical-align: inherit;">Nohavice</span></span></td>
<td width="302"><span style="vertical-align: inherit;"><span style="vertical-align: inherit;">voľný</span></span></td>
</tr>
<tr>
<td width="302"><span style="vertical-align: inherit;"><span style="vertical-align: inherit;">Sezóna</span></span></td>
<td width="302"><span style="vertical-align: inherit;"><span style="vertical-align: inherit;">Jar leto</span></span></td>
</tr>
<tr>
<td width="302"><span style="vertical-align: inherit;"><span style="vertical-align: inherit;">Materiál</span></span></td>
<td width="302"><span style="vertical-align: inherit;"><span style="vertical-align: inherit;">Polyester 100%</span></span></td>
</tr>
</tbody>
</table>
<p style="text-align: center;">Model má <strong>169</strong> cm vysoký, nosí veľkosť každý deň <strong>S</strong></p>
<p style="text-align: center;">Šírka cez prsia 92 cm</p>
<p style="text-align: center;">Šírka v páse 62 cm</p>
<p style="text-align: center;">Šírka v bokoch 94 cm</p>

<p>Komplet Spodnie + Top Lizella Czarny Idealny zestaw letni dwu częściowy. Dobrze dobrana górna i dolna część garderoby, tak by razem współgrały. Wybierz nasz komplet &#8211; dobrany ze sobą zestawiony! Modny komplet łączący spodnie z modnym topem, która stanowi rozwiązanie na każdą okazję. &nbsp; Wymiary top: Długość całkowita: 21 cm Szerokość od pachy do pachy:</p>
<div class="klb-readmore post-buttons"><a class="button black outline size-sm" href="https://madelinefashion.pl/sk/komplet-spodnie-top-lizella-czarny/">Čítať ďalej <i class="klbth-icon-right-arrow"></i></a></div>

pracovný list
