{"id":40136,"date":"2022-05-20T14:54:00","date_gmt":"2022-05-20T12:54:00","guid":{"rendered":"https:\/\/madelinefashion.pl\/?post_type=product&#038;p=40136"},"modified":"2026-01-20T10:33:49","modified_gmt":"2026-01-20T09:33:49","slug":"bluzka-aurelia-pudrowy-roz","status":"publish","type":"product","link":"https:\/\/madelinefashion.pl\/sk\/bluzka-aurelia-pudrowy-roz\/","title":{"rendered":"Aurelia bl\u00fazka p\u00fadrov\u00e1 ru\u017eov\u00e1"},"content":{"rendered":"<h3 style=\"text-align: center;\">Aurelia bl\u00fazka p\u00fadrov\u00e1 ru\u017eov\u00e1<\/h3>\n<p style=\"text-align: center;\">Bl\u00fazka Aurelia sa bude hodi\u0165 k v\u00e4\u010d\u0161ine \u0161t\u00fdlov - v\u010faka vzoru. Pr\u00edjemn\u00fd na dotyk, priedu\u0161n\u00fd materi\u00e1l v\u00e1m poskytne pohodlie. Skombinujte ju s d\u017e\u00ednsovou katanou a voskovan\u00fdmi nohavicami. Dostupn\u00e9 v na\u0161ej predajni v r\u00f4znych farb\u00e1ch. Ide o model, v ktorom nezostanete bez pov\u0161imnutia. ve\u013ekos\u0165 je<strong> univerz\u00e1lne odpor\u00fa\u010dan\u00e9 od S po XXL\u00a0<\/strong><\/p>\n<h3 style=\"text-align: center;\">Rozmery :<\/h3>\n<ul>\n<li style=\"text-align: center;\">\u00a0\u00a0\u00a0\u00a0\u00a0\u00a0\u00a0 Celkov\u00e1 d\u013a\u017eka: 59 cm<\/li>\n<li style=\"text-align: center;\">\u00a0 \u00a0 \u00a0 \u00a0 \u0160\u00edrka od pazuchy po pazuchu: 53 cm - 58 cm<\/li>\n<li style=\"text-align: center;\">\u0160\u00edrka v spodnej \u010dasti: 57 cm - 60 cm<\/li>\n<\/ul>\n<p style=\"text-align: center;\">Rozmery sa m\u00f4\u017eu mierne l\u00ed\u0161i\u0165 od uveden\u00fdch +\/- 2cm. V\u0161etky uveden\u00e9 rozmery s\u00fa meran\u00e9 plo\u0161ne.<\/p>\n<table>\n<tbody>\n<tr>\n<td width=\"302\">Meno modela<\/td>\n<td width=\"302\">Bl\u00fazka Aurelia<\/td>\n<\/tr>\n<tr>\n<td width=\"302\">Farba<\/td>\n<td width=\"302\">P\u00fadrov\u00e1 ru\u017eov\u00e1<\/td>\n<\/tr>\n<tr>\n<td width=\"302\">ve\u013ekosti<\/td>\n<td width=\"302\">Univerz\u00e1lny<\/td>\n<\/tr>\n<tr>\n<td width=\"302\">M\u00f3da<\/td>\n<td width=\"302\">nadrozmern\u00e9<\/td>\n<\/tr>\n<tr>\n<td width=\"302\">Materi\u00e1l<\/td>\n<td width=\"302\">95 % Polyester 5% Elastan<\/td>\n<\/tr>\n<\/tbody>\n<\/table>\n<p style=\"text-align: center;\"><span style=\"font-size: 10pt;\">\u00a0<\/span><\/p>\n<p style=\"text-align: center;\">Model m\u00e1\u00a0<strong>169<\/strong>\u00a0cm vysok\u00fd, nos\u00ed ve\u013ekos\u0165 ka\u017ed\u00fd de\u0148\u00a0<strong>S<\/strong><\/p>\n<p style=\"text-align: center;\">\u0160\u00edrka cez prsia 92 cm<\/p>\n<p style=\"text-align: center;\">\u0160\u00edrka v p\u00e1se 62 cm<\/p>\n<p style=\"text-align: center;\">\u0160\u00edrka v bokoch 94 cm<\/p>","protected":false},"excerpt":{"rendered":"<p>Bluzka Aurelia Pudrowy R\u00f3\u017c Bluzka Aurelia\u00a0 b\u0119dzie pasowa\u0142a do wi\u0119kszo\u015bci stylizacji\u2013 ze wzgl\u0119du na wz\u00f3r. Przyjemny w dotyku, oddychaj\u0105cy materia\u0142 zapewni Ci komfort noszenia. Po\u0142\u0105cz go z jeansowi katan\u0105 i woskowanymi spodniami. Dost\u0119pna w naszym sklepie w r\u00f3\u017cnych wariantach kolorystycznych. Jest to model, w kt\u00f3rym nie przejdziesz nie zauwa\u017cona. Rozmiar jest uniwersalny zalecany od S<\/p>\n<div class=\"klb-readmore post-buttons\"><a class=\"button black outline size-sm\" href=\"https:\/\/madelinefashion.pl\/sk\/bluzka-aurelia-pudrowy-roz\/\">\u010c\u00edta\u0165 \u010falej <i class=\"klbth-icon-right-arrow\"><\/i><\/a><\/div>","protected":false},"featured_media":40030,"template":"","meta":[],"product_brand":[],"product_cat":[77,85],"product_tag":[],"class_list":{"0":"post-40136","1":"product","2":"type-product","3":"status-publish","4":"has-post-thumbnail","6":"product_cat-bluzki","7":"product_cat-t-shirty","8":"pa_rozmiar-s-m","9":"pa_rozmiar-l-xl","11":"first","12":"instock","13":"sale","14":"purchasable","15":"product-type-simple"},"_links":{"self":[{"href":"https:\/\/madelinefashion.pl\/sk\/wp-json\/wp\/v2\/product\/40136","targetHints":{"allow":["GET"]}}],"collection":[{"href":"https:\/\/madelinefashion.pl\/sk\/wp-json\/wp\/v2\/product"}],"about":[{"href":"https:\/\/madelinefashion.pl\/sk\/wp-json\/wp\/v2\/types\/product"}],"wp:featuredmedia":[{"embeddable":true,"href":"https:\/\/madelinefashion.pl\/sk\/wp-json\/wp\/v2\/media\/40030"}],"wp:attachment":[{"href":"https:\/\/madelinefashion.pl\/sk\/wp-json\/wp\/v2\/media?parent=40136"}],"wp:term":[{"taxonomy":"product_brand","embeddable":true,"href":"https:\/\/madelinefashion.pl\/sk\/wp-json\/wp\/v2\/product_brand?post=40136"},{"taxonomy":"product_cat","embeddable":true,"href":"https:\/\/madelinefashion.pl\/sk\/wp-json\/wp\/v2\/product_cat?post=40136"},{"taxonomy":"product_tag","embeddable":true,"href":"https:\/\/madelinefashion.pl\/sk\/wp-json\/wp\/v2\/product_tag?post=40136"}],"curies":[{"name":"pracovn\u00fd list","href":"https:\/\/api.w.org\/{rel}","templated":true}]}}

Aurelia blúzka púdrová ružová

<h3 style="text-align: center;">Aurelia blúzka púdrová ružová</h3>
<p style="text-align: center;">Blúzka Aurelia sa bude hodiť k väčšine štýlov - vďaka vzoru. Príjemný na dotyk, priedušný materiál vám poskytne pohodlie. Skombinujte ju s džínsovou katanou a voskovanými nohavicami. Dostupné v našej predajni v rôznych farbách. Ide o model, v ktorom nezostanete bez povšimnutia. veľkosť je<strong> univerzálne odporúčané od S po XXL </strong></p>
<h3 style="text-align: center;">Rozmery :</h3>
<ul>
<li style="text-align: center;">        Celková dĺžka: 59 cm</li>
<li style="text-align: center;">        Šírka od pazuchy po pazuchu: 53 cm - 58 cm</li>
<li style="text-align: center;">Šírka v spodnej časti: 57 cm - 60 cm</li>
</ul>
<p style="text-align: center;">Rozmery sa môžu mierne líšiť od uvedených +/- 2cm. Všetky uvedené rozmery sú merané plošne.</p>
<table>
<tbody>
<tr>
<td width="302">Meno modela</td>
<td width="302">Blúzka Aurelia</td>
</tr>
<tr>
<td width="302">Farba</td>
<td width="302">Púdrová ružová</td>
</tr>
<tr>
<td width="302">veľkosti</td>
<td width="302">Univerzálny</td>
</tr>
<tr>
<td width="302">Móda</td>
<td width="302">nadrozmerné</td>
</tr>
<tr>
<td width="302">Materiál</td>
<td width="302">95 % Polyester 5% Elastan</td>
</tr>
</tbody>
</table>
<p style="text-align: center;"><span style="font-size: 10pt;"> </span></p>
<p style="text-align: center;">Model má <strong>169</strong> cm vysoký, nosí veľkosť každý deň <strong>S</strong></p>
<p style="text-align: center;">Šírka cez prsia 92 cm</p>
<p style="text-align: center;">Šírka v páse 62 cm</p>
<p style="text-align: center;">Šírka v bokoch 94 cm</p>

<p>Bluzka Aurelia Pudrowy Róż Bluzka Aurelia  będzie pasowała do większości stylizacji– ze względu na wzór. Przyjemny w dotyku, oddychający materiał zapewni Ci komfort noszenia. Połącz go z jeansowi kataną i woskowanymi spodniami. Dostępna w naszym sklepie w różnych wariantach kolorystycznych. Jest to model, w którym nie przejdziesz nie zauważona. Rozmiar jest uniwersalny zalecany od S</p>
<div class="klb-readmore post-buttons"><a class="button black outline size-sm" href="https://madelinefashion.pl/sk/bluzka-aurelia-pudrowy-roz/">Čítať ďalej <i class="klbth-icon-right-arrow"></i></a></div>

pracovný list
