{"id":40709,"date":"2022-05-24T14:38:23","date_gmt":"2022-05-24T12:38:23","guid":{"rendered":"https:\/\/madelinefashion.pl\/?post_type=product&#038;p=40709"},"modified":"2025-09-12T15:15:48","modified_gmt":"2025-09-12T13:15:48","slug":"sukienka-boho-koronkowa-biala-kossi","status":"publish","type":"product","link":"https:\/\/madelinefashion.pl\/sk\/sukienka-boho-koronkowa-biala-kossi\/","title":{"rendered":"Kossi biele \u010dipkovan\u00e9 Boho \u0161aty"},"content":{"rendered":"<h3 style=\"text-align: center;\">Kossi biele \u010dipkovan\u00e9 Boho \u0161aty<\/h3>\n<p style=\"text-align: center;\"><strong>Kossi biele \u010dipkovan\u00e9 Boho \u0161aty<\/strong> je to perfektn\u00e1 ponuka na ka\u017edodenn\u00e9 aj ve\u010dern\u00e9 v\u00fdlety! \u0160aty s\u00fa vyroben\u00e9 z najkvalitnej\u0161ieho, na dotyk pr\u00edjemn\u00e9ho materi\u00e1lu, ktor\u00fd vyzer\u00e1 ve\u013emi dobre <strong>\u017eensk\u00fd<\/strong>. Vzdu\u0161n\u00fd\u00a0<a href=\"https:\/\/madelinefashion.pl\/sk\/sukienki-i-kombinezony\/sukienki\/\">\u0161aty<\/a> bude perfektn\u00fd po\u010das sviatkov, stretnut\u00ed s priate\u013emi a dokonca aj po\u010das osl\u00e1v. \u0160aty maj\u00fa v\u0161it\u00fa bavlnen\u00fa pod\u0161\u00edvku, nie s\u00fa priesvitn\u00e9. Bol vyroben\u00fd kvalitne <strong>pr\u00e9mie.<\/strong> Ozdobn\u00fd prelamovan\u00fd vrch z neho rob\u00ed mimoriadne \u017eensk\u00fd. <strong>\u0160aty v boho \u0161t\u00fdle<\/strong> zdoben\u00fd mu\u0161li\u010dkami pri v\u00fdstrihu a m\u00e1 \u0161n\u00farky zakon\u010den\u00e9 bambulkou, \u010do dod\u00e1 \u0161arm ka\u017edej \u017eene. Prelamovan\u00e9 letn\u00e9 \u0161aty d<span lang=\"pl-pl\" xml:lang=\"pl-pl\">dokonale o\u017eiv\u00ed ka\u017ed\u00fa va\u0161u \u0161tyliz\u00e1ciu. \u0160aty maj\u00fa pod\u0161\u00edvku. V kombin\u00e1cii s <a href=\"https:\/\/madelinefashion.pl\/sk\/product-tag\/ramoneski\/\">Ramones<\/a>\u00a0alebo\u00a0<a href=\"https:\/\/madelinefashion.pl\/sk\/?s=marynarka&amp;post_type=product\">bunda<\/a> vytvor\u00edte \u0161t\u00fdlov\u00fd styling na ka\u017ed\u00fd de\u0148! <\/span>Na\u0161e \u0161aty s\u00fa ide\u00e1lnym n\u00e1vrhom pre\u00a0<strong>tepl\u00e9 jarn\u00e9 a letn\u00e9 dni<\/strong>.\u00a0<strong>odpor\u00fa\u010dan\u00e9<\/strong> pre d\u00e1my vo ve\u013e\u00a0<strong> XS SML<\/strong>\u00a0ak nos\u00edte v\u00e4\u010d\u0161iu ve\u013ekos\u0165, pozrite si tabu\u013eku ni\u017e\u0161ie.<\/p>\n<h3 style=\"text-align: center;\">Rozmery \u0161iat:<\/h3>\n<ul style=\"text-align: center;\">\n<li>celkov\u00e1 d\u013a\u017eka 93 cm<\/li>\n<li>\u0161\u00edrka od pazuchy po pazuchu: 31-45 cm<\/li>\n<li>\u0161\u00edrka p\u00e1sa: 32-40 cm<\/li>\n<\/ul>\n<p>&nbsp;<\/p>\n<p style=\"text-align: center;\">Rozmery sa m\u00f4\u017eu mierne l\u00ed\u0161i\u0165 od uveden\u00fdch +\/- 2cm. V\u0161etky uveden\u00e9 rozmery s\u00fa meran\u00e9 plo\u0161ne. <strong>rozmer x2<\/strong><\/p>\n<table style=\"height: 257px;\" width=\"689\">\n<tbody>\n<tr>\n<td width=\"302\"><\/td>\n<td width=\"302\"><strong>Kossi biele \u010dipkovan\u00e9 Boho \u0161aty<\/strong><\/td>\n<\/tr>\n<tr>\n<td width=\"302\">Farba<\/td>\n<td width=\"302\">biely<\/td>\n<\/tr>\n<tr>\n<td width=\"302\">Zbierka<\/td>\n<td width=\"302\">Jar leto<\/td>\n<\/tr>\n<tr>\n<td width=\"302\">ve\u013ekosti<\/td>\n<td width=\"302\">Univerz\u00e1lny<\/td>\n<\/tr>\n<tr>\n<td width=\"302\">Zlo\u017eenie<\/td>\n<td width=\"302\">45% Bavlna 55% Visk\u00f3za<\/td>\n<\/tr>\n<tr>\n<td width=\"302\">D\u013a\u017eka<\/td>\n<td width=\"302\">Pred kolenom<\/td>\n<\/tr>\n<tr>\n<td width=\"302\">\u0160tiepenie<\/td>\n<td width=\"302\">V<\/td>\n<\/tr>\n<\/tbody>\n<\/table>\n<p>&nbsp;<\/p>\n<section class=\"page-product-box\">\n<div class=\"rte\">\n<p style=\"text-align: center;\">Model m\u00e1\u00a0<strong>169<\/strong>\u00a0cm vysok\u00fd, nos\u00ed ve\u013ekos\u0165 ka\u017ed\u00fd de\u0148\u00a0<strong>S<\/strong><\/p>\n<p style=\"text-align: center;\">\u0160\u00edrka cez prsia 92 cm<\/p>\n<p style=\"text-align: center;\">\u0160\u00edrka v p\u00e1se 62 cm<\/p>\n<p style=\"text-align: center;\">\u0160\u00edrka v bokoch 94 cm<\/p>\n<p style=\"text-align: center;\">\n<\/div>\n<\/section>","protected":false},"excerpt":{"rendered":"<p>Sukienka Boho Koronkowa Bia\u0142a Kossi Sukienka Boho Koronkowa Bia\u0142a Kossi to idealna propozycja zar\u00f3wno na co dzie\u0144 jak i na wieczorne wyj\u015bcie! Sukienka wykonana jest z najwy\u017cszej jako\u015bci, przyjemnego w dotyku materia\u0142u, kt\u00f3ry wygl\u0105da bardzo kobieco. Zwiewna\u00a0sukienka sprawdzi si\u0119 podczas urlopu, spotka\u0144 ze znajomymi a nawet podczas uroczysto\u015bci. \u00a0Sukienka ma wszyt\u0105 bawe\u0142nian\u0105 podszewk\u0119, nie prze\u015bwituje.<\/p>\n<div class=\"klb-readmore post-buttons\"><a class=\"button black outline size-sm\" href=\"https:\/\/madelinefashion.pl\/sk\/sukienka-boho-koronkowa-biala-kossi\/\">\u010c\u00edta\u0165 \u010falej <i class=\"klbth-icon-right-arrow\"><\/i><\/a><\/div>","protected":false},"featured_media":40701,"template":"","meta":[],"product_brand":[],"product_cat":[125,395],"product_tag":[219],"class_list":{"0":"post-40709","1":"product","2":"type-product","3":"status-publish","4":"has-post-thumbnail","6":"product_cat-sukienki","7":"product_cat-nowosci","8":"product_tag-sukienka-biala","10":"first","11":"instock","12":"purchasable","13":"product-type-simple"},"_links":{"self":[{"href":"https:\/\/madelinefashion.pl\/sk\/wp-json\/wp\/v2\/product\/40709","targetHints":{"allow":["GET"]}}],"collection":[{"href":"https:\/\/madelinefashion.pl\/sk\/wp-json\/wp\/v2\/product"}],"about":[{"href":"https:\/\/madelinefashion.pl\/sk\/wp-json\/wp\/v2\/types\/product"}],"wp:featuredmedia":[{"embeddable":true,"href":"https:\/\/madelinefashion.pl\/sk\/wp-json\/wp\/v2\/media\/40701"}],"wp:attachment":[{"href":"https:\/\/madelinefashion.pl\/sk\/wp-json\/wp\/v2\/media?parent=40709"}],"wp:term":[{"taxonomy":"product_brand","embeddable":true,"href":"https:\/\/madelinefashion.pl\/sk\/wp-json\/wp\/v2\/product_brand?post=40709"},{"taxonomy":"product_cat","embeddable":true,"href":"https:\/\/madelinefashion.pl\/sk\/wp-json\/wp\/v2\/product_cat?post=40709"},{"taxonomy":"product_tag","embeddable":true,"href":"https:\/\/madelinefashion.pl\/sk\/wp-json\/wp\/v2\/product_tag?post=40709"}],"curies":[{"name":"pracovn\u00fd list","href":"https:\/\/api.w.org\/{rel}","templated":true}]}}

Kossi biele čipkované Boho šaty

<h3 style="text-align: center;">Kossi biele čipkované Boho šaty</h3>
<p style="text-align: center;"><strong>Kossi biele čipkované Boho šaty</strong> je to perfektná ponuka na každodenné aj večerné výlety! Šaty sú vyrobené z najkvalitnejšieho, na dotyk príjemného materiálu, ktorý vyzerá veľmi dobre <strong>ženský</strong>. Vzdušný <a href="https://madelinefashion.pl/sk/sukienki-i-kombinezony/sukienki/">šaty</a> bude perfektný počas sviatkov, stretnutí s priateľmi a dokonca aj počas osláv. Šaty majú všitú bavlnenú podšívku, nie sú priesvitné. Bol vyrobený kvalitne <strong>prémie.</strong> Ozdobný prelamovaný vrch z neho robí mimoriadne ženský. <strong>Šaty v boho štýle</strong> zdobený mušličkami pri výstrihu a má šnúrky zakončené bambulkou, čo dodá šarm každej žene. Prelamované letné šaty d<span lang="pl-pl" xml:lang="pl-pl">dokonale oživí každú vašu štylizáciu. Šaty majú podšívku. V kombinácii s <a href="https://madelinefashion.pl/sk/product-tag/ramoneski/">Ramones</a> alebo <a href="https://madelinefashion.pl/sk/?s=marynarka&amp;post_type=product">bunda</a> vytvoríte štýlový styling na každý deň! </span>Naše šaty sú ideálnym návrhom pre <strong>teplé jarné a letné dni</strong>. <strong>odporúčané</strong> pre dámy vo veľ <strong> XS SML</strong> ak nosíte väčšiu veľkosť, pozrite si tabuľku nižšie.</p>
<h3 style="text-align: center;">Rozmery šiat:</h3>
<ul style="text-align: center;">
<li>celková dĺžka 93 cm</li>
<li>šírka od pazuchy po pazuchu: 31-45 cm</li>
<li>šírka pása: 32-40 cm</li>
</ul>
<p>&nbsp;</p>
<p style="text-align: center;">Rozmery sa môžu mierne líšiť od uvedených +/- 2cm. Všetky uvedené rozmery sú merané plošne. <strong>rozmer x2</strong></p>
<table style="height: 257px;" width="689">
<tbody>
<tr>
<td width="302"></td>
<td width="302"><strong>Kossi biele čipkované Boho šaty</strong></td>
</tr>
<tr>
<td width="302">Farba</td>
<td width="302">biely</td>
</tr>
<tr>
<td width="302">Zbierka</td>
<td width="302">Jar leto</td>
</tr>
<tr>
<td width="302">veľkosti</td>
<td width="302">Univerzálny</td>
</tr>
<tr>
<td width="302">Zloženie</td>
<td width="302">45% Bavlna 55% Viskóza</td>
</tr>
<tr>
<td width="302">Dĺžka</td>
<td width="302">Pred kolenom</td>
</tr>
<tr>
<td width="302">Štiepenie</td>
<td width="302">V</td>
</tr>
</tbody>
</table>
<p>&nbsp;</p>
<section class="page-product-box">
<div class="rte">
<p style="text-align: center;">Model má <strong>169</strong> cm vysoký, nosí veľkosť každý deň <strong>S</strong></p>
<p style="text-align: center;">Šírka cez prsia 92 cm</p>
<p style="text-align: center;">Šírka v páse 62 cm</p>
<p style="text-align: center;">Šírka v bokoch 94 cm</p>
<p style="text-align: center;">
</div>
</section>

<p>Sukienka Boho Koronkowa Biała Kossi Sukienka Boho Koronkowa Biała Kossi to idealna propozycja zarówno na co dzień jak i na wieczorne wyjście! Sukienka wykonana jest z najwyższej jakości, przyjemnego w dotyku materiału, który wygląda bardzo kobieco. Zwiewna sukienka sprawdzi się podczas urlopu, spotkań ze znajomymi a nawet podczas uroczystości.  Sukienka ma wszytą bawełnianą podszewkę, nie prześwituje.</p>
<div class="klb-readmore post-buttons"><a class="button black outline size-sm" href="https://madelinefashion.pl/sk/sukienka-boho-koronkowa-biala-kossi/">Čítať ďalej <i class="klbth-icon-right-arrow"></i></a></div>

pracovný list
