{"id":40711,"date":"2022-05-24T14:43:59","date_gmt":"2022-05-24T12:43:59","guid":{"rendered":"https:\/\/madelinefashion.pl\/?post_type=product&#038;p=40711"},"modified":"2025-09-09T10:28:06","modified_gmt":"2025-09-09T08:28:06","slug":"sukienka-mini-w-kwiaty-funns-pudrowy-roz","status":"publish","type":"product","link":"https:\/\/madelinefashion.pl\/sk\/sukienka-mini-w-kwiaty-funns-pudrowy-roz\/","title":{"rendered":"Kvetinov\u00e9 mini\u0161aty Funns Powder Pink"},"content":{"rendered":"<h3 style=\"text-align: center;\">Kvetinov\u00e9 mini\u0161aty Funns Powder Pink<\/h3>\n<p style=\"text-align: center;\"><span style=\"font-size: 10pt;\"><span style=\"font-size: 10pt;\"><strong>Kvetinov\u00e9 mini\u0161aty Funns Powder Pink<\/strong> S<\/span><strong style=\"font-size: 10pt;\">mal\u00e9 okno<\/strong><span style=\"font-size: 10pt;\"> s potla\u010dou<\/span><\/span><span style=\"font-size: 10pt;\">\u00a0Kvety, v buste m\u00e1 kr\u00e1sne zvr\u00e1snenie. Tenk\u00e9 ramienka zais\u0165uj\u00fa pohodlie pri nosen\u00ed. <\/span><span style=\"font-size: 10pt;\">S<\/span><strong style=\"font-size: 10pt;\">kvetinov\u00e9 \u0161aty urobia n\u00e1\u0161 vzh\u013ead svie\u017eim, m\u00f3dnym a ve\u013emi \u017eensk\u00fdm <\/strong><span style=\"font-size: 10pt;\"> je to ide\u00e1lna ponuka na jarno-letn\u00fa sez\u00f3nu. Preto na\u0161a ponuka obsahuje jedine\u010dn\u00e9 n\u00e1vrhy na letn\u00e9 kvetinov\u00e9 \u0161aty, ktor\u00e9 m\u00f4\u017eete nosi\u0165 na mnoho r\u00f4znych sp\u00f4sobov. <\/span><span style=\"font-size: 10pt;\">Leto <strong>vzdu\u0161n\u00fd<\/strong><\/span><b style=\"font-size: 10pt;\">\u00a0tie kvetinov\u00e9 \u0161aty s\u00fa dokonal\u00e9 <\/b><span style=\"font-size: 13.3333px;\"><b>pon\u00faknu\u0165<\/b><\/span><b style=\"font-size: 10pt;\"> aj za to, \u017ee si vyraz\u00edte s kamar\u00e1tkami, rande \u010di svadbu v\u010faka nej <\/b><span style=\"font-size: 10pt;\">z\u00edskate os\u00ed p\u00e1s a nohy do neba.\u00a0<\/span><\/p>\n<p style=\"text-align: center;\"><span style=\"font-size: 10pt;\"><span style=\"font-size: 10pt;\">\u00a0 \u0160aty maj\u00fa<\/span><strong style=\"font-size: 10pt;\"> guma v p\u00e1se<\/strong><span style=\"font-size: 10pt;\"> v\u010faka ktor\u00fdm zv\u00fdrazn\u00edte \u017eensk\u00e9 tvary. Model \u0161iat z ve\u013emi kvalitn\u00e9ho materi\u00e1lu \u2013 <strong>nepresvit\u00e1<\/strong> . Odpor\u00fa\u010dame pre d\u00e1my vo ve\u013ekosti XS SML XL<\/span><br \/>\n<\/span><\/p>\n<p>+<\/p>\n<h3 style=\"text-align: center;\">Rozmery:<\/h3>\n<ul style=\"text-align: center;\">\n<li><span style=\"font-size: 10pt;\">\u00a0\u00a0\u00a0\u00a0\u00a0\u00a0\u00a0 celkov\u00e1 d\u013a\u017eka od ramien: 86 cm<\/span><\/li>\n<li><span style=\"font-size: 10pt;\">\u00a0\u00a0\u00a0\u00a0\u00a0\u00a0\u00a0 \u0161\u00edrka od pazuchy po pazuchu: 31 cm - 52 cm<\/span><span style=\"font-size: 10pt;\"><span style=\"font-size: 10pt;\">\u00a0\u00a0<\/span><\/span><\/li>\n<li>\u0161\u00edrka p\u00e1sa: 26 cm - 46 cm (elastick\u00fd)<\/li>\n<\/ul>\n<p style=\"text-align: center;\">Rozmery sa m\u00f4\u017eu mierne l\u00ed\u0161i\u0165 od uveden\u00fdch +\/- 2cm. V\u0161etky uveden\u00e9 rozmery s\u00fa meran\u00e9 plo\u0161ne. <strong>rozmer x2<\/strong><\/p>\n<p style=\"text-align: center;\"><span style=\"font-size: 10pt;\">\u00a0<\/span><\/p>\n<table style=\"height: 169px;\" width=\"853\">\n<tbody>\n<tr>\n<td width=\"302\">Meno modela<\/td>\n<td width=\"302\">Funns kvetinov\u00e9 mini \u0161aty<\/td>\n<\/tr>\n<tr>\n<td width=\"302\">Farba<\/td>\n<td width=\"302\">P\u00fadrov\u00e1 ru\u017eov\u00e1<\/td>\n<\/tr>\n<tr>\n<td width=\"302\">M\u00f3da<\/td>\n<td width=\"302\">nadrozmern\u00e9<\/td>\n<\/tr>\n<tr>\n<td width=\"302\">Materi\u00e1l<\/td>\n<td width=\"302\">95% Polyester, 5% Elastan<\/td>\n<\/tr>\n<tr>\n<td width=\"302\">D\u013a\u017eka<\/td>\n<td width=\"302\">Na koleno<\/td>\n<\/tr>\n<\/tbody>\n<\/table>\n<p>&nbsp;<\/p>\n<p>&nbsp;<\/p>\n<div class=\"tabs tabs-bb clear mb-80\">\n<div class=\"tab-content\">\n<div id=\"tab-description\" class=\"tab-pane fade in woocommerce-Tabs-panel--description active\">\n<p style=\"text-align: center;\">Model m\u00e1\u00a0<strong>169<\/strong>\u00a0cm vysok\u00fd, nos\u00ed ve\u013ekos\u0165 ka\u017ed\u00fd de\u0148\u00a0<strong>S<\/strong><\/p>\n<p style=\"text-align: center;\">\u0160\u00edrka cez prsia 92 cm<\/p>\n<p style=\"text-align: center;\">\u0160\u00edrka v p\u00e1se 62 cm<\/p>\n<p style=\"text-align: center;\">\u0160\u00edrka v bokoch 94 cm<\/p>\n<\/div>\n<\/div>\n<\/div>\n<section class=\"related products mb-80\"><\/section>\n<p style=\"text-align: center;\">","protected":false},"excerpt":{"rendered":"<p>Sukienka Mini w Kwiaty Funns Pudrowy R\u00f3\u017c Sukienka Mini w Kwiaty Funns Pudrowy R\u00f3\u017c Sukienka z printem\u00a0Kwiatom, w biu\u015bcie posiada pi\u0119kne marszczenie. Cienkie rami\u0105czka zapewniaj\u0105 komfort w noszeniu. Sukienka w kwiaty sprawi, \u017ce nasz look b\u0119dzie \u015bwie\u017cy, modny i bardzo kobiecy jest to idealna propozycja na sezon wiosenno-letni. Dlatego w Naszej ofercie czekaj\u0105 na Ciebie<\/p>\n<div class=\"klb-readmore post-buttons\"><a class=\"button black outline size-sm\" href=\"https:\/\/madelinefashion.pl\/sk\/sukienka-mini-w-kwiaty-funns-pudrowy-roz\/\">\u010c\u00edta\u0165 \u010falej <i class=\"klbth-icon-right-arrow\"><\/i><\/a><\/div>","protected":false},"featured_media":41104,"template":"","meta":[],"product_brand":[],"product_cat":[125,395],"product_tag":[396],"class_list":{"0":"post-40711","1":"product","2":"type-product","3":"status-publish","4":"has-post-thumbnail","6":"product_cat-sukienki","7":"product_cat-nowosci","8":"product_tag-sukienki-w-kwiaty","10":"first","11":"instock","12":"purchasable","13":"product-type-simple"},"_links":{"self":[{"href":"https:\/\/madelinefashion.pl\/sk\/wp-json\/wp\/v2\/product\/40711","targetHints":{"allow":["GET"]}}],"collection":[{"href":"https:\/\/madelinefashion.pl\/sk\/wp-json\/wp\/v2\/product"}],"about":[{"href":"https:\/\/madelinefashion.pl\/sk\/wp-json\/wp\/v2\/types\/product"}],"wp:featuredmedia":[{"embeddable":true,"href":"https:\/\/madelinefashion.pl\/sk\/wp-json\/wp\/v2\/media\/41104"}],"wp:attachment":[{"href":"https:\/\/madelinefashion.pl\/sk\/wp-json\/wp\/v2\/media?parent=40711"}],"wp:term":[{"taxonomy":"product_brand","embeddable":true,"href":"https:\/\/madelinefashion.pl\/sk\/wp-json\/wp\/v2\/product_brand?post=40711"},{"taxonomy":"product_cat","embeddable":true,"href":"https:\/\/madelinefashion.pl\/sk\/wp-json\/wp\/v2\/product_cat?post=40711"},{"taxonomy":"product_tag","embeddable":true,"href":"https:\/\/madelinefashion.pl\/sk\/wp-json\/wp\/v2\/product_tag?post=40711"}],"curies":[{"name":"pracovn\u00fd list","href":"https:\/\/api.w.org\/{rel}","templated":true}]}}

Kvetinové minišaty Funns Powder Pink

<h3 style="text-align: center;">Kvetinové minišaty Funns Powder Pink</h3>
<p style="text-align: center;"><span style="font-size: 10pt;"><span style="font-size: 10pt;"><strong>Kvetinové minišaty Funns Powder Pink</strong> S</span><strong style="font-size: 10pt;">malé okno</strong><span style="font-size: 10pt;"> s potlačou</span></span><span style="font-size: 10pt;"> Kvety, v buste má krásne zvrásnenie. Tenké ramienka zaisťujú pohodlie pri nosení. </span><span style="font-size: 10pt;">S</span><strong style="font-size: 10pt;">kvetinové šaty urobia náš vzhľad sviežim, módnym a veľmi ženským </strong><span style="font-size: 10pt;"> je to ideálna ponuka na jarno-letnú sezónu. Preto naša ponuka obsahuje jedinečné návrhy na letné kvetinové šaty, ktoré môžete nosiť na mnoho rôznych spôsobov. </span><span style="font-size: 10pt;">Leto <strong>vzdušný</strong></span><b style="font-size: 10pt;"> tie kvetinové šaty sú dokonalé </b><span style="font-size: 13.3333px;"><b>ponúknuť</b></span><b style="font-size: 10pt;"> aj za to, že si vyrazíte s kamarátkami, rande či svadbu vďaka nej </b><span style="font-size: 10pt;">získate osí pás a nohy do neba. </span></p>
<p style="text-align: center;"><span style="font-size: 10pt;"><span style="font-size: 10pt;">  Šaty majú</span><strong style="font-size: 10pt;"> guma v páse</strong><span style="font-size: 10pt;"> vďaka ktorým zvýrazníte ženské tvary. Model šiat z veľmi kvalitného materiálu – <strong>nepresvitá</strong> . Odporúčame pre dámy vo veľkosti XS SML XL</span><br />
</span></p>
<p>+</p>
<h3 style="text-align: center;">Rozmery:</h3>
<ul style="text-align: center;">
<li><span style="font-size: 10pt;">        celková dĺžka od ramien: 86 cm</span></li>
<li><span style="font-size: 10pt;">        šírka od pazuchy po pazuchu: 31 cm - 52 cm</span><span style="font-size: 10pt;"><span style="font-size: 10pt;">  </span></span></li>
<li>šírka pása: 26 cm - 46 cm (elastický)</li>
</ul>
<p style="text-align: center;">Rozmery sa môžu mierne líšiť od uvedených +/- 2cm. Všetky uvedené rozmery sú merané plošne. <strong>rozmer x2</strong></p>
<p style="text-align: center;"><span style="font-size: 10pt;"> </span></p>
<table style="height: 169px;" width="853">
<tbody>
<tr>
<td width="302">Meno modela</td>
<td width="302">Funns kvetinové mini šaty</td>
</tr>
<tr>
<td width="302">Farba</td>
<td width="302">Púdrová ružová</td>
</tr>
<tr>
<td width="302">Móda</td>
<td width="302">nadrozmerné</td>
</tr>
<tr>
<td width="302">Materiál</td>
<td width="302">95% Polyester, 5% Elastan</td>
</tr>
<tr>
<td width="302">Dĺžka</td>
<td width="302">Na koleno</td>
</tr>
</tbody>
</table>
<p>&nbsp;</p>
<p>&nbsp;</p>
<div class="tabs tabs-bb clear mb-80">
<div class="tab-content">
<div id="tab-description" class="tab-pane fade in woocommerce-Tabs-panel--description active">
<p style="text-align: center;">Model má <strong>169</strong> cm vysoký, nosí veľkosť každý deň <strong>S</strong></p>
<p style="text-align: center;">Šírka cez prsia 92 cm</p>
<p style="text-align: center;">Šírka v páse 62 cm</p>
<p style="text-align: center;">Šírka v bokoch 94 cm</p>
</div>
</div>
</div>
<section class="related products mb-80"></section>
<p style="text-align: center;">

<p>Sukienka Mini w Kwiaty Funns Pudrowy Róż Sukienka Mini w Kwiaty Funns Pudrowy Róż Sukienka z printem Kwiatom, w biuście posiada piękne marszczenie. Cienkie ramiączka zapewniają komfort w noszeniu. Sukienka w kwiaty sprawi, że nasz look będzie świeży, modny i bardzo kobiecy jest to idealna propozycja na sezon wiosenno-letni. Dlatego w Naszej ofercie czekają na Ciebie</p>
<div class="klb-readmore post-buttons"><a class="button black outline size-sm" href="https://madelinefashion.pl/sk/sukienka-mini-w-kwiaty-funns-pudrowy-roz/">Čítať ďalej <i class="klbth-icon-right-arrow"></i></a></div>

pracovný list
