{"id":40713,"date":"2022-05-24T14:55:11","date_gmt":"2022-05-24T12:55:11","guid":{"rendered":"https:\/\/madelinefashion.pl\/?post_type=product&#038;p=40713"},"modified":"2025-09-09T10:28:06","modified_gmt":"2025-09-09T08:28:06","slug":"sukienka-ala-jeansowa-z-kwiatami-dziewczeca-inga-biala","status":"publish","type":"product","link":"https:\/\/madelinefashion.pl\/sk\/sukienka-ala-jeansowa-z-kwiatami-dziewczeca-inga-biala\/","title":{"rendered":"D\u017e\u00ednsov\u00e9 \u0161aty s kvetmi pre diev\u010dat\u00e1 Inga White"},"content":{"rendered":"<h3 style=\"text-align: center;\">D\u017e\u00ednsov\u00e9 \u0161aty s kvetmi pre diev\u010dat\u00e1 Inga White<\/h3>\n<p style=\"text-align: center;\"><strong>Diev\u010densk\u00e9 d\u017e\u00ednsov\u00e9 \u0161aty s kvetmi Inga White - maj\u00fa gumi\u010dku v prsiach. <\/strong>Vol\u00e1n v spodnej \u010dasti dod\u00e1va \u0161at\u00e1m jedine\u010dn\u00e9 \u010daro. Materi\u00e1l je pr\u00edjemn\u00fd na dotyk. \u0160aty s\u00fa ve\u013emi pohodln\u00e9 a dobre sa nosia. . \u0160aty maj\u00fa vr\u0161ok ala&#039; denim a klzk\u00fd materi\u00e1l, zdoben\u00fd spodok. <strong>\u0160aty bud\u00fa fungova\u0165 v mnoh\u00fdch \u0161t\u00fdloch<\/strong> \u2013 bude perfektn\u00fd na ka\u017edodenn\u00e9 pou\u017eitie, do pr\u00e1ce alebo na stretnutia s priate\u013emi.<\/p>\n<h3 style=\"text-align: center;\">Rozmery:<\/h3>\n<p style=\"text-align: center;\">\n<ul>\n<li style=\"text-align: center;\">\u00a0\u00a0\u00a0\u00a0\u00a0\u00a0\u00a0 celkov\u00e1 d\u013a\u017eka: 93 cm<\/li>\n<li style=\"text-align: center;\">\u00a0\u00a0\u00a0\u00a0\u00a0\u00a0\u00a0 \u0161\u00edrka od pazuchy po pazuchu: 34-56 cm<\/li>\n<li style=\"text-align: center;\">\u00a0\u00a0\u00a0\u00a0\u00a0\u00a0\u00a0 \u0161\u00edrka p\u00e1sa: 30-62 cm<\/li>\n<\/ul>\n<p>&nbsp;<\/p>\n<p style=\"text-align: center;\">Rozmery sa m\u00f4\u017eu mierne l\u00ed\u0161i\u0165 od uveden\u00fdch +\/- 2cm. V\u0161etky uveden\u00e9 rozmery s\u00fa meran\u00e9 plo\u0161ne. V\u0161etky rozmery x2<\/p>\n<h3 style=\"text-align: center;\">Vlastnosti produktu:<\/h3>\n<ul>\n<li style=\"text-align: center;\">jednoduch\u00fd \u0161t\u00fdl<\/li>\n<li style=\"text-align: center;\">ozdobn\u00fd vol\u00e1n v spodnej \u010dasti \u0161iat<\/li>\n<li style=\"text-align: center;\">v p\u00e1se guma<\/li>\n<li style=\"text-align: center;\">stre\u010dov\u00fd materi\u00e1l<\/li>\n<li style=\"text-align: center;\">univerz\u00e1lne ve\u013ekosti<\/li>\n<\/ul>\n<p style=\"text-align: center;\"><span style=\"font-size: 10pt;\">\u00a0<\/span><\/p>\n<table width=\"627\">\n<tbody>\n<tr>\n<td width=\"302\">Meno modela<\/td>\n<td width=\"302\">D\u017e\u00ednsov\u00e9 \u0161aty s kvetmi pre diev\u010dat\u00e1 Inga<\/td>\n<\/tr>\n<tr>\n<td width=\"302\">Farba<\/td>\n<td width=\"302\">Biele d\u017e\u00ednsy<\/td>\n<\/tr>\n<tr>\n<td width=\"302\">M\u00f3da<\/td>\n<td width=\"302\">nadrozmern\u00e9<\/td>\n<\/tr>\n<tr>\n<td width=\"302\">Materi\u00e1l<\/td>\n<td width=\"302\">95 % Polyester 5% Elastan<\/td>\n<\/tr>\n<tr>\n<td width=\"302\">D\u013a\u017eka<\/td>\n<td width=\"302\">Na koleno<\/td>\n<\/tr>\n<\/tbody>\n<\/table>\n<p>&nbsp;<\/p>\n<p>&nbsp;<\/p>\n<p style=\"text-align: center;\">\u00a0Model m\u00e1 <strong>175<\/strong> cm vysok\u00fd, nos\u00ed ve\u013ekos\u0165 ka\u017ed\u00fd de\u0148\u00a0<strong>S<\/strong><\/p>\n<p style=\"text-align: center;\"><span style=\"font-size: 10pt;\">\u00a0<\/span><\/p>\n<p style=\"text-align: center;\"><span style=\"font-size: 10pt;\">\u00a0<\/span><\/p>\n<p style=\"text-align: center;\"><span style=\"font-size: 10pt;\">\u00a0<\/span><\/p>\n<div class=\"additional-details\" style=\"text-align: center;\">\n<p><span style=\"font-size: 10pt;\">\u00a0<\/span><\/p>\n<p><span style=\"font-size: 10pt;\">\u00a0<\/span><\/p>\n<\/div>\n<div class=\"overview-buttons\" style=\"text-align: center;\"><span style=\"font-size: 10pt;\">\u00a0<\/span><\/div>\n<div class=\"additional-details\" style=\"text-align: center;\">\n<p style=\"text-align: center;\"><span style=\"font-size: 10pt;\">\u00a0<\/span><\/p>\n<\/div>","protected":false},"excerpt":{"rendered":"<p>Sukienka ala&#8217; Jeansowa z Kwiatami Dziewcz\u0119ca Inga Bia\u0142a Sukienka ala&#8217; Jeansowa z Kwiatami Dziewcz\u0119ca Inga Bia\u0142a- posiada gumk\u0119 w biu\u015bcie. Falbanka na dole dodaje sukience niepowtarzalnego uroku. Materia\u0142 jest przyjemny w dotyku. Sukienka jest niezwykle wygodna i dobrze si\u0119 nosi. . Sukienka\u00a0 posiada ala&#8217; jeansow\u0105 g\u00f3r\u0119 oraz \u015bliski materia\u0142owy, zdobiony d\u00f3\u0142\u00a0 . Sukienka sprawdzi si\u0119<\/p>\n<div class=\"klb-readmore post-buttons\"><a class=\"button black outline size-sm\" href=\"https:\/\/madelinefashion.pl\/sk\/sukienka-ala-jeansowa-z-kwiatami-dziewczeca-inga-biala\/\">\u010c\u00edta\u0165 \u010falej <i class=\"klbth-icon-right-arrow\"><\/i><\/a><\/div>","protected":false},"featured_media":40721,"template":"","meta":[],"product_brand":[],"product_cat":[125],"product_tag":[],"class_list":{"0":"post-40713","1":"product","2":"type-product","3":"status-publish","4":"has-post-thumbnail","6":"product_cat-sukienki","7":"pa_rozmiar-s","8":"pa_rozmiar-m","9":"pa_rozmiar-l","10":"pa_rozmiar-xl","11":"pa_rozmiar-xxl","13":"first","14":"instock","15":"purchasable","16":"product-type-simple"},"_links":{"self":[{"href":"https:\/\/madelinefashion.pl\/sk\/wp-json\/wp\/v2\/product\/40713","targetHints":{"allow":["GET"]}}],"collection":[{"href":"https:\/\/madelinefashion.pl\/sk\/wp-json\/wp\/v2\/product"}],"about":[{"href":"https:\/\/madelinefashion.pl\/sk\/wp-json\/wp\/v2\/types\/product"}],"wp:featuredmedia":[{"embeddable":true,"href":"https:\/\/madelinefashion.pl\/sk\/wp-json\/wp\/v2\/media\/40721"}],"wp:attachment":[{"href":"https:\/\/madelinefashion.pl\/sk\/wp-json\/wp\/v2\/media?parent=40713"}],"wp:term":[{"taxonomy":"product_brand","embeddable":true,"href":"https:\/\/madelinefashion.pl\/sk\/wp-json\/wp\/v2\/product_brand?post=40713"},{"taxonomy":"product_cat","embeddable":true,"href":"https:\/\/madelinefashion.pl\/sk\/wp-json\/wp\/v2\/product_cat?post=40713"},{"taxonomy":"product_tag","embeddable":true,"href":"https:\/\/madelinefashion.pl\/sk\/wp-json\/wp\/v2\/product_tag?post=40713"}],"curies":[{"name":"pracovn\u00fd list","href":"https:\/\/api.w.org\/{rel}","templated":true}]}}

Džínsové šaty s kvetmi pre dievčatá Inga White

<h3 style="text-align: center;">Džínsové šaty s kvetmi pre dievčatá Inga White</h3>
<p style="text-align: center;"><strong>Dievčenské džínsové šaty s kvetmi Inga White - majú gumičku v prsiach. </strong>Volán v spodnej časti dodáva šatám jedinečné čaro. Materiál je príjemný na dotyk. Šaty sú veľmi pohodlné a dobre sa nosia. . Šaty majú vršok ala&#039; denim a klzký materiál, zdobený spodok. <strong>Šaty budú fungovať v mnohých štýloch</strong> – bude perfektný na každodenné použitie, do práce alebo na stretnutia s priateľmi.</p>
<h3 style="text-align: center;">Rozmery:</h3>
<p style="text-align: center;">
<ul>
<li style="text-align: center;">        celková dĺžka: 93 cm</li>
<li style="text-align: center;">        šírka od pazuchy po pazuchu: 34-56 cm</li>
<li style="text-align: center;">        šírka pása: 30-62 cm</li>
</ul>
<p>&nbsp;</p>
<p style="text-align: center;">Rozmery sa môžu mierne líšiť od uvedených +/- 2cm. Všetky uvedené rozmery sú merané plošne. Všetky rozmery x2</p>
<h3 style="text-align: center;">Vlastnosti produktu:</h3>
<ul>
<li style="text-align: center;">jednoduchý štýl</li>
<li style="text-align: center;">ozdobný volán v spodnej časti šiat</li>
<li style="text-align: center;">v páse guma</li>
<li style="text-align: center;">strečový materiál</li>
<li style="text-align: center;">univerzálne veľkosti</li>
</ul>
<p style="text-align: center;"><span style="font-size: 10pt;"> </span></p>
<table width="627">
<tbody>
<tr>
<td width="302">Meno modela</td>
<td width="302">Džínsové šaty s kvetmi pre dievčatá Inga</td>
</tr>
<tr>
<td width="302">Farba</td>
<td width="302">Biele džínsy</td>
</tr>
<tr>
<td width="302">Móda</td>
<td width="302">nadrozmerné</td>
</tr>
<tr>
<td width="302">Materiál</td>
<td width="302">95 % Polyester 5% Elastan</td>
</tr>
<tr>
<td width="302">Dĺžka</td>
<td width="302">Na koleno</td>
</tr>
</tbody>
</table>
<p>&nbsp;</p>
<p>&nbsp;</p>
<p style="text-align: center;"> Model má <strong>175</strong> cm vysoký, nosí veľkosť každý deň <strong>S</strong></p>
<p style="text-align: center;"><span style="font-size: 10pt;"> </span></p>
<p style="text-align: center;"><span style="font-size: 10pt;"> </span></p>
<p style="text-align: center;"><span style="font-size: 10pt;"> </span></p>
<div class="additional-details" style="text-align: center;">
<p><span style="font-size: 10pt;"> </span></p>
<p><span style="font-size: 10pt;"> </span></p>
</div>
<div class="overview-buttons" style="text-align: center;"><span style="font-size: 10pt;"> </span></div>
<div class="additional-details" style="text-align: center;">
<p style="text-align: center;"><span style="font-size: 10pt;"> </span></p>
</div>

<p>Sukienka ala&#8217; Jeansowa z Kwiatami Dziewczęca Inga Biała Sukienka ala&#8217; Jeansowa z Kwiatami Dziewczęca Inga Biała- posiada gumkę w biuście. Falbanka na dole dodaje sukience niepowtarzalnego uroku. Materiał jest przyjemny w dotyku. Sukienka jest niezwykle wygodna i dobrze się nosi. . Sukienka  posiada ala&#8217; jeansową górę oraz śliski materiałowy, zdobiony dół  . Sukienka sprawdzi się</p>
<div class="klb-readmore post-buttons"><a class="button black outline size-sm" href="https://madelinefashion.pl/sk/sukienka-ala-jeansowa-z-kwiatami-dziewczeca-inga-biala/">Čítať ďalej <i class="klbth-icon-right-arrow"></i></a></div>

pracovný list
