{"id":41030,"date":"2022-05-25T11:22:22","date_gmt":"2022-05-25T09:22:22","guid":{"rendered":"https:\/\/madelinefashion.pl\/?post_type=product&#038;p=41030"},"modified":"2026-03-01T16:06:59","modified_gmt":"2026-03-01T15:06:59","slug":"katana-kurtka-jeansowa-czaszki-krotka","status":"publish","type":"product","link":"https:\/\/madelinefashion.pl\/sk\/katana-kurtka-jeansowa-czaszki-krotka\/","title":{"rendered":"Katana Short Skull Denim Jacket"},"content":{"rendered":"<h3 style=\"text-align: center;\">Katana Short Skull Denim Jacket<\/h3>\n<p style=\"text-align: center;\"><strong>Katana Short Skull Denim Jacket<\/strong> d\u017e\u00ednsov\u00e1 bunda je ide\u00e1lna ponuka na nadch\u00e1dzaj\u00facu jar \/ leto. Bunda kombinovan\u00e1 s na\u0161ou<strong> d\u017e\u00ednsy<\/strong> vytv\u00e1ra dokonal\u00fd vzh\u013ead na jarn\u00e9 a letn\u00e9 ve\u010dery. Mimoriadne m\u00f3dna ponuka, m\u00e1 dve vreck\u00e1 a ozdobn\u00e9 odreniny. Zap\u00edna sa na gomb\u00edky a hod\u00ed sa k v\u00e4\u010d\u0161ine ka\u017edodenn\u00e9ho \u0161t\u00fdlu. Katana je ide\u00e1lna na topy, tri\u010dk\u00e1, leg\u00edny, nohavice - je to ve\u013emi univerz\u00e1lny model, ktor\u00fd sa dod\u00e1va vo ve\u013e.<b> M, L, XL<\/b> Bunda je vhodn\u00e1 pre elegantn\u00e9 aj \u0161portov\u00e9 \u0161tyliz\u00e1cie.<\/p>\n<p style=\"text-align: center;\">Rozmery:<\/p>\n<p style=\"text-align: center;\"><b>S\/36<\/b><\/p>\n<p style=\"text-align: center;\">Celkov\u00e1 d\u013a\u017eka - 49 cm<\/p>\n<p style=\"text-align: center;\">\u0160\u00edrka od pazuchy po pazuchu - 50 cm<\/p>\n<p style=\"text-align: center;\">D\u013a\u017eka ruk\u00e1va od ramena - 49 cm<\/p>\n<p style=\"text-align: center;\">D\u013a\u017eka ruk\u00e1va od podpazu\u0161ia - 40 cm<\/p>\n<p style=\"text-align: center;\">\u0160\u00edrka v spodnej \u010dasti - 47 cm<\/p>\n<p style=\"text-align: center;\"><b>M\/38<\/b><\/p>\n<p style=\"text-align: center;\">Celkov\u00e1 d\u013a\u017eka - 49 cm<\/p>\n<p style=\"text-align: center;\">\u0160\u00edrka od pazuchy po pazuchu - 52 cm<\/p>\n<p style=\"text-align: center;\">D\u013a\u017eka ruk\u00e1va od ramena - 49 cm<\/p>\n<p style=\"text-align: center;\">D\u013a\u017eka ruk\u00e1va od podpazu\u0161ia - 40 cm<\/p>\n<p style=\"text-align: center;\">\u0160\u00edrka v spodnej \u010dasti - 49 cm<\/p>\n<p style=\"text-align: center;\"><b>L\/40<\/b><\/p>\n<p style=\"text-align: center;\">Celkov\u00e1 d\u013a\u017eka - 590cm<\/p>\n<p style=\"text-align: center;\">\u0160\u00edrka od pazuchy po pazuchu - 54 cm<\/p>\n<p style=\"text-align: center;\">D\u013a\u017eka ruk\u00e1va od ramena - 52 cm<\/p>\n<p style=\"text-align: center;\">D\u013a\u017eka ruk\u00e1va od podpazu\u0161ia - 40 cm<\/p>\n<p style=\"text-align: center;\">\u0160\u00edrka v spodnej \u010dasti - 51 cm<\/p>\n<p style=\"text-align: center;\"><b>XL\/42<\/b><\/p>\n<p style=\"text-align: center;\">Celkov\u00e1 d\u013a\u017eka - 51 cm<\/p>\n<p style=\"text-align: center;\">\u0160\u00edrka od pazuchy po pazuchu - 52 cm<\/p>\n<p style=\"text-align: center;\">D\u013a\u017eka ruk\u00e1va od ramena - 52 cm<\/p>\n<p style=\"text-align: center;\">D\u013a\u017eka ruk\u00e1va od podpazu\u0161ia - 40 cm<\/p>\n<p style=\"text-align: center;\">\u0160\u00edrka v spodnej \u010dasti - 40-56 cm<\/p>\n<p>&nbsp;<\/p>\n<p style=\"text-align: center;\">Rozmery sa m\u00f4\u017eu mierne l\u00ed\u0161i\u0165 od uveden\u00fdch +\/- 2cm. V\u0161etky uveden\u00e9 rozmery s\u00fa <strong>meran\u00fd byt<\/strong>.\u00a0<strong>rozmer x2<\/strong><\/p>\n<p>&nbsp;<\/p>\n<table width=\"605\">\n<tbody>\n<tr>\n<td width=\"302\"><\/td>\n<td width=\"302\">Katana Short Skull Denim Jacket<\/td>\n<\/tr>\n<tr>\n<td width=\"302\">Farba<\/td>\n<td width=\"302\">d\u017e\u00ednsy<\/td>\n<\/tr>\n<tr>\n<td width=\"302\">ve\u013ekosti<\/td>\n<td width=\"302\">SML XL<\/td>\n<\/tr>\n<tr>\n<td width=\"302\">Zbierka<\/td>\n<td width=\"302\">Jar leto jese\u0148 zima<\/td>\n<\/tr>\n<tr>\n<td width=\"302\">Hood<\/td>\n<td width=\"302\">Nie<\/td>\n<\/tr>\n<tr>\n<td width=\"302\">Kvalita<\/td>\n<td width=\"302\">Premium<\/td>\n<\/tr>\n<tr>\n<td width=\"302\">zap\u00ednanie<\/td>\n<td width=\"302\">tla\u010didl\u00e1<\/td>\n<\/tr>\n<\/tbody>\n<\/table>\n<p>&nbsp;<\/p>\n<p style=\"text-align: center;\">Model m\u00e1\u00a0<strong>169<\/strong>\u00a0cm vysok\u00fd, nos\u00ed ve\u013ekos\u0165 ka\u017ed\u00fd de\u0148\u00a0<strong>S<\/strong><\/p>\n<p style=\"text-align: center;\">\u0160\u00edrka cez prsia 92 cm<\/p>\n<p style=\"text-align: center;\">\u0160\u00edrka v p\u00e1se 62 cm<\/p>\n<p style=\"text-align: center;\">\u0160\u00edrka v bokoch 94 cm<\/p>\n<p>&nbsp;<\/p>\n<p style=\"text-align: center;\"><span style=\"font-size: 10pt;\">\u00a0<\/span><\/p>\n<p style=\"text-align: center;\">","protected":false},"excerpt":{"rendered":"<p>Katana Kurtka Jeansowa Czaszki Kr\u00f3tka Katana Kurtka Jeansowa Czaszki Kr\u00f3tka kurtka jeansowa to idealna propozycja na nadchodz\u0105c\u0105 wiosn\u0119\/lato. Kurtka po\u0142\u0105czona z naszymi jeansami tworzy idealny look na wiosenne, letnie wieczory . Niezwykle modna propozycja, posiada dwie kieszenie oraz ozdobne przetarcia. Zapinana na guziki, pasuje do wi\u0119kszo\u015bci stylizacji codziennych. Katana idealnie sprawdzi si\u0119 do top\u00f3w, t-shirt\u00f3w,<\/p>\n<div class=\"klb-readmore post-buttons\"><a class=\"button black outline size-sm\" href=\"https:\/\/madelinefashion.pl\/sk\/katana-kurtka-jeansowa-czaszki-krotka\/\">\u010c\u00edta\u0165 \u010falej <i class=\"klbth-icon-right-arrow\"><\/i><\/a><\/div>","protected":false},"featured_media":40853,"template":"","meta":[],"product_brand":[],"product_cat":[117,395],"product_tag":[240,507],"class_list":{"0":"post-41030","1":"product","2":"type-product","3":"status-publish","4":"has-post-thumbnail","6":"product_cat-kurtki","7":"product_cat-nowosci","8":"product_tag-jeans","9":"product_tag-kurtka-jeansowa","10":"pa_rozmiar-s","11":"pa_rozmiar-m","12":"pa_rozmiar-l","13":"pa_rozmiar-xl","15":"first","16":"instock","17":"sale","18":"purchasable","19":"product-type-variable"},"_links":{"self":[{"href":"https:\/\/madelinefashion.pl\/sk\/wp-json\/wp\/v2\/product\/41030","targetHints":{"allow":["GET"]}}],"collection":[{"href":"https:\/\/madelinefashion.pl\/sk\/wp-json\/wp\/v2\/product"}],"about":[{"href":"https:\/\/madelinefashion.pl\/sk\/wp-json\/wp\/v2\/types\/product"}],"wp:featuredmedia":[{"embeddable":true,"href":"https:\/\/madelinefashion.pl\/sk\/wp-json\/wp\/v2\/media\/40853"}],"wp:attachment":[{"href":"https:\/\/madelinefashion.pl\/sk\/wp-json\/wp\/v2\/media?parent=41030"}],"wp:term":[{"taxonomy":"product_brand","embeddable":true,"href":"https:\/\/madelinefashion.pl\/sk\/wp-json\/wp\/v2\/product_brand?post=41030"},{"taxonomy":"product_cat","embeddable":true,"href":"https:\/\/madelinefashion.pl\/sk\/wp-json\/wp\/v2\/product_cat?post=41030"},{"taxonomy":"product_tag","embeddable":true,"href":"https:\/\/madelinefashion.pl\/sk\/wp-json\/wp\/v2\/product_tag?post=41030"}],"curies":[{"name":"pracovn\u00fd list","href":"https:\/\/api.w.org\/{rel}","templated":true}]}}

<h3 style="text-align: center;">Katana Short Skull Denim Jacket</h3>
<p style="text-align: center;"><strong>Katana Short Skull Denim Jacket</strong> džínsová bunda je ideálna ponuka na nadchádzajúcu jar / leto. Bunda kombinovaná s našou<strong> džínsy</strong> vytvára dokonalý vzhľad na jarné a letné večery. Mimoriadne módna ponuka, má dve vrecká a ozdobné odreniny. Zapína sa na gombíky a hodí sa k väčšine každodenného štýlu. Katana je ideálna na topy, tričká, legíny, nohavice - je to veľmi univerzálny model, ktorý sa dodáva vo veľ.<b> M, L, XL</b> Bunda je vhodná pre elegantné aj športové štylizácie.</p>
<p style="text-align: center;">Rozmery:</p>
<p style="text-align: center;"><b>S/36</b></p>
<p style="text-align: center;">Celková dĺžka - 49 cm</p>
<p style="text-align: center;">Šírka od pazuchy po pazuchu - 50 cm</p>
<p style="text-align: center;">Dĺžka rukáva od ramena - 49 cm</p>
<p style="text-align: center;">Dĺžka rukáva od podpazušia - 40 cm</p>
<p style="text-align: center;">Šírka v spodnej časti - 47 cm</p>
<p style="text-align: center;"><b>M/38</b></p>
<p style="text-align: center;">Celková dĺžka - 49 cm</p>
<p style="text-align: center;">Šírka od pazuchy po pazuchu - 52 cm</p>
<p style="text-align: center;">Dĺžka rukáva od ramena - 49 cm</p>
<p style="text-align: center;">Dĺžka rukáva od podpazušia - 40 cm</p>
<p style="text-align: center;">Šírka v spodnej časti - 49 cm</p>
<p style="text-align: center;"><b>L/40</b></p>
<p style="text-align: center;">Celková dĺžka - 590cm</p>
<p style="text-align: center;">Šírka od pazuchy po pazuchu - 54 cm</p>
<p style="text-align: center;">Dĺžka rukáva od ramena - 52 cm</p>
<p style="text-align: center;">Dĺžka rukáva od podpazušia - 40 cm</p>
<p style="text-align: center;">Šírka v spodnej časti - 51 cm</p>
<p style="text-align: center;"><b>XL/42</b></p>
<p style="text-align: center;">Celková dĺžka - 51 cm</p>
<p style="text-align: center;">Šírka od pazuchy po pazuchu - 52 cm</p>
<p style="text-align: center;">Dĺžka rukáva od ramena - 52 cm</p>
<p style="text-align: center;">Dĺžka rukáva od podpazušia - 40 cm</p>
<p style="text-align: center;">Šírka v spodnej časti - 40-56 cm</p>
<p>&nbsp;</p>
<p style="text-align: center;">Rozmery sa môžu mierne líšiť od uvedených +/- 2cm. Všetky uvedené rozmery sú <strong>meraný byt</strong>. <strong>rozmer x2</strong></p>
<p>&nbsp;</p>
<table width="605">
<tbody>
<tr>
<td width="302"></td>
<td width="302">Katana Short Skull Denim Jacket</td>
</tr>
<tr>
<td width="302">Farba</td>
<td width="302">džínsy</td>
</tr>
<tr>
<td width="302">veľkosti</td>
<td width="302">SML XL</td>
</tr>
<tr>
<td width="302">Zbierka</td>
<td width="302">Jar leto jeseň zima</td>
</tr>
<tr>
<td width="302">Hood</td>
<td width="302">Nie</td>
</tr>
<tr>
<td width="302">Kvalita</td>
<td width="302">Premium</td>
</tr>
<tr>
<td width="302">zapínanie</td>
<td width="302">tlačidlá</td>
</tr>
</tbody>
</table>
<p>&nbsp;</p>
<p style="text-align: center;">Model má <strong>169</strong> cm vysoký, nosí veľkosť každý deň <strong>S</strong></p>
<p style="text-align: center;">Šírka cez prsia 92 cm</p>
<p style="text-align: center;">Šírka v páse 62 cm</p>
<p style="text-align: center;">Šírka v bokoch 94 cm</p>
<p>&nbsp;</p>
<p style="text-align: center;"><span style="font-size: 10pt;"> </span></p>
<p style="text-align: center;">

<p>Katana Kurtka Jeansowa Czaszki Krótka Katana Kurtka Jeansowa Czaszki Krótka kurtka jeansowa to idealna propozycja na nadchodzącą wiosnę/lato. Kurtka połączona z naszymi jeansami tworzy idealny look na wiosenne, letnie wieczory . Niezwykle modna propozycja, posiada dwie kieszenie oraz ozdobne przetarcia. Zapinana na guziki, pasuje do większości stylizacji codziennych. Katana idealnie sprawdzi się do topów, t-shirtów,</p>
<div class="klb-readmore post-buttons"><a class="button black outline size-sm" href="https://madelinefashion.pl/sk/katana-kurtka-jeansowa-czaszki-krotka/">Čítať ďalej <i class="klbth-icon-right-arrow"></i></a></div>

pracovný list
