{"id":41803,"date":"2022-05-27T10:00:09","date_gmt":"2022-05-27T08:00:09","guid":{"rendered":"https:\/\/madelinefashion.pl\/?post_type=product&#038;p=41803"},"modified":"2026-04-10T14:43:38","modified_gmt":"2026-04-10T12:43:38","slug":"sukienka-dopasowana-smoking-time-czarna","status":"publish","type":"product","link":"https:\/\/madelinefashion.pl\/sk\/sukienka-dopasowana-smoking-time-czarna\/","title":{"rendered":"\u0160aty na mieru smoking Time Black"},"content":{"rendered":"<h3 style=\"text-align: center;\">\u0160aty na mieru smoking Time Black<\/h3>\n<p style=\"text-align: center;\"><strong>\u0160aty na mieru smoking Time Black<\/strong> je senza\u010dn\u00fd model bavlnen\u00fdch \u0161iat s dlh\u0161ou prednou \u010das\u0165ou. Vyroben\u00e9 z pru\u017en\u00e9ho pr\u00edjemn\u00e9ho materi\u00e1lu, ktor\u00fd je ako stvoren\u00fd na p\u00e1rty, stretnutie s priate\u013emi alebo prech\u00e1dzku. \u0160aty s\u00fa vypasovan\u00e9, v\u010faka \u010domu zv\u00fdraz\u0148uj\u00fa dokonale \u017eensk\u00e9 tvary. Je to skvel\u00e1 ponuka ako pre \u0161portov\u00fd styling s teniskami, tak aj pre elegantn\u00e9 s vysok\u00fdmi op\u00e4tkami<span style=\"font-size: 10pt; text-align: center;\">. Odpor\u00fa\u010da sa pre \u017eeny vo ve\u013ekosti <strong>XS SML\u00a0<\/strong><\/span><\/p>\n<p>&nbsp;<\/p>\n<h3 style=\"text-align: center;\">Rozmery:<\/h3>\n<ul style=\"text-align: center;\">\n<li><span style=\"font-size: 10pt;\">\u00a0\u00a0\u00a0\u00a0\u00a0\u00a0\u00a0najdlh\u0161ie miesto: 90 cm<br \/>\n<\/span><\/li>\n<li>Najkrat\u0161ie miesto: 68 cm<\/li>\n<li><span style=\"font-size: 10pt;\">\u00a0\u00a0\u00a0\u00a0\u00a0\u00a0\u00a0 \u0161\u00edrka od pazuchy po pazuchu: 39 cm -43 cm <\/span><span style=\"font-size: 10pt;\"><span style=\"font-size: 10pt;\">\u00a0 \u00a0 \u00a0 \u00a0<\/span><\/span><\/li>\n<li>p\u00e1s: 35 cm - 39 cm<\/li>\n<li>boky 39 cm - 40 cm<\/li>\n<\/ul>\n<p style=\"text-align: center;\"><span style=\"font-size: 10pt;\">Rozmery sa m\u00f4\u017eu mierne l\u00ed\u0161i\u0165 od uveden\u00fdch +\/- 2cm. V\u0161etky uveden\u00e9 rozmery s\u00fa meran\u00e9 plo\u0161ne.<\/span><\/p>\n<p style=\"text-align: center;\"><span style=\"font-size: 10pt;\">\u00a0<\/span><\/p>\n<table width=\"627\">\n<tbody>\n<tr>\n<td width=\"302\">Meno modela<\/td>\n<td width=\"302\">Oble\u010denie smokingu na mieru<\/td>\n<\/tr>\n<tr>\n<td width=\"302\">Farba<\/td>\n<td width=\"302\">\u010dierna<\/td>\n<\/tr>\n<tr>\n<td width=\"302\">M\u00f3da<\/td>\n<td width=\"302\">nadrozmern\u00e9<\/td>\n<\/tr>\n<tr>\n<td width=\"302\">Materi\u00e1l<\/td>\n<td width=\"302\">95% Bavlna 5% Elastan<\/td>\n<\/tr>\n<tr>\n<td width=\"302\">D\u013a\u017eka<\/td>\n<td width=\"302\">Pred kolenom<\/td>\n<\/tr>\n<\/tbody>\n<\/table>\n<p>&nbsp;<\/p>\n<div class=\"tabs tabs-bb clear mb-80\">\n<div class=\"tab-content\">\n<div id=\"tab-description\" class=\"tab-pane fade in woocommerce-Tabs-panel--description active\">\n<p style=\"text-align: center;\">\u00a0Model m\u00e1\u00a0<strong>169<\/strong>\u00a0cm vysok\u00fd, nos\u00ed ve\u013ekos\u0165 ka\u017ed\u00fd de\u0148\u00a0<strong>S<\/strong><\/p>\n<p style=\"text-align: center;\">\u0160\u00edrka cez prsia 92 cm<\/p>\n<p style=\"text-align: center;\">\u0160\u00edrka v p\u00e1se 62 cm<\/p>\n<p style=\"text-align: center;\">\u0160\u00edrka v bokoch 94 cm<\/p>\n<\/div>\n<\/div>\n<\/div>","protected":false},"excerpt":{"rendered":"<p>Sukienka Dopasowana Smoking Time Czarna Sukienka Dopasowana Smoking Time Czarna to rewelacyjny model bawe\u0142nianej sukienki z d\u0142u\u017cszym przodem. Wykonana z elastycznego, przyjemnego materia\u0142u, kt\u00f3ry idealnie sprawdzi si\u0119 na imprez\u0119, spotkanie ze znajomymi czy spacer. Sukienka jest dopasowana dzi\u0119ki czemu podkre\u015bla idealnie kobiece kszta\u0142ty. Jest to doskona\u0142a propozycja zar\u00f3wno do sportowej stylizacji z trampkami jak r\u00f3wnie\u017c<\/p>\n<div class=\"klb-readmore post-buttons\"><a class=\"button black outline size-sm\" href=\"https:\/\/madelinefashion.pl\/sk\/sukienka-dopasowana-smoking-time-czarna\/\">\u010c\u00edta\u0165 \u010falej <i class=\"klbth-icon-right-arrow\"><\/i><\/a><\/div>","protected":false},"featured_media":41617,"template":"","meta":[],"product_brand":[],"product_cat":[125],"product_tag":[213],"class_list":{"0":"post-41803","1":"product","2":"type-product","3":"status-publish","4":"has-post-thumbnail","6":"product_cat-sukienki","7":"product_tag-sukienka-czarna","9":"first","10":"instock","11":"purchasable","12":"product-type-simple"},"_links":{"self":[{"href":"https:\/\/madelinefashion.pl\/sk\/wp-json\/wp\/v2\/product\/41803","targetHints":{"allow":["GET"]}}],"collection":[{"href":"https:\/\/madelinefashion.pl\/sk\/wp-json\/wp\/v2\/product"}],"about":[{"href":"https:\/\/madelinefashion.pl\/sk\/wp-json\/wp\/v2\/types\/product"}],"wp:featuredmedia":[{"embeddable":true,"href":"https:\/\/madelinefashion.pl\/sk\/wp-json\/wp\/v2\/media\/41617"}],"wp:attachment":[{"href":"https:\/\/madelinefashion.pl\/sk\/wp-json\/wp\/v2\/media?parent=41803"}],"wp:term":[{"taxonomy":"product_brand","embeddable":true,"href":"https:\/\/madelinefashion.pl\/sk\/wp-json\/wp\/v2\/product_brand?post=41803"},{"taxonomy":"product_cat","embeddable":true,"href":"https:\/\/madelinefashion.pl\/sk\/wp-json\/wp\/v2\/product_cat?post=41803"},{"taxonomy":"product_tag","embeddable":true,"href":"https:\/\/madelinefashion.pl\/sk\/wp-json\/wp\/v2\/product_tag?post=41803"}],"curies":[{"name":"pracovn\u00fd list","href":"https:\/\/api.w.org\/{rel}","templated":true}]}}

Šaty na mieru smoking Time Black

<h3 style="text-align: center;">Šaty na mieru smoking Time Black</h3>
<p style="text-align: center;"><strong>Šaty na mieru smoking Time Black</strong> je senzačný model bavlnených šiat s dlhšou prednou časťou. Vyrobené z pružného príjemného materiálu, ktorý je ako stvorený na párty, stretnutie s priateľmi alebo prechádzku. Šaty sú vypasované, vďaka čomu zvýrazňujú dokonale ženské tvary. Je to skvelá ponuka ako pre športový styling s teniskami, tak aj pre elegantné s vysokými opätkami<span style="font-size: 10pt; text-align: center;">. Odporúča sa pre ženy vo veľkosti <strong>XS SML </strong></span></p>
<p>&nbsp;</p>
<h3 style="text-align: center;">Rozmery:</h3>
<ul style="text-align: center;">
<li><span style="font-size: 10pt;">       najdlhšie miesto: 90 cm<br />
</span></li>
<li>Najkratšie miesto: 68 cm</li>
<li><span style="font-size: 10pt;">        šírka od pazuchy po pazuchu: 39 cm -43 cm </span><span style="font-size: 10pt;"><span style="font-size: 10pt;">       </span></span></li>
<li>pás: 35 cm - 39 cm</li>
<li>boky 39 cm - 40 cm</li>
</ul>
<p style="text-align: center;"><span style="font-size: 10pt;">Rozmery sa môžu mierne líšiť od uvedených +/- 2cm. Všetky uvedené rozmery sú merané plošne.</span></p>
<p style="text-align: center;"><span style="font-size: 10pt;"> </span></p>
<table width="627">
<tbody>
<tr>
<td width="302">Meno modela</td>
<td width="302">Oblečenie smokingu na mieru</td>
</tr>
<tr>
<td width="302">Farba</td>
<td width="302">čierna</td>
</tr>
<tr>
<td width="302">Móda</td>
<td width="302">nadrozmerné</td>
</tr>
<tr>
<td width="302">Materiál</td>
<td width="302">95% Bavlna 5% Elastan</td>
</tr>
<tr>
<td width="302">Dĺžka</td>
<td width="302">Pred kolenom</td>
</tr>
</tbody>
</table>
<p>&nbsp;</p>
<div class="tabs tabs-bb clear mb-80">
<div class="tab-content">
<div id="tab-description" class="tab-pane fade in woocommerce-Tabs-panel--description active">
<p style="text-align: center;"> Model má <strong>169</strong> cm vysoký, nosí veľkosť každý deň <strong>S</strong></p>
<p style="text-align: center;">Šírka cez prsia 92 cm</p>
<p style="text-align: center;">Šírka v páse 62 cm</p>
<p style="text-align: center;">Šírka v bokoch 94 cm</p>
</div>
</div>
</div>

<p>Sukienka Dopasowana Smoking Time Czarna Sukienka Dopasowana Smoking Time Czarna to rewelacyjny model bawełnianej sukienki z dłuższym przodem. Wykonana z elastycznego, przyjemnego materiału, który idealnie sprawdzi się na imprezę, spotkanie ze znajomymi czy spacer. Sukienka jest dopasowana dzięki czemu podkreśla idealnie kobiece kształty. Jest to doskonała propozycja zarówno do sportowej stylizacji z trampkami jak również</p>
<div class="klb-readmore post-buttons"><a class="button black outline size-sm" href="https://madelinefashion.pl/sk/sukienka-dopasowana-smoking-time-czarna/">Čítať ďalej <i class="klbth-icon-right-arrow"></i></a></div>

pracovný list
