{"id":42025,"date":"2022-05-27T17:49:12","date_gmt":"2022-05-27T15:49:12","guid":{"rendered":"https:\/\/madelinefashion.pl\/?post_type=product&#038;p=42025"},"modified":"2026-04-26T10:25:13","modified_gmt":"2026-04-26T08:25:13","slug":"kombinezon-plisowany-z-falbankami-bezowy-paskiem-sabrinna","status":"publish","type":"product","link":"https:\/\/madelinefashion.pl\/sk\/kombinezon-plisowany-z-falbankami-bezowy-paskiem-sabrinna\/","title":{"rendered":"B\u00e9\u017eov\u00fd plisovan\u00fd overal s opaskom Sabrina"},"content":{"rendered":"<h3 style=\"text-align: center;\">Skladan\u00fd overal s vol\u00e1nmi v b\u00e9\u017eovom opasku Sabrinna<\/h3>\n<p style=\"text-align: center;\"><b>Skladan\u00fd overal s vol\u00e1nmi v b\u00e9\u017eovom opasku Sabrinna.<\/b> Neuverite\u013ene \u017eensk\u00fd, elegantn\u00fd skladan\u00fd overal strednej d\u013a\u017eky s vol\u00e1nmi na ramen\u00e1ch. Oblek m\u00e1 ob\u00e1lkov\u00fd v\u00fdstrih. Elastick\u00e1 guma v p\u00e1se zais\u0165uje prisp\u00f4sobenie modelu k postave, \u010do zv\u00fdrazn\u00ed \u017eensk\u00e9 tvary. Oblek m\u00e1 pod\u0161\u00edvku. Vzdu\u0161n\u00fd strih je fantastick\u00fd pri pohybe. Ide\u00e1lna ponuka na svadby, svadobn\u00e9 hostiny, rodinn\u00e9 oslavy, bankety. <strong> Dungarees<\/strong><strong><span lang=\"pl-pl\" xml:lang=\"pl-pl\"> je vyroben\u00e1 z \u013eahk\u00e9ho materi\u00e1lu, v\u010faka \u010domu sa v nej budete c\u00edti\u0165 pohodlne.\u00a0 <\/span><\/strong><span lang=\"pl-pl\" xml:lang=\"pl-pl\">Dostupn\u00e9 v na\u0161ej predajni vo viacer\u00fdch farebn\u00fdch variantoch. Odpor\u00fa\u010dame pre d\u00e1my vo ve\u013ekosti SML XL<\/span><\/p>\n<h3 style=\"text-align: center;\">Rozmery:<\/h3>\n<ul style=\"text-align: center;\">\n<li><span style=\"font-size: 10pt;\">\u00a0\u00a0\u00a0\u00a0\u00a0\u00a0\u00a0 celkov\u00e1 d\u013a\u017eka: 143 cm<\/span><\/li>\n<li><span style=\"font-size: 10pt;\">\u00a0\u00a0\u00a0\u00a0\u00a0\u00a0\u00a0 \u0161\u00edrka od pazuchy po pazuchu: 34-42 cm<\/span><\/li>\n<li><span style=\"font-size: 10pt;\">\u00a0\u00a0\u00a0\u00a0\u00a0\u00a0\u00a0 \u0161\u00edrka p\u00e1sa 26-45 cm (elastick\u00fd)<\/span><\/li>\n<li><span style=\"font-size: 10pt;\">\u00a0\u00a0\u00a0\u00a0\u00a0\u00a0\u00a0 d\u013a\u017eka pod\u0161\u00edvky: 45 cm<\/span><\/li>\n<li>p\u00e1s: 36 cm<\/li>\n<\/ul>\n<p style=\"text-align: center;\"><span style=\"vertical-align: inherit;\">Rozmery sa m\u00f4\u017eu l\u00ed\u0161i\u0165 od uveden\u00fdch +\/- 2cm. V\u0161etky uveden\u00e9 rozmery s\u00fa meran\u00e9 plo\u0161ne. rozmer x2<\/span><\/p>\n<h3 style=\"text-align: center;\">Vlastnosti produktu:<\/h3>\n<p style=\"text-align: center;\"><span style=\"color: #000000;\"><strong>Dod\u00e1van\u00e9 s opaskom vo farbe \u0161iat.<\/strong><\/span><\/p>\n<p style=\"text-align: center;\"><span style=\"font-size: 10pt;\">- elastick\u00fd materi\u00e1l<\/span><br \/>\n<span style=\"font-size: 10pt;\">- pod\u0161\u00edvka<br \/>\n<\/span>- ob\u00e1lkov\u00fd v\u00fdstrih<br \/>\n\u2013 maxi kombin\u00e9za<br \/>\n- plisovan\u00fd<\/p>\n<p style=\"text-align: center;\"><span style=\"font-size: 10pt;\"><strong>\u00a0<\/strong>\u00a0<\/span><\/p>\n<p>&nbsp;<\/p>\n<table style=\"height: 166px;\" width=\"670\">\n<tbody>\n<tr>\n<td width=\"302\"><span style=\"font-size: 10pt;\">Meno modela<\/span><\/td>\n<td width=\"302\">Plisovan\u00e1 kombin\u00e9za s vol\u00e1nmi a opaskom Sabrinna<\/td>\n<\/tr>\n<tr>\n<td width=\"302\"><span style=\"font-size: 10pt;\">Farba<\/span><\/td>\n<td width=\"302\"><span style=\"font-size: 10pt;\">B\u00e9\u017eov\u00e1<\/span><\/td>\n<\/tr>\n<tr>\n<td width=\"302\"><span style=\"font-size: 10pt;\">M\u00f3da<\/span><\/td>\n<td width=\"302\"><span style=\"font-size: 10pt;\">Vzplanul<\/span><\/td>\n<\/tr>\n<tr>\n<td width=\"302\"><span style=\"font-size: 10pt;\">Materi\u00e1l<\/span><\/td>\n<td width=\"302\"><span style=\"font-size: 10pt;\">95 %Polyester 5% Elastan<\/span><\/td>\n<\/tr>\n<tr>\n<td width=\"302\"><span style=\"font-size: 10pt;\">D\u013a\u017eka<\/span><\/td>\n<td width=\"302\"><span style=\"font-size: 13.3333px;\">maxi<\/span><\/td>\n<\/tr>\n<\/tbody>\n<\/table>\n<p style=\"text-align: center;\">Model m\u00e1\u00a0<strong>169<\/strong>\u00a0cm vysok\u00fd, nos\u00ed ve\u013ekos\u0165 ka\u017ed\u00fd de\u0148\u00a0<strong>S<\/strong><\/p>\n<p style=\"text-align: center;\">\u0160\u00edrka cez prsia 92 cm<\/p>\n<p style=\"text-align: center;\">\u0160\u00edrka v p\u00e1se 62 cm<\/p>\n<p style=\"text-align: center;\">\u0160\u00edrka v bokoch 94 cm<\/p>\n<div class=\"additional-details\" style=\"text-align: center;\">\n<p style=\"text-align: center;\"><span style=\"font-size: 10pt;\">\u00a0<\/span><\/p>\n<\/div>","protected":false},"excerpt":{"rendered":"<p>Kombinezon Plisowany z falbankami be\u017cowy paskiem Sabrinna Kombinezon Plisowany z falbankami be\u017cowy paskiem Sabrinna. Niesamowicie kobiecy, elegancki kombiznezon plisowana o d\u0142ugo\u015bci midi z falbankami przy ramionach. Kombinezon posiada dekolt kopertowym. W talii elastyczna gumka zapewnia dopasowanie modelu do sylwetki co podkre\u015bli kobiece kszta\u0142ty. Kombinezon posiada podszewk\u0119. Zwiewny fason fantastycznie uk\u0142ada si\u0119 podczas ruchu. Idealna propozycja<\/p>\n<div class=\"klb-readmore post-buttons\"><a class=\"button black outline size-sm\" href=\"https:\/\/madelinefashion.pl\/sk\/kombinezon-plisowany-z-falbankami-bezowy-paskiem-sabrinna\/\">\u010c\u00edta\u0165 \u010falej <i class=\"klbth-icon-right-arrow\"><\/i><\/a><\/div>","protected":false},"featured_media":41913,"template":"","meta":[],"product_brand":[],"product_cat":[80,395],"product_tag":[297],"class_list":{"0":"post-42025","1":"product","2":"type-product","3":"status-publish","4":"has-post-thumbnail","6":"product_cat-sukienki-i-kombinezony","7":"product_cat-nowosci","8":"product_tag-kombinezony","10":"first","11":"instock","12":"purchasable","13":"product-type-simple"},"_links":{"self":[{"href":"https:\/\/madelinefashion.pl\/sk\/wp-json\/wp\/v2\/product\/42025","targetHints":{"allow":["GET"]}}],"collection":[{"href":"https:\/\/madelinefashion.pl\/sk\/wp-json\/wp\/v2\/product"}],"about":[{"href":"https:\/\/madelinefashion.pl\/sk\/wp-json\/wp\/v2\/types\/product"}],"wp:featuredmedia":[{"embeddable":true,"href":"https:\/\/madelinefashion.pl\/sk\/wp-json\/wp\/v2\/media\/41913"}],"wp:attachment":[{"href":"https:\/\/madelinefashion.pl\/sk\/wp-json\/wp\/v2\/media?parent=42025"}],"wp:term":[{"taxonomy":"product_brand","embeddable":true,"href":"https:\/\/madelinefashion.pl\/sk\/wp-json\/wp\/v2\/product_brand?post=42025"},{"taxonomy":"product_cat","embeddable":true,"href":"https:\/\/madelinefashion.pl\/sk\/wp-json\/wp\/v2\/product_cat?post=42025"},{"taxonomy":"product_tag","embeddable":true,"href":"https:\/\/madelinefashion.pl\/sk\/wp-json\/wp\/v2\/product_tag?post=42025"}],"curies":[{"name":"pracovn\u00fd list","href":"https:\/\/api.w.org\/{rel}","templated":true}]}}

Béžový plisovaný overal s opaskom Sabrina

<h3 style="text-align: center;">Skladaný overal s volánmi v béžovom opasku Sabrinna</h3>
<p style="text-align: center;"><b>Skladaný overal s volánmi v béžovom opasku Sabrinna.</b> Neuveriteľne ženský, elegantný skladaný overal strednej dĺžky s volánmi na ramenách. Oblek má obálkový výstrih. Elastická guma v páse zaisťuje prispôsobenie modelu k postave, čo zvýrazní ženské tvary. Oblek má podšívku. Vzdušný strih je fantastický pri pohybe. Ideálna ponuka na svadby, svadobné hostiny, rodinné oslavy, bankety. <strong> Dungarees</strong><strong><span lang="pl-pl" xml:lang="pl-pl"> je vyrobená z ľahkého materiálu, vďaka čomu sa v nej budete cítiť pohodlne.  </span></strong><span lang="pl-pl" xml:lang="pl-pl">Dostupné v našej predajni vo viacerých farebných variantoch. Odporúčame pre dámy vo veľkosti SML XL</span></p>
<h3 style="text-align: center;">Rozmery:</h3>
<ul style="text-align: center;">
<li><span style="font-size: 10pt;">        celková dĺžka: 143 cm</span></li>
<li><span style="font-size: 10pt;">        šírka od pazuchy po pazuchu: 34-42 cm</span></li>
<li><span style="font-size: 10pt;">        šírka pása 26-45 cm (elastický)</span></li>
<li><span style="font-size: 10pt;">        dĺžka podšívky: 45 cm</span></li>
<li>pás: 36 cm</li>
</ul>
<p style="text-align: center;"><span style="vertical-align: inherit;">Rozmery sa môžu líšiť od uvedených +/- 2cm. Všetky uvedené rozmery sú merané plošne. rozmer x2</span></p>
<h3 style="text-align: center;">Vlastnosti produktu:</h3>
<p style="text-align: center;"><span style="color: #000000;"><strong>Dodávané s opaskom vo farbe šiat.</strong></span></p>
<p style="text-align: center;"><span style="font-size: 10pt;">- elastický materiál</span><br />
<span style="font-size: 10pt;">- podšívka<br />
</span>- obálkový výstrih<br />
– maxi kombinéza<br />
- plisovaný</p>
<p style="text-align: center;"><span style="font-size: 10pt;"><strong> </strong> </span></p>
<p>&nbsp;</p>
<table style="height: 166px;" width="670">
<tbody>
<tr>
<td width="302"><span style="font-size: 10pt;">Meno modela</span></td>
<td width="302">Plisovaná kombinéza s volánmi a opaskom Sabrinna</td>
</tr>
<tr>
<td width="302"><span style="font-size: 10pt;">Farba</span></td>
<td width="302"><span style="font-size: 10pt;">Béžová</span></td>
</tr>
<tr>
<td width="302"><span style="font-size: 10pt;">Móda</span></td>
<td width="302"><span style="font-size: 10pt;">Vzplanul</span></td>
</tr>
<tr>
<td width="302"><span style="font-size: 10pt;">Materiál</span></td>
<td width="302"><span style="font-size: 10pt;">95 %Polyester 5% Elastan</span></td>
</tr>
<tr>
<td width="302"><span style="font-size: 10pt;">Dĺžka</span></td>
<td width="302"><span style="font-size: 13.3333px;">maxi</span></td>
</tr>
</tbody>
</table>
<p style="text-align: center;">Model má <strong>169</strong> cm vysoký, nosí veľkosť každý deň <strong>S</strong></p>
<p style="text-align: center;">Šírka cez prsia 92 cm</p>
<p style="text-align: center;">Šírka v páse 62 cm</p>
<p style="text-align: center;">Šírka v bokoch 94 cm</p>
<div class="additional-details" style="text-align: center;">
<p style="text-align: center;"><span style="font-size: 10pt;"> </span></p>
</div>

<p>Kombinezon Plisowany z falbankami beżowy paskiem Sabrinna Kombinezon Plisowany z falbankami beżowy paskiem Sabrinna. Niesamowicie kobiecy, elegancki kombiznezon plisowana o długości midi z falbankami przy ramionach. Kombinezon posiada dekolt kopertowym. W talii elastyczna gumka zapewnia dopasowanie modelu do sylwetki co podkreśli kobiece kształty. Kombinezon posiada podszewkę. Zwiewny fason fantastycznie układa się podczas ruchu. Idealna propozycja</p>
<div class="klb-readmore post-buttons"><a class="button black outline size-sm" href="https://madelinefashion.pl/sk/kombinezon-plisowany-z-falbankami-bezowy-paskiem-sabrinna/">Čítať ďalej <i class="klbth-icon-right-arrow"></i></a></div>

pracovný list
