{"id":42851,"date":"2022-05-31T14:23:51","date_gmt":"2022-05-31T12:23:51","guid":{"rendered":"https:\/\/madelinefashion.pl\/?post_type=product&#038;p=42851"},"modified":"2026-01-20T10:33:48","modified_gmt":"2026-01-20T09:33:48","slug":"spodnica-aruzzi-silvinio-biala","status":"publish","type":"product","link":"https:\/\/madelinefashion.pl\/sk\/spodnica-aruzzi-silvinio-biala\/","title":{"rendered":"Biela suk\u0148a Aruzzi Silvinio"},"content":{"rendered":"<h3 style=\"text-align: center;\">Biela suk\u0148a Aruzzi Silvinio<\/h3>\n<p style=\"text-align: center;\"><strong>Biela suk\u0148a Aruzzi Silvinio.<\/strong> Suk\u0148a m\u00e1 \u010dipkov\u00e9 ozdoby a ozdobn\u00fa \u0161n\u00farku v p\u00e1se. Kr\u00e1sna bavlnen\u00e1 suk\u0148a vyroben\u00e1 z m\u00e4kkej, na telo pr\u00edjemnej bavlny. Suk\u0148a je ide\u00e1lnou vo\u013ebou na tepl\u00e9 jarn\u00e9 a letn\u00e9 dni. Perfektne vyzer\u00e1 aj s na\u0161imi <a href=\"https:\/\/madelinefashion.pl\/sk\/bluzka-azurowa-z-falbanka-silvinio-biala\/\">bl\u00fazka<\/a> vytvorenie dokonal\u00e9ho setu Jedna ve\u013ekos\u0165 pre v\u0161etk\u00fdch, odpor\u00fa\u010dan\u00e1 pre nosiace d\u00e1my <strong>SML XL<\/strong><\/p>\n<h2 style=\"text-align: center;\">\u00a0 \u00a0 \u00a0Rozmery:<\/h2>\n<ul>\n<li style=\"text-align: center;\">celkov\u00e1 d\u013a\u017eka: 73 cm\n<ul>\n<li>d\u013a\u017eka pod\u0161\u00edvky: 41 cm<\/li>\n<\/ul>\n<\/li>\n<li style=\"text-align: center;\">\u0161\u00edrka p\u00e1sa: 34-37 cm<\/li>\n<li style=\"text-align: center;\">\u0161\u00edrka bokov: 47-57 cm<\/li>\n<\/ul>\n<table>\n<tbody>\n<tr>\n<td width=\"302\">Meno modela<\/td>\n<td width=\"302\">Suk\u0148a Aruzzi Silvinio<\/td>\n<\/tr>\n<tr>\n<td width=\"302\">Farba<\/td>\n<td width=\"302\">biely<\/td>\n<\/tr>\n<tr>\n<td width=\"302\">ve\u013ekosti<\/td>\n<td width=\"302\">Univerz\u00e1lny<\/td>\n<\/tr>\n<tr>\n<td width=\"302\">\u0160t\u00fdl<\/td>\n<td width=\"302\">Boho<\/td>\n<\/tr>\n<tr>\n<td width=\"302\">Materi\u00e1l<\/td>\n<td width=\"302\">95 % Bavlna 5lastan<\/td>\n<\/tr>\n<\/tbody>\n<\/table>\n<p>&nbsp;<\/p>\n<p>&nbsp;<\/p>\n<p style=\"text-align: center;\">Model m\u00e1\u00a0<strong>169<\/strong>\u00a0cm vysok\u00fd, nos\u00ed ve\u013ekos\u0165 ka\u017ed\u00fd de\u0148\u00a0<strong>S<\/strong><\/p>\n<p style=\"text-align: center;\">\u0160\u00edrka cez prsia 92 cm<\/p>\n<p style=\"text-align: center;\">\u0160\u00edrka v p\u00e1se 62 cm<\/p>\n<p style=\"text-align: center;\">\u0160\u00edrka v bokoch 94 cm<\/p>\n<p style=\"text-align: center;\">","protected":false},"excerpt":{"rendered":"<p>Spodnica Aruzzi Silvinio Bia\u0142a Spodnica Aruzzi Silvinio Bia\u0142a. Sp\u00f3dnica posiada koronkowe zdobienia, i ozdobny sznurek w pasie. Urocza bawe\u0142niana sp\u00f3dnica wykonana z mi\u0119kkiej, przyjemnej dla cia\u0142a bawe\u0142ny. Sp\u00f3dnica to idealna propozycja na ciep\u0142e wiosenne i letnie dni. \u00a0 Idealnie wygl\u0105da r\u00f3wnie\u017c z nasz\u0105 bluzk\u0105 tworz\u0105c idealny komplet Rozmiar uniwersalny zalecany na Panie nosz\u0105ce S M<\/p>\n<div class=\"klb-readmore post-buttons\"><a class=\"button black outline size-sm\" href=\"https:\/\/madelinefashion.pl\/sk\/spodnica-aruzzi-silvinio-biala\/\">\u010c\u00edta\u0165 \u010falej <i class=\"klbth-icon-right-arrow\"><\/i><\/a><\/div>","protected":false},"featured_media":42791,"template":"","meta":[],"product_brand":[],"product_cat":[85,395],"product_tag":[],"class_list":{"0":"post-42851","1":"product","2":"type-product","3":"status-publish","4":"has-post-thumbnail","6":"product_cat-t-shirty","7":"product_cat-nowosci","9":"first","10":"instock","11":"sale","12":"purchasable","13":"product-type-simple"},"_links":{"self":[{"href":"https:\/\/madelinefashion.pl\/sk\/wp-json\/wp\/v2\/product\/42851","targetHints":{"allow":["GET"]}}],"collection":[{"href":"https:\/\/madelinefashion.pl\/sk\/wp-json\/wp\/v2\/product"}],"about":[{"href":"https:\/\/madelinefashion.pl\/sk\/wp-json\/wp\/v2\/types\/product"}],"wp:featuredmedia":[{"embeddable":true,"href":"https:\/\/madelinefashion.pl\/sk\/wp-json\/wp\/v2\/media\/42791"}],"wp:attachment":[{"href":"https:\/\/madelinefashion.pl\/sk\/wp-json\/wp\/v2\/media?parent=42851"}],"wp:term":[{"taxonomy":"product_brand","embeddable":true,"href":"https:\/\/madelinefashion.pl\/sk\/wp-json\/wp\/v2\/product_brand?post=42851"},{"taxonomy":"product_cat","embeddable":true,"href":"https:\/\/madelinefashion.pl\/sk\/wp-json\/wp\/v2\/product_cat?post=42851"},{"taxonomy":"product_tag","embeddable":true,"href":"https:\/\/madelinefashion.pl\/sk\/wp-json\/wp\/v2\/product_tag?post=42851"}],"curies":[{"name":"pracovn\u00fd list","href":"https:\/\/api.w.org\/{rel}","templated":true}]}}

Biela sukňa Aruzzi Silvinio

<h3 style="text-align: center;">Biela sukňa Aruzzi Silvinio</h3>
<p style="text-align: center;"><strong>Biela sukňa Aruzzi Silvinio.</strong> Sukňa má čipkové ozdoby a ozdobnú šnúrku v páse. Krásna bavlnená sukňa vyrobená z mäkkej, na telo príjemnej bavlny. Sukňa je ideálnou voľbou na teplé jarné a letné dni. Perfektne vyzerá aj s našimi <a href="https://madelinefashion.pl/sk/bluzka-azurowa-z-falbanka-silvinio-biala/">blúzka</a> vytvorenie dokonalého setu Jedna veľkosť pre všetkých, odporúčaná pre nosiace dámy <strong>SML XL</strong></p>
<h2 style="text-align: center;">     Rozmery:</h2>
<ul>
<li style="text-align: center;">celková dĺžka: 73 cm
<ul>
<li>dĺžka podšívky: 41 cm</li>
</ul>
</li>
<li style="text-align: center;">šírka pása: 34-37 cm</li>
<li style="text-align: center;">šírka bokov: 47-57 cm</li>
</ul>
<table>
<tbody>
<tr>
<td width="302">Meno modela</td>
<td width="302">Sukňa Aruzzi Silvinio</td>
</tr>
<tr>
<td width="302">Farba</td>
<td width="302">biely</td>
</tr>
<tr>
<td width="302">veľkosti</td>
<td width="302">Univerzálny</td>
</tr>
<tr>
<td width="302">Štýl</td>
<td width="302">Boho</td>
</tr>
<tr>
<td width="302">Materiál</td>
<td width="302">95 % Bavlna 5lastan</td>
</tr>
</tbody>
</table>
<p>&nbsp;</p>
<p>&nbsp;</p>
<p style="text-align: center;">Model má <strong>169</strong> cm vysoký, nosí veľkosť každý deň <strong>S</strong></p>
<p style="text-align: center;">Šírka cez prsia 92 cm</p>
<p style="text-align: center;">Šírka v páse 62 cm</p>
<p style="text-align: center;">Šírka v bokoch 94 cm</p>
<p style="text-align: center;">

<p>Spodnica Aruzzi Silvinio Biała Spodnica Aruzzi Silvinio Biała. Spódnica posiada koronkowe zdobienia, i ozdobny sznurek w pasie. Urocza bawełniana spódnica wykonana z miękkiej, przyjemnej dla ciała bawełny. Spódnica to idealna propozycja na ciepłe wiosenne i letnie dni.   Idealnie wygląda również z naszą bluzką tworząc idealny komplet Rozmiar uniwersalny zalecany na Panie noszące S M</p>
<div class="klb-readmore post-buttons"><a class="button black outline size-sm" href="https://madelinefashion.pl/sk/spodnica-aruzzi-silvinio-biala/">Čítať ďalej <i class="klbth-icon-right-arrow"></i></a></div>

pracovný list
