{"id":42889,"date":"2022-05-31T15:19:22","date_gmt":"2022-05-31T13:19:22","guid":{"rendered":"https:\/\/madelinefashion.pl\/?post_type=product&#038;p=42889"},"modified":"2026-03-01T12:58:35","modified_gmt":"2026-03-01T11:58:35","slug":"torebka-slomiana-okragla-plazowa-bezowa","status":"publish","type":"product","link":"https:\/\/madelinefashion.pl\/sk\/torebka-slomiana-okragla-plazowa-bezowa\/","title":{"rendered":"B\u00e9\u017eov\u00e1 okr\u00fahla pl\u00e1\u017eov\u00e1 slamen\u00e1 ta\u0161ka"},"content":{"rendered":"<h3 style=\"text-align: center;\">B\u00e9\u017eov\u00e1 okr\u00fahla pl\u00e1\u017eov\u00e1 slamen\u00e1 ta\u0161ka<\/h3>\n<p style=\"text-align: center;\">Ve\u013ek\u00e1 d\u00e1mska okr\u00fahla kabelka zo spletenej papierovej slamy, r\u00fa\u010dky z ekoko\u017ee. Zap\u00edna sa na zips, m\u00e1 1 vn\u00fatorn\u00e9 vrecko. Ide\u00e1lny doplnok k pl\u00e1\u017eov\u00fdm \u0161tyliz\u00e1ci\u00e1m!<\/p>\n<p>&nbsp;<\/p>\n<p>&nbsp;<\/p>\n<h3 style=\"text-align: center;\">Rozmery ta\u0161ky:<\/h3>\n<p>&nbsp;<\/p>\n<ul style=\"text-align: center;\">\n<li><b>Materi\u00e1l:<\/b>\u00a0Slamka<\/li>\n<li><b>Typ spony:<\/b>\u00a0Z\u00e1mok<\/li>\n<li><b>\u0161\u00edrka:<\/b> 44 cm<\/li>\n<li><b>v\u00fd\u0161ka:<\/b>\u00a040 cm<\/li>\n<li><b>V\u00fd\u0161ka rukov\u00e4te:<\/b>\u00a032 cm<\/li>\n<li><\/li>\n<\/ul>","protected":false},"excerpt":{"rendered":"<p>B\u00e9\u017eov\u00e1 okr\u00fahla pl\u00e1\u017eov\u00e1 ta\u0161ka zo slamy. Ve\u013ek\u00e1 okr\u00fahla d\u00e1mska ta\u0161ka vyroben\u00e1 z tkanej papierovej slamy s r\u00fa\u010dkami z eko ko\u017ee. Zap\u00ednanie na zips a jedno vn\u00fatorn\u00e9 vrecko. Perfektn\u00fd doplnok pre pl\u00e1\u017eov\u00fd \u0161t\u00fdl! Rozmery ta\u0161ky: Materi\u00e1l: Slama Zap\u00ednanie: Zips \u0160\u00edrka: 44 cm V\u00fd\u0161ka: 40 cm V\u00fd\u0161ka r\u00fa\u010dky: 32 cm<\/p>","protected":false},"featured_media":42869,"template":"","meta":[],"product_brand":[],"product_cat":[113,395],"product_tag":[412],"class_list":{"0":"post-42889","1":"product","2":"type-product","3":"status-publish","4":"has-post-thumbnail","6":"product_cat-dodatki","7":"product_cat-nowosci","8":"product_tag-torebki-damskie","10":"first","11":"instock","12":"sale","13":"purchasable","14":"product-type-simple"},"_links":{"self":[{"href":"https:\/\/madelinefashion.pl\/sk\/wp-json\/wp\/v2\/product\/42889","targetHints":{"allow":["GET"]}}],"collection":[{"href":"https:\/\/madelinefashion.pl\/sk\/wp-json\/wp\/v2\/product"}],"about":[{"href":"https:\/\/madelinefashion.pl\/sk\/wp-json\/wp\/v2\/types\/product"}],"wp:featuredmedia":[{"embeddable":true,"href":"https:\/\/madelinefashion.pl\/sk\/wp-json\/wp\/v2\/media\/42869"}],"wp:attachment":[{"href":"https:\/\/madelinefashion.pl\/sk\/wp-json\/wp\/v2\/media?parent=42889"}],"wp:term":[{"taxonomy":"product_brand","embeddable":true,"href":"https:\/\/madelinefashion.pl\/sk\/wp-json\/wp\/v2\/product_brand?post=42889"},{"taxonomy":"product_cat","embeddable":true,"href":"https:\/\/madelinefashion.pl\/sk\/wp-json\/wp\/v2\/product_cat?post=42889"},{"taxonomy":"product_tag","embeddable":true,"href":"https:\/\/madelinefashion.pl\/sk\/wp-json\/wp\/v2\/product_tag?post=42889"}],"curies":[{"name":"pracovn\u00fd list","href":"https:\/\/api.w.org\/{rel}","templated":true}]}}

Béžová okrúhla plážová slamená taška

<h3 style="text-align: center;">Béžová okrúhla plážová slamená taška</h3>
<p style="text-align: center;">Veľká dámska okrúhla kabelka zo spletenej papierovej slamy, rúčky z ekokože. Zapína sa na zips, má 1 vnútorné vrecko. Ideálny doplnok k plážovým štylizáciám!</p>
<p>&nbsp;</p>
<p>&nbsp;</p>
<h3 style="text-align: center;">Rozmery tašky:</h3>
<p>&nbsp;</p>
<ul style="text-align: center;">
<li><b>Materiál:</b> Slamka</li>
<li><b>Typ spony:</b> Zámok</li>
<li><b>šírka:</b> 44 cm</li>
<li><b>výška:</b> 40 cm</li>
<li><b>Výška rukoväte:</b> 32 cm</li>
<li></li>
</ul>

<p>Béžová okrúhla plážová taška zo slamy. Veľká okrúhla dámska taška vyrobená z tkanej papierovej slamy s rúčkami z eko kože. Zapínanie na zips a jedno vnútorné vrecko. Perfektný doplnok pre plážový štýl! Rozmery tašky: Materiál: Slama Zapínanie: Zips Šírka: 44 cm Výška: 40 cm Výška rúčky: 32 cm</p>

pracovný list
