{"id":42890,"date":"2022-05-31T15:26:08","date_gmt":"2022-05-31T13:26:08","guid":{"rendered":"https:\/\/madelinefashion.pl\/?post_type=product&#038;p=42890"},"modified":"2026-03-01T12:58:35","modified_gmt":"2026-03-01T11:58:35","slug":"torebka-slomiana-okragla-plazowa-karmel","status":"publish","type":"product","link":"https:\/\/madelinefashion.pl\/sk\/torebka-slomiana-okragla-plazowa-karmel\/","title":{"rendered":"Pl\u00e1\u017eov\u00e1 ta\u0161ka z karamelovej slamy"},"content":{"rendered":"<h3 style=\"text-align: center;\">Pl\u00e1\u017eov\u00e1 ta\u0161ka z karamelovej slamy<\/h3>\n<p style=\"text-align: center;\">Ve\u013ek\u00e1 d\u00e1mska okr\u00fahla kabelka zo spletenej papierovej slamy, r\u00fa\u010dky z ekoko\u017ee. Zap\u00edna sa na zips, m\u00e1 1 vn\u00fatorn\u00e9 vrecko. Ide\u00e1lny doplnok k pl\u00e1\u017eov\u00fdm \u0161tyliz\u00e1ci\u00e1m!<\/p>\n<p>&nbsp;<\/p>\n<p>&nbsp;<\/p>\n<h3 style=\"text-align: center;\">Rozmery ta\u0161ky:<\/h3>\n<p>&nbsp;<\/p>\n<ul style=\"text-align: center;\">\n<li><b>Materi\u00e1l:<\/b>\u00a0Slamka<\/li>\n<li><b>Typ spony:<\/b>\u00a0Z\u00e1mok<\/li>\n<li><b>\u0161\u00edrka:<\/b> 44 cm<\/li>\n<li><b>v\u00fd\u0161ka:<\/b>\u00a040 cm<\/li>\n<li><b>V\u00fd\u0161ka rukov\u00e4te:<\/b>\u00a032 cm<\/li>\n<li><\/li>\n<\/ul>","protected":false},"excerpt":{"rendered":"<p>Torebka S\u0142omiana Okr\u0105g\u0142a Pla\u017cowa Karmel Du\u017ca damska okr\u0105g\u0142a torebka wykonana z plecionej, papierowej s\u0142omki, r\u0105czki z eko-sk\u00f3ry. Zapinana na suwak, posiada 1 wewn\u0119trzn\u0105 kieszonk\u0119. Idealny dodatek do pla\u017cowych stylizacji! &nbsp; &nbsp; Wymiary Torebki: &nbsp; Materia\u0142:\u00a0S\u0142oma Rodzaj zapi\u0119cia:\u00a0Zamek Szeroko\u015b\u0107: 44 cm Wysoko\u015b\u0107:\u00a040 cm Wysoko\u015b\u0107 r\u0105czek:\u00a032 cm<\/p>","protected":false},"featured_media":42817,"template":"","meta":[],"product_brand":[],"product_cat":[113],"product_tag":[412],"class_list":{"0":"post-42890","1":"product","2":"type-product","3":"status-publish","4":"has-post-thumbnail","6":"product_cat-dodatki","7":"product_tag-torebki-damskie","9":"first","10":"instock","11":"sale","12":"purchasable","13":"product-type-simple"},"_links":{"self":[{"href":"https:\/\/madelinefashion.pl\/sk\/wp-json\/wp\/v2\/product\/42890","targetHints":{"allow":["GET"]}}],"collection":[{"href":"https:\/\/madelinefashion.pl\/sk\/wp-json\/wp\/v2\/product"}],"about":[{"href":"https:\/\/madelinefashion.pl\/sk\/wp-json\/wp\/v2\/types\/product"}],"wp:featuredmedia":[{"embeddable":true,"href":"https:\/\/madelinefashion.pl\/sk\/wp-json\/wp\/v2\/media\/42817"}],"wp:attachment":[{"href":"https:\/\/madelinefashion.pl\/sk\/wp-json\/wp\/v2\/media?parent=42890"}],"wp:term":[{"taxonomy":"product_brand","embeddable":true,"href":"https:\/\/madelinefashion.pl\/sk\/wp-json\/wp\/v2\/product_brand?post=42890"},{"taxonomy":"product_cat","embeddable":true,"href":"https:\/\/madelinefashion.pl\/sk\/wp-json\/wp\/v2\/product_cat?post=42890"},{"taxonomy":"product_tag","embeddable":true,"href":"https:\/\/madelinefashion.pl\/sk\/wp-json\/wp\/v2\/product_tag?post=42890"}],"curies":[{"name":"pracovn\u00fd list","href":"https:\/\/api.w.org\/{rel}","templated":true}]}}

Plážová taška z karamelovej slamy

<h3 style="text-align: center;">Plážová taška z karamelovej slamy</h3>
<p style="text-align: center;">Veľká dámska okrúhla kabelka zo spletenej papierovej slamy, rúčky z ekokože. Zapína sa na zips, má 1 vnútorné vrecko. Ideálny doplnok k plážovým štylizáciám!</p>
<p>&nbsp;</p>
<p>&nbsp;</p>
<h3 style="text-align: center;">Rozmery tašky:</h3>
<p>&nbsp;</p>
<ul style="text-align: center;">
<li><b>Materiál:</b> Slamka</li>
<li><b>Typ spony:</b> Zámok</li>
<li><b>šírka:</b> 44 cm</li>
<li><b>výška:</b> 40 cm</li>
<li><b>Výška rukoväte:</b> 32 cm</li>
<li></li>
</ul>

<p>Torebka Słomiana Okrągła Plażowa Karmel Duża damska okrągła torebka wykonana z plecionej, papierowej słomki, rączki z eko-skóry. Zapinana na suwak, posiada 1 wewnętrzną kieszonkę. Idealny dodatek do plażowych stylizacji! &nbsp; &nbsp; Wymiary Torebki: &nbsp; Materiał: Słoma Rodzaj zapięcia: Zamek Szerokość: 44 cm Wysokość: 40 cm Wysokość rączek: 32 cm</p>

pracovný list
