{"id":44820,"date":"2022-06-09T15:07:52","date_gmt":"2022-06-09T13:07:52","guid":{"rendered":"https:\/\/madelinefashion.pl\/?post_type=product&#038;p=44820"},"modified":"2026-04-24T16:47:16","modified_gmt":"2026-04-24T14:47:16","slug":"bluzka-koronkowa-krotki-rekaw-czarna","status":"publish","type":"product","link":"https:\/\/madelinefashion.pl\/sk\/bluzka-koronkowa-krotki-rekaw-czarna\/","title":{"rendered":"\u010cipkovan\u00e1 bl\u00fazka s kr\u00e1tkym ruk\u00e1vom \u010dierna"},"content":{"rendered":"<h3 style=\"text-align: center;\">\u010cipkovan\u00e1 bl\u00fazka s kr\u00e1tkym ruk\u00e1vom \u010dierna<\/h3>\n<p style=\"text-align: center;\"><strong>D\u00e1mska bl\u00fazka<\/strong> je prvkom oble\u010denia, ktor\u00fd si na\u0161i klienti objedn\u00e1vaj\u00fa \u010doraz \u010dastej\u0161ie. Nami pripraven\u00e1 ponuka V\u00e1m ur\u010dite umo\u017en\u00ed n\u00e1js\u0165 tu nie\u010do \u0161peci\u00e1lne. Elegantn\u00e1 a zmyseln\u00e1 bl\u00fazka je dokonal\u00fdm rie\u0161en\u00edm a pomocn\u00edkom pri modelovan\u00ed postavy a skr\u00fdvan\u00ed jej nedokonalost\u00ed. Vystu\u017een\u00e9 ko\u0161\u00ed\u010dky s kvetinovou v\u00fd\u0161ivkou dobre podporia poprsie. <strong>\u010cipkovan\u00e1 bl\u00fazka<\/strong> funguje dobre v r\u00f4znych \u0161t\u00fdloch a v pr\u00edpade \u017eien r\u00f4zneho veku a typov kr\u00e1sy. V na\u0161ej ponuke n\u00e1jdete strihy, ktor\u00e9 si m\u00f4\u017eete prisp\u00f4sobi\u0165 ve\u013ekosti a tvaru va\u0161ej postavy.<\/p>\n<p>&nbsp;<\/p>\n<h3 style=\"text-align: center;\">Rozmery:<\/h3>\n<p style=\"text-align: center;\">A-\u0160\u00cdRKA OD AARM K AARM 38 cm-50 cm<\/p>\n<p style=\"text-align: center;\">B - \u0160\u00cdRKA V PASE 34cm - 45cm<\/p>\n<p style=\"text-align: center;\">\u0160\u00cdRKA C V BO\u010cOCH 35 cm-46 cm<\/p>\n<p style=\"text-align: center;\">D-CELKOV\u00c1 D\u0139\u017dKA 55 cm<\/p>\n<p>&nbsp;<\/p>\n<p style=\"text-align: center;\">Rozmery sa m\u00f4\u017eu mierne l\u00ed\u0161i\u0165 od uveden\u00fdch +\/- 2cm. V\u0161etky uveden\u00e9 rozmery s\u00fa meran\u00e9 plo\u0161ne.\u00a0<strong>rozmer x2<\/strong><\/p>\n<p>&nbsp;<\/p>\n<p>&nbsp;<\/p>\n<p style=\"text-align: center;\">\u00a0Model m\u00e1\u00a0<strong>169<\/strong>\u00a0cm vysok\u00fd, nos\u00ed ve\u013ekos\u0165 ka\u017ed\u00fd de\u0148\u00a0<strong>S<\/strong><\/p>\n<p style=\"text-align: center;\">\u0160\u00edrka cez prsia 92 cm<\/p>\n<p style=\"text-align: center;\">\u0160\u00edrka v p\u00e1se 62 cm<\/p>\n<p style=\"text-align: center;\">\u0160\u00edrka v bokoch 94 cm<\/p>\n<p>&nbsp;<\/p>","protected":false},"excerpt":{"rendered":"<p>\u010cierna \u010dipkovan\u00e1 bl\u00fazka s kr\u00e1tkym ruk\u00e1vom. T\u00e1to d\u00e1mska bl\u00fazka je z\u00e1kladn\u00fdm prvkom \u0161atn\u00edka, ktor\u00fd je medzi na\u0161imi klientkami \u010doraz viac vyh\u013ead\u00e1van\u00fd. N\u00e1\u0161 v\u00fdber v\u00e1m ur\u010dite zanech\u00e1 nie\u010do \u0161peci\u00e1lne. T\u00e1to elegantn\u00e1 a zmyseln\u00e1 bl\u00fazka je perfektn\u00fdm rie\u0161en\u00edm, ktor\u00e9 v\u00e1m pom\u00f4\u017ee vytvarova\u0165 postavu a skry\u0165 nedokonalosti. Vystu\u017een\u00e9 ko\u0161\u00ed\u010dky s kvetinovou v\u00fd\u0161ivkou poskytuj\u00fa vynikaj\u00facu oporu. T\u00e1to \u010dipkovan\u00e1 bl\u00fazka je ide\u00e1lna pre...<\/p>\n<div class=\"klb-readmore post-buttons\"><a class=\"button black outline size-sm\" href=\"https:\/\/madelinefashion.pl\/sk\/bluzka-koronkowa-krotki-rekaw-czarna\/\">\u010c\u00edta\u0165 \u010falej <i class=\"klbth-icon-right-arrow\"><\/i><\/a><\/div>","protected":false},"featured_media":44812,"template":"","meta":[],"product_brand":[],"product_cat":[87,77,559],"product_tag":[479,252],"class_list":{"0":"post-44820","1":"product","2":"type-product","3":"status-publish","4":"has-post-thumbnail","6":"product_cat-bluzki-2","7":"product_cat-bluzki","8":"product_cat-noworoczna-sekcja-okazji","9":"product_tag-bluzki-z-krotkim-rekawem","10":"product_tag-bluzka-czarna","12":"first","13":"instock","14":"sale","15":"purchasable","16":"product-type-simple"},"_links":{"self":[{"href":"https:\/\/madelinefashion.pl\/sk\/wp-json\/wp\/v2\/product\/44820","targetHints":{"allow":["GET"]}}],"collection":[{"href":"https:\/\/madelinefashion.pl\/sk\/wp-json\/wp\/v2\/product"}],"about":[{"href":"https:\/\/madelinefashion.pl\/sk\/wp-json\/wp\/v2\/types\/product"}],"wp:featuredmedia":[{"embeddable":true,"href":"https:\/\/madelinefashion.pl\/sk\/wp-json\/wp\/v2\/media\/44812"}],"wp:attachment":[{"href":"https:\/\/madelinefashion.pl\/sk\/wp-json\/wp\/v2\/media?parent=44820"}],"wp:term":[{"taxonomy":"product_brand","embeddable":true,"href":"https:\/\/madelinefashion.pl\/sk\/wp-json\/wp\/v2\/product_brand?post=44820"},{"taxonomy":"product_cat","embeddable":true,"href":"https:\/\/madelinefashion.pl\/sk\/wp-json\/wp\/v2\/product_cat?post=44820"},{"taxonomy":"product_tag","embeddable":true,"href":"https:\/\/madelinefashion.pl\/sk\/wp-json\/wp\/v2\/product_tag?post=44820"}],"curies":[{"name":"pracovn\u00fd list","href":"https:\/\/api.w.org\/{rel}","templated":true}]}}

Čipkovaná blúzka s krátkym rukávom čierna

<h3 style="text-align: center;">Čipkovaná blúzka s krátkym rukávom čierna</h3>
<p style="text-align: center;"><strong>Dámska blúzka</strong> je prvkom oblečenia, ktorý si naši klienti objednávajú čoraz častejšie. Nami pripravená ponuka Vám určite umožní nájsť tu niečo špeciálne. Elegantná a zmyselná blúzka je dokonalým riešením a pomocníkom pri modelovaní postavy a skrývaní jej nedokonalostí. Vystužené košíčky s kvetinovou výšivkou dobre podporia poprsie. <strong>Čipkovaná blúzka</strong> funguje dobre v rôznych štýloch a v prípade žien rôzneho veku a typov krásy. V našej ponuke nájdete strihy, ktoré si môžete prispôsobiť veľkosti a tvaru vašej postavy.</p>
<p>&nbsp;</p>
<h3 style="text-align: center;">Rozmery:</h3>
<p style="text-align: center;">A-ŠÍRKA OD AARM K AARM 38 cm-50 cm</p>
<p style="text-align: center;">B - ŠÍRKA V PASE 34cm - 45cm</p>
<p style="text-align: center;">ŠÍRKA C V BOČOCH 35 cm-46 cm</p>
<p style="text-align: center;">D-CELKOVÁ DĹŽKA 55 cm</p>
<p>&nbsp;</p>
<p style="text-align: center;">Rozmery sa môžu mierne líšiť od uvedených +/- 2cm. Všetky uvedené rozmery sú merané plošne. <strong>rozmer x2</strong></p>
<p>&nbsp;</p>
<p>&nbsp;</p>
<p style="text-align: center;"> Model má <strong>169</strong> cm vysoký, nosí veľkosť každý deň <strong>S</strong></p>
<p style="text-align: center;">Šírka cez prsia 92 cm</p>
<p style="text-align: center;">Šírka v páse 62 cm</p>
<p style="text-align: center;">Šírka v bokoch 94 cm</p>
<p>&nbsp;</p>

<p>Čierna čipkovaná blúzka s krátkym rukávom. Táto dámska blúzka je základným prvkom šatníka, ktorý je medzi našimi klientkami čoraz viac vyhľadávaný. Náš výber vám určite zanechá niečo špeciálne. Táto elegantná a zmyselná blúzka je perfektným riešením, ktoré vám pomôže vytvarovať postavu a skryť nedokonalosti. Vystužené košíčky s kvetinovou výšivkou poskytujú vynikajúcu oporu. Táto čipkovaná blúzka je ideálna pre...</p>
<div class="klb-readmore post-buttons"><a class="button black outline size-sm" href="https://madelinefashion.pl/sk/bluzka-koronkowa-krotki-rekaw-czarna/">Čítať ďalej <i class="klbth-icon-right-arrow"></i></a></div>

pracovný list
