{"id":4705,"date":"2021-01-27T19:03:38","date_gmt":"2021-01-27T18:03:38","guid":{"rendered":"https:\/\/madelinefashion.pl\/?post_type=product&#038;p=4705"},"modified":"2026-01-15T12:43:38","modified_gmt":"2026-01-15T11:43:38","slug":"kurtka-jeansowa-seven","status":"publish","type":"product","link":"https:\/\/madelinefashion.pl\/sk\/kurtka-jeansowa-seven\/","title":{"rendered":"Sedem d\u017e\u00ednsov\u00e1 bunda"},"content":{"rendered":"<h2 style=\"text-align: center;\">Sedem d\u017e\u00ednsov\u00e1 bunda<\/h2>\n<p style=\"text-align: center;\"><strong>Sedem d\u017e\u00ednsov\u00e1 bunda\u00a0 <\/strong>toto je jeden z na\u0161ich n\u00e1vrhov na nadch\u00e1dzaj\u00face jarn\u00e9 dni. D\u00e1 sa pou\u017ei\u0165 v akomko\u013evek \u0161t\u00fdle, ako s klasick\u00fdmi d\u017e\u00ednsami, tak aj s bielym tri\u010dkom na ka\u017edodenn\u00e9 vych\u00e1dzky. <strong>Klasick\u00e9 d\u017e\u00ednsy - v\u017edy m\u00f3dne <\/strong>bol skombinovan\u00fd s ob\u013e\u00faben\u00fdm z <strong>odreniny a m\u00f3dna potla\u010d na chrbte\u00a0 <\/strong>Je to ist\u00e9 <strong>musie\u0165 ma\u0165<\/strong> v ka\u017edom \u0161atn\u00edku! Na\u0161a bunda je dokonal\u00fdm modelom pre \u017eeny, ktor\u00e9 sa rady hraj\u00fa s m\u00f3dou a chc\u00fa vy\u010dnieva\u0165 z davu. Dlh\u00e9 ruk\u00e1vy ukon\u010den\u00e9 gomb\u00edkom, v\u010faka ktor\u00e9mu sa ruk\u00e1vy daj\u00fa vyhrn\u00fa\u0165. Tento model je ide\u00e1lny pre <strong>jarn\u00e9, jesenn\u00e9 a chladnej\u0161ie letn\u00e9 dni.<\/strong> V\u010faka vhodne zvolen\u00fdm doplnkom \u013eahko vytvor\u00edte jedine\u010dn\u00e9 \u0161tyliz\u00e1cie na spolo\u010densk\u00e9 udalosti \u010di oslavy. Vyst\u00fapte z davu s na\u0161ou d\u017e\u00ednsovou katanou. Odpor\u00fa\u010dame kombinova\u0165 <strong>s na\u0161im <a href=\"https:\/\/madelinefashion.pl\/sk\/bluzki-2\/\" target=\"_blank\" rel=\"noopener\">bl\u00fazky<\/a> a <a href=\"https:\/\/madelinefashion.pl\/sk\/casual-clothes\/t-shirty\/\">tri\u010dk\u00e1<\/a> !<\/strong> Bunda dostupn\u00e1 vo ve\u013ekosti<strong> S, M, L<br \/>\n<\/strong><strong><br \/>\n<\/strong><\/p>\n<h2><\/h2>\n<h2 style=\"text-align: center;\">Rozmery:<\/h2>\n<p style=\"text-align: center;\"><strong>S<\/strong><br \/>\n\u0160\u00edrka od pazuchy po pazuchu: 2 x 54 cm<br \/>\nD\u013a\u017eka ruk\u00e1va od ramena: 49 cm<br \/>\nCelkov\u00e1 d\u013a\u017eka: 54 cm<\/p>\n<p style=\"text-align: center;\"><strong>m<\/strong><br \/>\n\u0160\u00edrka od pazuchy po pazuchu: 2 x 55 cm<br \/>\nD\u013a\u017eka ruk\u00e1va od ramena: 49 cm<br \/>\nCelkov\u00e1 d\u013a\u017eka: 54 cm<\/p>\n<p style=\"text-align: center;\"><strong>L<\/strong><br \/>\n\u0160\u00edrka od pazuchy po pazuchu: 2 x 56 cm<br \/>\nD\u013a\u017eka ruk\u00e1va od ramena: 49 cm<br \/>\nCelkov\u00e1 d\u013a\u017eka: 55 cm<\/p>\n<p>&nbsp;<\/p>\n<p style=\"text-align: center;\">Rozmery sa m\u00f4\u017eu mierne l\u00ed\u0161i\u0165 od uveden\u00fdch +\/- 2cm. V\u0161etky uveden\u00e9 rozmery s\u00fa meran\u00e9 plo\u0161ne.<\/p>\n<p style=\"text-align: center;\"><span style=\"font-size: 10pt;\">\u00a0<\/span><\/p>\n<p style=\"text-align: center;\"><span style=\"font-size: 10pt;\"><strong>MODELKA 168 cm - VE\u013dKOS\u0164 S<\/strong><\/span><\/p>\n<p style=\"text-align: center;\"><span style=\"font-size: 10pt;\">\u00a0<\/span><\/p>\n<p style=\"text-align: center;\">","protected":false},"excerpt":{"rendered":"<p>D\u017e\u00ednsov\u00e1 bunda Seven Denim je jednou z na\u0161ich ob\u013e\u00faben\u00fdch na nadch\u00e1dzaj\u00face jarn\u00e9 dni. D\u00e1 sa nosi\u0165 s ak\u00fdmko\u013evek outfitom, \u010di u\u017e s klasick\u00fdmi d\u017e\u00ednsami alebo bielym tri\u010dkom na ka\u017edodenn\u00e9 nosenie. Klasick\u00fd denim \u2013 v\u017edy v m\u00f3de \u2013 je skombinovan\u00fd s na\u0161\u00edm ob\u013e\u00faben\u00fdm denimom s efektom starnutia a trendovou potla\u010dou na chrbte. Je to jednozna\u010dne nevyhnutnos\u0165 v ka\u017edom \u0161atn\u00edku!<\/p>\n<div class=\"klb-readmore post-buttons\"><a class=\"button black outline size-sm\" href=\"https:\/\/madelinefashion.pl\/sk\/kurtka-jeansowa-seven\/\">\u010c\u00edta\u0165 \u010falej <i class=\"klbth-icon-right-arrow\"><\/i><\/a><\/div>","protected":false},"featured_media":6111,"template":"","meta":[],"product_brand":[],"product_cat":[117],"product_tag":[240,507],"class_list":{"0":"post-4705","1":"product","2":"type-product","3":"status-publish","4":"has-post-thumbnail","6":"product_cat-kurtki","7":"product_tag-jeans","8":"product_tag-kurtka-jeansowa","9":"pa_rozmiar-s","10":"pa_rozmiar-m","11":"pa_rozmiar-l","13":"first","14":"instock","15":"sale","16":"purchasable","17":"product-type-variable"},"_links":{"self":[{"href":"https:\/\/madelinefashion.pl\/sk\/wp-json\/wp\/v2\/product\/4705","targetHints":{"allow":["GET"]}}],"collection":[{"href":"https:\/\/madelinefashion.pl\/sk\/wp-json\/wp\/v2\/product"}],"about":[{"href":"https:\/\/madelinefashion.pl\/sk\/wp-json\/wp\/v2\/types\/product"}],"wp:featuredmedia":[{"embeddable":true,"href":"https:\/\/madelinefashion.pl\/sk\/wp-json\/wp\/v2\/media\/6111"}],"wp:attachment":[{"href":"https:\/\/madelinefashion.pl\/sk\/wp-json\/wp\/v2\/media?parent=4705"}],"wp:term":[{"taxonomy":"product_brand","embeddable":true,"href":"https:\/\/madelinefashion.pl\/sk\/wp-json\/wp\/v2\/product_brand?post=4705"},{"taxonomy":"product_cat","embeddable":true,"href":"https:\/\/madelinefashion.pl\/sk\/wp-json\/wp\/v2\/product_cat?post=4705"},{"taxonomy":"product_tag","embeddable":true,"href":"https:\/\/madelinefashion.pl\/sk\/wp-json\/wp\/v2\/product_tag?post=4705"}],"curies":[{"name":"pracovn\u00fd list","href":"https:\/\/api.w.org\/{rel}","templated":true}]}}

Sedem džínsová bunda

<h2 style="text-align: center;">Sedem džínsová bunda</h2>
<p style="text-align: center;"><strong>Sedem džínsová bunda  </strong>toto je jeden z našich návrhov na nadchádzajúce jarné dni. Dá sa použiť v akomkoľvek štýle, ako s klasickými džínsami, tak aj s bielym tričkom na každodenné vychádzky. <strong>Klasické džínsy - vždy módne </strong>bol skombinovaný s obľúbeným z <strong>odreniny a módna potlač na chrbte  </strong>Je to isté <strong>musieť mať</strong> v každom šatníku! Naša bunda je dokonalým modelom pre ženy, ktoré sa rady hrajú s módou a chcú vyčnievať z davu. Dlhé rukávy ukončené gombíkom, vďaka ktorému sa rukávy dajú vyhrnúť. Tento model je ideálny pre <strong>jarné, jesenné a chladnejšie letné dni.</strong> Vďaka vhodne zvoleným doplnkom ľahko vytvoríte jedinečné štylizácie na spoločenské udalosti či oslavy. Vystúpte z davu s našou džínsovou katanou. Odporúčame kombinovať <strong>s našim <a href="https://madelinefashion.pl/sk/bluzki-2/" target="_blank" rel="noopener">blúzky</a> a <a href="https://madelinefashion.pl/sk/casual-clothes/t-shirty/">tričká</a> !</strong> Bunda dostupná vo veľkosti<strong> S, M, L<br />
</strong><strong><br />
</strong></p>
<h2></h2>
<h2 style="text-align: center;">Rozmery:</h2>
<p style="text-align: center;"><strong>S</strong><br />
Šírka od pazuchy po pazuchu: 2 x 54 cm<br />
Dĺžka rukáva od ramena: 49 cm<br />
Celková dĺžka: 54 cm</p>
<p style="text-align: center;"><strong>m</strong><br />
Šírka od pazuchy po pazuchu: 2 x 55 cm<br />
Dĺžka rukáva od ramena: 49 cm<br />
Celková dĺžka: 54 cm</p>
<p style="text-align: center;"><strong>L</strong><br />
Šírka od pazuchy po pazuchu: 2 x 56 cm<br />
Dĺžka rukáva od ramena: 49 cm<br />
Celková dĺžka: 55 cm</p>
<p>&nbsp;</p>
<p style="text-align: center;">Rozmery sa môžu mierne líšiť od uvedených +/- 2cm. Všetky uvedené rozmery sú merané plošne.</p>
<p style="text-align: center;"><span style="font-size: 10pt;"> </span></p>
<p style="text-align: center;"><span style="font-size: 10pt;"><strong>MODELKA 168 cm - VEĽKOSŤ S</strong></span></p>
<p style="text-align: center;"><span style="font-size: 10pt;"> </span></p>
<p style="text-align: center;">

<p>Džínsová bunda Seven Denim je jednou z našich obľúbených na nadchádzajúce jarné dni. Dá sa nosiť s akýmkoľvek outfitom, či už s klasickými džínsami alebo bielym tričkom na každodenné nosenie. Klasický denim – vždy v móde – je skombinovaný s naším obľúbeným denimom s efektom starnutia a trendovou potlačou na chrbte. Je to jednoznačne nevyhnutnosť v každom šatníku!</p>
<div class="klb-readmore post-buttons"><a class="button black outline size-sm" href="https://madelinefashion.pl/sk/kurtka-jeansowa-seven/">Čítať ďalej <i class="klbth-icon-right-arrow"></i></a></div>

pracovný list
