{"id":4828,"date":"2021-01-31T13:48:26","date_gmt":"2021-01-31T12:48:26","guid":{"rendered":"https:\/\/madelinefashion.pl\/?post_type=product&#038;p=4828"},"modified":"2026-03-06T12:33:57","modified_gmt":"2026-03-06T11:33:57","slug":"kurtka-futerko-lana-karmel","status":"publish","type":"product","link":"https:\/\/madelinefashion.pl\/sk\/kurtka-futerko-lana-karmel\/","title":{"rendered":"Bunda Lana Caramel Fur"},"content":{"rendered":"<h3 style=\"text-align: center;\">Bunda Lana Caramel Fur<\/h3>\n<div style=\"text-align: center;\">\n<p>Chcete sa c\u00edti\u0165 \u0161t\u00fdlovo a m\u00f3dne? Tento produkt je pre v\u00e1s. Ko\u017eu\u0161ina, ktor\u00e1 sa hod\u00ed na ka\u017edodenn\u00e9 aj elegantnej\u0161ie \u0161tyliz\u00e1cie, na zips, m\u00e1 vreck\u00e1 a kapuc\u0148u. Skvel\u00e1 ponuka na chladn\u00e9 dni<span style=\"text-align: center;\">. Je to ist\u00e9 <\/span><strong style=\"text-align: center;\">musie\u0165 ma\u0165<\/strong><span style=\"text-align: center;\"> v ka\u017edom \u0161atn\u00edku! <\/span><span style=\"text-align: center;\">Vyst\u00fapte z davu s na\u0161imi <strong>srs\u0165<\/strong> s ruk\u00e1vmi. Fant\u00e1zii sa medze neklad\u00fa, preto nev\u00e1hajte a<\/span><strong style=\"text-align: center;\"> vytvorte si svoj vlastn\u00fd \u0161t\u00fdl<\/strong><span style=\"text-align: center;\">. <strong>Ko\u017eu\u0161ina Lana<\/strong><\/span><span style=\"text-align: center;\">\u00a0prich\u00e1dza vo ve\u013ekosti<\/span><strong style=\"text-align: center;\"> SML XL. Tento model je ide\u00e1lny pre\u00a0<strong>jar, jese\u0148.<\/strong> <\/strong><span style=\"text-align: center;\">Ak m\u00e1te nejak\u00e9 ot\u00e1zky, sme tu, aby sme v\u00e1m pomohli.<\/span><\/p>\n<\/div>\n<h3 style=\"text-align: center;\">Rozmery:<\/h3>\n<p style=\"text-align: center;\"><strong>S:<\/strong><br \/>\nD\u0139\u017dKA 56CM<\/p>\n<p style=\"text-align: center;\">\u0160\u00cdRKA OD AARM PO AARM 50-52 CM<\/p>\n<p style=\"text-align: center;\">D\u0139\u017dKA RUK\u00c1VU OD PA\u017d\u00cd 46 CM<\/p>\n<p style=\"text-align: center;\">D\u0139\u017dKA RUK\u00c1VU OD RAMENA 62CM<\/p>\n<p style=\"text-align: center;\"><strong>m<\/strong><\/p>\n<p style=\"text-align: center;\">D\u0139\u017dKA 58CM<\/p>\n<p style=\"text-align: center;\">\u0160\u00cdRKA OD AARM PO AARM 52-54 CM<\/p>\n<p style=\"text-align: center;\">D\u0139\u017dKA RUK\u00c1VU OD PA\u017d\u00cd 46 CM<\/p>\n<p style=\"text-align: center;\">D\u0139\u017dKA RUK\u00c1VU OD RAMENA 62CM<\/p>\n<p style=\"text-align: center;\"><strong>L<\/strong><\/p>\n<p style=\"text-align: center;\">D\u0139\u017dKA 59CM<\/p>\n<p style=\"text-align: center;\">\u0160\u00cdRKA OD AARM PO AARM 56-59 CM<\/p>\n<p style=\"text-align: center;\">D\u0139\u017dKA RUK\u00c1VU OD PA\u017d\u00cd 48 CM<\/p>\n<p style=\"text-align: center;\">D\u0139\u017dKA RUK\u00c1VU OD RAMENA 64 CM<\/p>\n<p style=\"text-align: center;\"><strong>XL<\/strong><\/p>\n<p style=\"text-align: center;\">D\u0139\u017dKA 61CM<\/p>\n<p style=\"text-align: center;\">\u0160\u00cdRKA OD AARM PO AARM 58-60 CM<\/p>\n<p style=\"text-align: center;\">D\u0139\u017dKA RUK\u00c1VU OD PA\u017d\u00cd 48 CM<\/p>\n<p style=\"text-align: center;\">D\u0139\u017dKA RUK\u00c1VU OD RAMENA 64 CM<\/p>\n<p style=\"text-align: center;\">Rozmery sa m\u00f4\u017eu mierne l\u00ed\u0161i\u0165 od uveden\u00fdch +\/- 2cm. V\u0161etky uveden\u00e9 rozmery s\u00fa meran\u00e9 plo\u0161ne.<\/p>\n<table width=\"605\">\n<tbody>\n<tr>\n<td width=\"302\">Meno modela<\/td>\n<td width=\"302\">Ko\u017eu\u0161ina Lana<\/td>\n<\/tr>\n<tr>\n<td width=\"302\">Farba<\/td>\n<td width=\"302\">karamel<\/td>\n<\/tr>\n<tr>\n<td width=\"302\">ve\u013ekosti<\/td>\n<td width=\"302\">SML XL<\/td>\n<\/tr>\n<tr>\n<td width=\"302\">M\u00f3da<\/td>\n<td width=\"302\">Priliehav\u00e9 \/ \u0161t\u00edhle<\/td>\n<\/tr>\n<tr>\n<td width=\"302\">Hood<\/td>\n<td width=\"302\">\u00c1no<\/td>\n<\/tr>\n<tr>\n<td width=\"302\">Pod\u0161\u00edvka<\/td>\n<td width=\"302\">\u00c1no<\/td>\n<\/tr>\n<tr>\n<td width=\"302\">vreck\u00e1<\/td>\n<td width=\"302\">\u00c1no<\/td>\n<\/tr>\n<\/tbody>\n<\/table>\n<p>&nbsp;<\/p>\n<p style=\"text-align: center;\">Model m\u00e1\u00a0<strong>169<\/strong>\u00a0cm vysok\u00fd, nos\u00ed ve\u013ekos\u0165 ka\u017ed\u00fd de\u0148\u00a0<strong>S<\/strong><\/p>\n<p style=\"text-align: center;\">\u0160\u00edrka hrudn\u00edka 91 cm<\/p>\n<p style=\"text-align: center;\">\u0160\u00edrka p\u00e1su 71 cm<\/p>\n<p style=\"text-align: center;\">\u0160\u00edrka bokov 96 cm<\/p>\n<p style=\"text-align: center;\">","protected":false},"excerpt":{"rendered":"<p>Kurtka Futerko Lana Karmel Chcesz poczu\u0107 si\u0119 stylowo i modnie?\u00a0 Ten produkt jest dla Ciebie. Futerko kt\u00f3re pasuje zar\u00f3wno do codziennych jak i bardziej eleganckich stylizacji, Zapinane na zamek, posiada kieszenie i kaptur. \u015awietna propozycja na ch\u0142odne dni. Jest to zdecydowany must have w ka\u017cdej garderobie! Wyr\u00f3\u017cniaj si\u0119 z t\u0142umu z naszym futerkiem z r\u0119kawami<\/p>\n<div class=\"klb-readmore post-buttons\"><a class=\"button black outline size-sm\" href=\"https:\/\/madelinefashion.pl\/sk\/kurtka-futerko-lana-karmel\/\">\u010c\u00edta\u0165 \u010falej <i class=\"klbth-icon-right-arrow\"><\/i><\/a><\/div>","protected":false},"featured_media":560147,"template":"","meta":[],"product_brand":[],"product_cat":[117],"product_tag":[],"class_list":{"0":"post-4828","1":"product","2":"type-product","3":"status-publish","4":"has-post-thumbnail","6":"product_cat-kurtki","7":"pa_rozmiar-s","8":"pa_rozmiar-m","9":"pa_rozmiar-l","10":"pa_rozmiar-xl","12":"first","13":"instock","14":"sale","15":"purchasable","16":"product-type-variable"},"_links":{"self":[{"href":"https:\/\/madelinefashion.pl\/sk\/wp-json\/wp\/v2\/product\/4828","targetHints":{"allow":["GET"]}}],"collection":[{"href":"https:\/\/madelinefashion.pl\/sk\/wp-json\/wp\/v2\/product"}],"about":[{"href":"https:\/\/madelinefashion.pl\/sk\/wp-json\/wp\/v2\/types\/product"}],"wp:featuredmedia":[{"embeddable":true,"href":"https:\/\/madelinefashion.pl\/sk\/wp-json\/wp\/v2\/media\/560147"}],"wp:attachment":[{"href":"https:\/\/madelinefashion.pl\/sk\/wp-json\/wp\/v2\/media?parent=4828"}],"wp:term":[{"taxonomy":"product_brand","embeddable":true,"href":"https:\/\/madelinefashion.pl\/sk\/wp-json\/wp\/v2\/product_brand?post=4828"},{"taxonomy":"product_cat","embeddable":true,"href":"https:\/\/madelinefashion.pl\/sk\/wp-json\/wp\/v2\/product_cat?post=4828"},{"taxonomy":"product_tag","embeddable":true,"href":"https:\/\/madelinefashion.pl\/sk\/wp-json\/wp\/v2\/product_tag?post=4828"}],"curies":[{"name":"pracovn\u00fd list","href":"https:\/\/api.w.org\/{rel}","templated":true}]}}

<h3 style="text-align: center;">Bunda Lana Caramel Fur</h3>
<div style="text-align: center;">
<p>Chcete sa cítiť štýlovo a módne? Tento produkt je pre vás. Kožušina, ktorá sa hodí na každodenné aj elegantnejšie štylizácie, na zips, má vrecká a kapucňu. Skvelá ponuka na chladné dni<span style="text-align: center;">. Je to isté </span><strong style="text-align: center;">musieť mať</strong><span style="text-align: center;"> v každom šatníku! </span><span style="text-align: center;">Vystúpte z davu s našimi <strong>srsť</strong> s rukávmi. Fantázii sa medze nekladú, preto neváhajte a</span><strong style="text-align: center;"> vytvorte si svoj vlastný štýl</strong><span style="text-align: center;">. <strong>Kožušina Lana</strong></span><span style="text-align: center;"> prichádza vo veľkosti</span><strong style="text-align: center;"> SML XL. Tento model je ideálny pre <strong>jar, jeseň.</strong> </strong><span style="text-align: center;">Ak máte nejaké otázky, sme tu, aby sme vám pomohli.</span></p>
</div>
<h3 style="text-align: center;">Rozmery:</h3>
<p style="text-align: center;"><strong>S:</strong><br />
DĹŽKA 56CM</p>
<p style="text-align: center;">ŠÍRKA OD AARM PO AARM 50-52 CM</p>
<p style="text-align: center;">DĹŽKA RUKÁVU OD PAŽÍ 46 CM</p>
<p style="text-align: center;">DĹŽKA RUKÁVU OD RAMENA 62CM</p>
<p style="text-align: center;"><strong>m</strong></p>
<p style="text-align: center;">DĹŽKA 58CM</p>
<p style="text-align: center;">ŠÍRKA OD AARM PO AARM 52-54 CM</p>
<p style="text-align: center;">DĹŽKA RUKÁVU OD PAŽÍ 46 CM</p>
<p style="text-align: center;">DĹŽKA RUKÁVU OD RAMENA 62CM</p>
<p style="text-align: center;"><strong>L</strong></p>
<p style="text-align: center;">DĹŽKA 59CM</p>
<p style="text-align: center;">ŠÍRKA OD AARM PO AARM 56-59 CM</p>
<p style="text-align: center;">DĹŽKA RUKÁVU OD PAŽÍ 48 CM</p>
<p style="text-align: center;">DĹŽKA RUKÁVU OD RAMENA 64 CM</p>
<p style="text-align: center;"><strong>XL</strong></p>
<p style="text-align: center;">DĹŽKA 61CM</p>
<p style="text-align: center;">ŠÍRKA OD AARM PO AARM 58-60 CM</p>
<p style="text-align: center;">DĹŽKA RUKÁVU OD PAŽÍ 48 CM</p>
<p style="text-align: center;">DĹŽKA RUKÁVU OD RAMENA 64 CM</p>
<p style="text-align: center;">Rozmery sa môžu mierne líšiť od uvedených +/- 2cm. Všetky uvedené rozmery sú merané plošne.</p>
<table width="605">
<tbody>
<tr>
<td width="302">Meno modela</td>
<td width="302">Kožušina Lana</td>
</tr>
<tr>
<td width="302">Farba</td>
<td width="302">karamel</td>
</tr>
<tr>
<td width="302">veľkosti</td>
<td width="302">SML XL</td>
</tr>
<tr>
<td width="302">Móda</td>
<td width="302">Priliehavé / štíhle</td>
</tr>
<tr>
<td width="302">Hood</td>
<td width="302">Áno</td>
</tr>
<tr>
<td width="302">Podšívka</td>
<td width="302">Áno</td>
</tr>
<tr>
<td width="302">vrecká</td>
<td width="302">Áno</td>
</tr>
</tbody>
</table>
<p>&nbsp;</p>
<p style="text-align: center;">Model má <strong>169</strong> cm vysoký, nosí veľkosť každý deň <strong>S</strong></p>
<p style="text-align: center;">Šírka hrudníka 91 cm</p>
<p style="text-align: center;">Šírka pásu 71 cm</p>
<p style="text-align: center;">Šírka bokov 96 cm</p>
<p style="text-align: center;">

<p>Kurtka Futerko Lana Karmel Chcesz poczuć się stylowo i modnie?  Ten produkt jest dla Ciebie. Futerko które pasuje zarówno do codziennych jak i bardziej eleganckich stylizacji, Zapinane na zamek, posiada kieszenie i kaptur. Świetna propozycja na chłodne dni. Jest to zdecydowany must have w każdej garderobie! Wyróżniaj się z tłumu z naszym futerkiem z rękawami</p>
<div class="klb-readmore post-buttons"><a class="button black outline size-sm" href="https://madelinefashion.pl/sk/kurtka-futerko-lana-karmel/">Čítať ďalej <i class="klbth-icon-right-arrow"></i></a></div>

pracovný list
