{"id":51388,"date":"2022-07-30T13:18:21","date_gmt":"2022-07-30T11:18:21","guid":{"rendered":"https:\/\/madelinefashion.pl\/?post_type=product&#038;p=51388"},"modified":"2026-03-01T12:58:34","modified_gmt":"2026-03-01T11:58:34","slug":"kapelusz-slomkowy-cool-summer-bezowy","status":"publish","type":"product","link":"https:\/\/madelinefashion.pl\/sk\/kapelusz-slomkowy-cool-summer-bezowy\/","title":{"rendered":"Slamen\u00fd klob\u00fak Cool Summer B\u00e9\u017eov\u00e1"},"content":{"rendered":"<h3 style=\"text-align: center;\">Slamen\u00fd klob\u00fak Cool Summer B\u00e9\u017eov\u00e1<\/h3>\n<p style=\"text-align: center;\">D\u00e1msky pleten\u00fd klob\u00fak vyroben\u00fd z m\u00e4kkej papierovej slamy. Siln\u00e1 v\u00e4zba neprep\u00fa\u0161\u0165a UV \u017eiarenie. Klob\u00fak pevne dr\u017e\u00ed na hlave. Okr\u00fahla hlava a okraj. Klob\u00fak bude skvel\u00fdm doplnkom k le\u017e\u00e9rnym \u0161tyliz\u00e1ci\u00e1m. Bude to fungova\u0165 aj v \u0161t\u00fdle boho. N\u00e1\u0161 klob\u00fak je ide\u00e1lnou vo\u013ebou na hor\u00face letn\u00e9 dni.<\/p>\n<h2 style=\"text-align: center;\">Rozmery:<\/h2>\n<p style=\"text-align: center;\">v\u00fd\u0161ka hlavy - 9 cm<\/p>\n<p style=\"text-align: center;\">priemer okraja - 46 cm<\/p>\n<p style=\"text-align: center;\">obvod hlavy - 58\/59 cm<\/p>\n<p style=\"text-align: center;\">","protected":false},"excerpt":{"rendered":"<p>Kapelusz S\u0142omkowy Cool Summer Be\u017cowy Pleciony kapelusz damski, wykonany z mi\u0119kkiej, papierowej s\u0142omki. Mocny splot nie przepuszcza promieni UV. Kapelusz stabilnie trzyma si\u0119 na g\u0142owie. Okr\u0105g\u0142a g\u0142\u00f3wka oraz rondo. Kapelusz b\u0119dzie \u015bwietnym dodatkiem do casualowych stylizacji. Sprawdzi si\u0119 r\u00f3wnie\u017c w stylu boho. Nasz kapelusz jest idealn\u0105 propozycj\u0105 na letnie upalne dni. Wymiary: wysoko\u015b\u0107 g\u0142\u00f3wki- 9<\/p>\n<div class=\"klb-readmore post-buttons\"><a class=\"button black outline size-sm\" href=\"https:\/\/madelinefashion.pl\/sk\/kapelusz-slomkowy-cool-summer-bezowy\/\">\u010c\u00edta\u0165 \u010falej <i class=\"klbth-icon-right-arrow\"><\/i><\/a><\/div>","protected":false},"featured_media":51376,"template":"","meta":[],"product_brand":[],"product_cat":[113,395],"product_tag":[397],"class_list":{"0":"post-51388","1":"product","2":"type-product","3":"status-publish","4":"has-post-thumbnail","6":"product_cat-dodatki","7":"product_cat-nowosci","8":"product_tag-kapelusz","10":"first","11":"instock","12":"sale","13":"purchasable","14":"product-type-simple"},"_links":{"self":[{"href":"https:\/\/madelinefashion.pl\/sk\/wp-json\/wp\/v2\/product\/51388","targetHints":{"allow":["GET"]}}],"collection":[{"href":"https:\/\/madelinefashion.pl\/sk\/wp-json\/wp\/v2\/product"}],"about":[{"href":"https:\/\/madelinefashion.pl\/sk\/wp-json\/wp\/v2\/types\/product"}],"wp:featuredmedia":[{"embeddable":true,"href":"https:\/\/madelinefashion.pl\/sk\/wp-json\/wp\/v2\/media\/51376"}],"wp:attachment":[{"href":"https:\/\/madelinefashion.pl\/sk\/wp-json\/wp\/v2\/media?parent=51388"}],"wp:term":[{"taxonomy":"product_brand","embeddable":true,"href":"https:\/\/madelinefashion.pl\/sk\/wp-json\/wp\/v2\/product_brand?post=51388"},{"taxonomy":"product_cat","embeddable":true,"href":"https:\/\/madelinefashion.pl\/sk\/wp-json\/wp\/v2\/product_cat?post=51388"},{"taxonomy":"product_tag","embeddable":true,"href":"https:\/\/madelinefashion.pl\/sk\/wp-json\/wp\/v2\/product_tag?post=51388"}],"curies":[{"name":"pracovn\u00fd list","href":"https:\/\/api.w.org\/{rel}","templated":true}]}}

Slamený klobúk Cool Summer Béžová

<h3 style="text-align: center;">Slamený klobúk Cool Summer Béžová</h3>
<p style="text-align: center;">Dámsky pletený klobúk vyrobený z mäkkej papierovej slamy. Silná väzba neprepúšťa UV žiarenie. Klobúk pevne drží na hlave. Okrúhla hlava a okraj. Klobúk bude skvelým doplnkom k ležérnym štylizáciám. Bude to fungovať aj v štýle boho. Náš klobúk je ideálnou voľbou na horúce letné dni.</p>
<h2 style="text-align: center;">Rozmery:</h2>
<p style="text-align: center;">výška hlavy - 9 cm</p>
<p style="text-align: center;">priemer okraja - 46 cm</p>
<p style="text-align: center;">obvod hlavy - 58/59 cm</p>
<p style="text-align: center;">

<p>Kapelusz Słomkowy Cool Summer Beżowy Pleciony kapelusz damski, wykonany z miękkiej, papierowej słomki. Mocny splot nie przepuszcza promieni UV. Kapelusz stabilnie trzyma się na głowie. Okrągła główka oraz rondo. Kapelusz będzie świetnym dodatkiem do casualowych stylizacji. Sprawdzi się również w stylu boho. Nasz kapelusz jest idealną propozycją na letnie upalne dni. Wymiary: wysokość główki- 9</p>
<div class="klb-readmore post-buttons"><a class="button black outline size-sm" href="https://madelinefashion.pl/sk/kapelusz-slomkowy-cool-summer-bezowy/">Čítať ďalej <i class="klbth-icon-right-arrow"></i></a></div>

pracovný list
