{"id":525622,"date":"2024-04-18T12:38:20","date_gmt":"2024-04-18T10:38:20","guid":{"rendered":"https:\/\/madelinefashion.pl\/?post_type=product&#038;p=525622"},"modified":"2025-05-08T16:26:23","modified_gmt":"2025-05-08T14:26:23","slug":"kombinezon-elegancki-lilac-vera","status":"publish","type":"product","link":"https:\/\/madelinefashion.pl\/sk\/kombinezon-elegancki-lilac-vera\/","title":{"rendered":"Elegantn\u00fd fialov\u00fd overal Vera"},"content":{"rendered":"<h3 style=\"text-align: center;\">Elegantn\u00fd fialov\u00fd overal Vera<\/h3>\n<p style=\"text-align: center;\">Kr\u00e1sny, nev\u0161edn\u00fd overal, vhodn\u00fd na r\u00f4zne pr\u00edle\u017eitosti. Oblek je vyroben\u00fd z elegantn\u00e9ho stre\u010dov\u00e9ho materi\u00e1lu. Top na tenk\u00fdch nastavite\u013en\u00fdch ramienkach so v\u0161it\u00fdmi ko\u0161\u00ed\u010dkami, overal m\u00e1 na prsiach rozparok v tvare V. \u0160irok\u00fd opasok v p\u00e1se zv\u00fdraz\u0148uj\u00faci p\u00e1s. Rovn\u00fd rozparok na bokoch jemne odha\u013euje nohu. Overal zap\u00ednan\u00fd vzadu na zips. <span style=\"font-size: 10pt;\">Ide\u00e1lne na p\u00e1rty, Silvestra, ve\u010deru alebo von s priate\u013emi. Kombin\u00e9za so \u0161irok\u00fdmi nohavicami prid\u00e1va inov\u00e1ciu.<\/span><span style=\"font-size: 10pt;\"> <strong>Dungarees<\/strong><strong>\u00a0<\/strong> k dispoz\u00edcii <\/span><span style=\"font-size: 10pt;\">\u00a0vo ve\u013ekostiach <strong>34, 36, 38<\/strong> , <strong>40<\/strong>\u00a0 . Kombin\u00e9zy a \u0161aty <strong>Pekn\u00e1 \u017eena<\/strong> je vynikaj\u00facou vo\u013ebou na svadbu, ples, Silvestra a in\u00e9 elegantn\u00e9 \u0161peci\u00e1lne udalosti. Ak sa neviete rozhodn\u00fa\u0165 ak\u00fa farbu, <strong>ve\u013ekos\u0165<\/strong> je pre v\u00e1s to najlep\u0161ie <strong>kontaktuj n\u00e1s<\/strong> cez <a href=\"https:\/\/www.facebook.com\/madelinefashionbutik\" target=\"_blank\" rel=\"noopener\">Facebook<\/a> alebo <a href=\"https:\/\/madelinefashion.pl\/sk\/kontakt\/\">telef\u00f3n<\/a>. Ak ve\u013ekos\u0165 nie je na str\u00e1nke, kontaktujte n\u00e1s.\u00a0<\/span><\/p>\n<h3 style=\"text-align: center;\">ROZMERY kombin\u00e9zy:<\/h3>\n<p style=\"text-align: center;\"><img fetchpriority=\"high\" decoding=\"async\" class=\"alignnone size-medium wp-image-16801\" src=\"https:\/\/madelinefashion.pl\/wp-content\/uploads\/2021\/08\/wymiary-suknia-300x194.png\" alt=\"\" width=\"300\" height=\"194\" title=\"\"><\/p>\n<table style=\"height: 127px;\" width=\"265\">\n<tbody>\n<tr>\n<td>VE\u013dKOS\u0164<\/td>\n<td>34<\/td>\n<td>36<\/td>\n<td>38<\/td>\n<td>40<\/td>\n<\/tr>\n<tr>\n<td>poprsia<\/td>\n<td>84-86<\/td>\n<td>88-90<\/td>\n<td>92-94<\/td>\n<td>96-98<\/td>\n<\/tr>\n<tr>\n<td>P\u00e1s<\/td>\n<td>64<\/td>\n<td>68<\/td>\n<td>72<\/td>\n<td>76<\/td>\n<\/tr>\n<tr>\n<td>Boky<\/td>\n<td>\u00a0ak\u00fdko\u013evek<\/td>\n<td>\u00a0ak\u00fdko\u013evek<\/td>\n<td>\u00a0ak\u00fdko\u013evek<\/td>\n<td>ak\u00fdko\u013evek<\/td>\n<\/tr>\n<\/tbody>\n<\/table>\n<p style=\"text-align: center;\">\u00a0 celkov\u00e1 d\u013a\u017eka cca 157 cm<\/p>\n<p style=\"text-align: center;\">\u0160aty s\u00fa dostupn\u00e9 aj v in\u00fdch farb\u00e1ch - odpor\u00fa\u010dame v\u00e1m zozn\u00e1mi\u0165 sa s na\u0161imi \u010fal\u0161\u00edmi produktmi.<\/p>\n<p style=\"text-align: center;\">Rozmery sa m\u00f4\u017eu mierne l\u00ed\u0161i\u0165 od uveden\u00fdch +\/- 2cm.<\/p>\n<p style=\"text-align: center;\"><strong>\u00a0<\/strong><\/p>\n<p>&nbsp;<\/p>\n<table>\n<tbody>\n<tr>\n<td width=\"302\">Meno modela<\/td>\n<td width=\"302\">Veru kombin\u00e9za<\/td>\n<\/tr>\n<tr>\n<td width=\"302\">Farba<\/td>\n<td width=\"302\"><span style=\"font-size: 10pt;\">fialov\u00fd<\/span><\/td>\n<\/tr>\n<tr>\n<td width=\"302\">Marka<\/td>\n<td width=\"302\">Pekn\u00e1 \u017eena<\/td>\n<\/tr>\n<tr>\n<td width=\"302\">ve\u013ekosti<\/td>\n<td width=\"302\">34 36 38 40<\/td>\n<\/tr>\n<tr>\n<td width=\"302\">M\u00f3da<\/td>\n<td width=\"302\">Zhoda<\/td>\n<\/tr>\n<tr>\n<td width=\"302\">Materi\u00e1l<\/td>\n<td width=\"302\">Visk\u00f3za, polyester, bavlna<\/td>\n<\/tr>\n<tr>\n<td width=\"302\">D\u013a\u017eka<\/td>\n<td width=\"302\">Na zem<\/td>\n<\/tr>\n<\/tbody>\n<\/table>\n<p>&nbsp;<\/p>\n<p style=\"text-align: center;\">Aby ste si vybrali\u00a0<strong>perfektn\u00e9 \u0161aty<\/strong>\u00a0kontaktujte n\u00e1s pros\u00edm telefonicky alebo cez n\u00e1\u0161 facebook.<br \/>\nN\u00e1\u0161 t\u00edm v\u00e1m pom\u00f4\u017ee\u00a0<strong>Vyberte si ten spr\u00e1vny<\/strong>\u00a0.\u00a0<strong>Na \u017eelanie kupuj\u00faceho vyrob\u00edme ak\u00e9ko\u013evek \u0161aty\u00a0<\/strong><strong>opatrne mera\u0165.\u00a0<\/strong><\/p>\n<div class=\"additional-details\">\n<p style=\"text-align: center;\">\n<\/div>","protected":false},"excerpt":{"rendered":"<p>Kombinezon Elegancki Lilac Vera Pi\u0119kny, nietuzinkowy kombinezon, odpowiedni na r\u00f3\u017cne okazje. Kombinezon uszyty jest z\u00a0 eleganckiego rozci\u0105gliwego materia\u0142u. G\u00f3ra na cienkich regulowanych rami\u0105czkach z wszytymi miseczkami , kombinezon posiada rozci\u0119cie w literk\u0119 V na biu\u015bcie. W pasie szeroki pas podkre\u015blaj\u0105cy tali\u0119. Prosta nogawka rozci\u0119ta po bokach ods\u0142ania delikatnie nog\u0119. Kombinezon zapinany z ty\u0142u na zamek.<\/p>\n<div class=\"klb-readmore post-buttons\"><a class=\"button black outline size-sm\" href=\"https:\/\/madelinefashion.pl\/sk\/kombinezon-elegancki-lilac-vera\/\">\u010c\u00edta\u0165 \u010falej <i class=\"klbth-icon-right-arrow\"><\/i><\/a><\/div>","protected":false},"featured_media":525621,"template":"","meta":[],"product_brand":[],"product_cat":[80,395],"product_tag":[297,257],"class_list":{"0":"post-525622","1":"product","2":"type-product","3":"status-publish","4":"has-post-thumbnail","6":"product_cat-sukienki-i-kombinezony","7":"product_cat-nowosci","8":"product_tag-kombinezony","9":"product_tag-madelinefashion","11":"first","12":"instock","13":"product-type-variable"},"_links":{"self":[{"href":"https:\/\/madelinefashion.pl\/sk\/wp-json\/wp\/v2\/product\/525622","targetHints":{"allow":["GET"]}}],"collection":[{"href":"https:\/\/madelinefashion.pl\/sk\/wp-json\/wp\/v2\/product"}],"about":[{"href":"https:\/\/madelinefashion.pl\/sk\/wp-json\/wp\/v2\/types\/product"}],"wp:featuredmedia":[{"embeddable":true,"href":"https:\/\/madelinefashion.pl\/sk\/wp-json\/wp\/v2\/media\/525621"}],"wp:attachment":[{"href":"https:\/\/madelinefashion.pl\/sk\/wp-json\/wp\/v2\/media?parent=525622"}],"wp:term":[{"taxonomy":"product_brand","embeddable":true,"href":"https:\/\/madelinefashion.pl\/sk\/wp-json\/wp\/v2\/product_brand?post=525622"},{"taxonomy":"product_cat","embeddable":true,"href":"https:\/\/madelinefashion.pl\/sk\/wp-json\/wp\/v2\/product_cat?post=525622"},{"taxonomy":"product_tag","embeddable":true,"href":"https:\/\/madelinefashion.pl\/sk\/wp-json\/wp\/v2\/product_tag?post=525622"}],"curies":[{"name":"pracovn\u00fd list","href":"https:\/\/api.w.org\/{rel}","templated":true}]}}

Elegantný fialový overal Vera

<h3 style="text-align: center;">Elegantný fialový overal Vera</h3>
<p style="text-align: center;">Krásny, nevšedný overal, vhodný na rôzne príležitosti. Oblek je vyrobený z elegantného strečového materiálu. Top na tenkých nastaviteľných ramienkach so všitými košíčkami, overal má na prsiach rozparok v tvare V. Široký opasok v páse zvýrazňujúci pás. Rovný rozparok na bokoch jemne odhaľuje nohu. Overal zapínaný vzadu na zips. <span style="font-size: 10pt;">Ideálne na párty, Silvestra, večeru alebo von s priateľmi. Kombinéza so širokými nohavicami pridáva inováciu.</span><span style="font-size: 10pt;"> <strong>Dungarees</strong><strong> </strong> k dispozícii </span><span style="font-size: 10pt;"> vo veľkostiach <strong>34, 36, 38</strong> , <strong>40</strong>  . Kombinézy a šaty <strong>Pekná žena</strong> je vynikajúcou voľbou na svadbu, ples, Silvestra a iné elegantné špeciálne udalosti. Ak sa neviete rozhodnúť akú farbu, <strong>veľkosť</strong> je pre vás to najlepšie <strong>kontaktuj nás</strong> cez <a href="https://www.facebook.com/madelinefashionbutik" target="_blank" rel="noopener">Facebook</a> alebo <a href="https://madelinefashion.pl/sk/kontakt/">telefón</a>. Ak veľkosť nie je na stránke, kontaktujte nás. </span></p>
<h3 style="text-align: center;">ROZMERY kombinézy:</h3>
<p style="text-align: center;"><img fetchpriority="high" decoding="async" class="alignnone size-medium wp-image-16801" src="https://madelinefashion.pl/wp-content/uploads/2021/08/wymiary-suknia-300x194.png" alt="" width="300" height="194" title=""></p>
<table style="height: 127px;" width="265">
<tbody>
<tr>
<td>VEĽKOSŤ</td>
<td>34</td>
<td>36</td>
<td>38</td>
<td>40</td>
</tr>
<tr>
<td>poprsia</td>
<td>84-86</td>
<td>88-90</td>
<td>92-94</td>
<td>96-98</td>
</tr>
<tr>
<td>Pás</td>
<td>64</td>
<td>68</td>
<td>72</td>
<td>76</td>
</tr>
<tr>
<td>Boky</td>
<td> akýkoľvek</td>
<td> akýkoľvek</td>
<td> akýkoľvek</td>
<td>akýkoľvek</td>
</tr>
</tbody>
</table>
<p style="text-align: center;">  celková dĺžka cca 157 cm</p>
<p style="text-align: center;">Šaty sú dostupné aj v iných farbách - odporúčame vám zoznámiť sa s našimi ďalšími produktmi.</p>
<p style="text-align: center;">Rozmery sa môžu mierne líšiť od uvedených +/- 2cm.</p>
<p style="text-align: center;"><strong> </strong></p>
<p>&nbsp;</p>
<table>
<tbody>
<tr>
<td width="302">Meno modela</td>
<td width="302">Veru kombinéza</td>
</tr>
<tr>
<td width="302">Farba</td>
<td width="302"><span style="font-size: 10pt;">fialový</span></td>
</tr>
<tr>
<td width="302">Marka</td>
<td width="302">Pekná žena</td>
</tr>
<tr>
<td width="302">veľkosti</td>
<td width="302">34 36 38 40</td>
</tr>
<tr>
<td width="302">Móda</td>
<td width="302">Zhoda</td>
</tr>
<tr>
<td width="302">Materiál</td>
<td width="302">Viskóza, polyester, bavlna</td>
</tr>
<tr>
<td width="302">Dĺžka</td>
<td width="302">Na zem</td>
</tr>
</tbody>
</table>
<p>&nbsp;</p>
<p style="text-align: center;">Aby ste si vybrali <strong>perfektné šaty</strong> kontaktujte nás prosím telefonicky alebo cez náš facebook.<br />
Náš tím vám pomôže <strong>Vyberte si ten správny</strong> . <strong>Na želanie kupujúceho vyrobíme akékoľvek šaty </strong><strong>opatrne merať. </strong></p>
<div class="additional-details">
<p style="text-align: center;">
</div>

<p>Kombinezon Elegancki Lilac Vera Piękny, nietuzinkowy kombinezon, odpowiedni na różne okazje. Kombinezon uszyty jest z  eleganckiego rozciągliwego materiału. Góra na cienkich regulowanych ramiączkach z wszytymi miseczkami , kombinezon posiada rozcięcie w literkę V na biuście. W pasie szeroki pas podkreślający talię. Prosta nogawka rozcięta po bokach odsłania delikatnie nogę. Kombinezon zapinany z tyłu na zamek.</p>
<div class="klb-readmore post-buttons"><a class="button black outline size-sm" href="https://madelinefashion.pl/sk/kombinezon-elegancki-lilac-vera/">Čítať ďalej <i class="klbth-icon-right-arrow"></i></a></div>

pracovný list
