{"id":529396,"date":"2024-05-14T16:30:33","date_gmt":"2024-05-14T14:30:33","guid":{"rendered":"https:\/\/madelinefashion.pl\/?post_type=product&#038;p=529396"},"modified":"2026-04-20T18:53:13","modified_gmt":"2026-04-20T16:53:13","slug":"sukienka-tiulowa-na-ramiaczkach-selena-biala","status":"publish","type":"product","link":"https:\/\/madelinefashion.pl\/sk\/sukienka-tiulowa-na-ramiaczkach-selena-biala\/","title":{"rendered":"Biele tylov\u00e9 \u0161aty s ramienkami Selena"},"content":{"rendered":"<h3 style=\"text-align: center;\">Biele tylov\u00e9 \u0161aty s ramienkami Selena<\/h3>\n<p style=\"text-align: center;\"><strong>\u00a0Kr\u00e1sne dlh\u00e9 spolo\u010densk\u00e9 \u0161aty z tylov\u00e9ho materi\u00e1lu<\/strong>. Kr\u00e1sne zv\u00fdraz\u0148uj\u00fa \u017eensk\u00e9 krivky \u2013 s\u00fa vyroben\u00e9 z jemn\u00e9ho, vzdu\u0161n\u00e9ho tylu. \u0160aty kr\u00e1sne odha\u013euj\u00fa chrb\u00e1t. Tieto \u0161aty bez ramienok sa vyzna\u010duj\u00fa kr\u00e1snym, v\u00fdrazn\u00fdm \u017eiv\u00f4tikom. Vpredu maj\u00fa v\u0161it\u00e9 ko\u0161\u00ed\u010dky, v\u010faka \u010domu nepotrebujete podprsenku. Ak h\u013ead\u00e1te jedine\u010dn\u00e9 \u0161aty, v ktor\u00fdch vyniknete z davu \u2013 <strong>Modelka Selena<\/strong> je perfektnou vo\u013ebou \u2013 trblietav\u00fd tyl dod\u00e1va \u0161at\u00e1m jemn\u00fd lesk, ktor\u00fd vo svetle vyzer\u00e1 \u00fa\u017easne, najm\u00e4 po\u010das obradu a recepcie. <strong data-start=\"224\" data-end=\"272\">Pr\u00e9miov\u00e9 tylov\u00e9 svadobn\u00e9 \u0161aty s ramienkami<\/strong> je ide\u00e1lnym n\u00e1vrhom pre <strong>nevesty<\/strong>, ktor\u00e1 sn\u00edva o romantickom, \u013eahkom a neuverite\u013ene \u017eenskom svadobnom looku. Kombin\u00e1cia jemn\u00e9ho tylu, dokonal\u00e9ho strihu a luxusn\u00e9ho prevedenia rob\u00ed tieto \u0161aty podmaniv\u00fdmi svojou formou a nad\u010dasov\u00fdm \u0161t\u00fdlom. <strong data-start=\"923\" data-end=\"936\">popruhy<\/strong> Dodajte \u0161at\u00e1m \u013eahk\u00fd a romantick\u00fd n\u00e1dych a z\u00e1rove\u0148 zaistite pohodlie a stabilitu. \u017div\u00f4tik \u0161iat je navrhnut\u00fd tak, aby jemne zv\u00fdraznil v\u00fdstrih a ramen\u00e1. Dostupn\u00e9 vo ve\u013ekostiach S, M, L. Ak sa neviete rozhodn\u00fa\u0165, ktor\u00fa farbu..., <strong>ve\u013ekos\u0165<\/strong> je pre v\u00e1s to najlep\u0161ie <strong>kontaktuj n\u00e1s<\/strong> cez <a href=\"https:\/\/www.facebook.com\/madelinefashionbutik\" target=\"_blank\" rel=\"noopener\">Facebook<\/a> alebo <a href=\"https:\/\/madelinefashion.pl\/sk\/kontakt\/\">telef\u00f3n<\/a>. Ak ve\u013ekos\u0165 nie je na str\u00e1nke, kontaktujte n\u00e1s.<\/p>\n<h3 style=\"text-align: center;\">ROZMERY \u0161iat:<\/h3>\n<table class=\"aligncenter\" style=\"height: 175px;\" width=\"578\">\n<tbody>\n<tr>\n<td><strong>VE\u013dKOS\u0164<\/strong><\/td>\n<td><strong>poprsia<\/strong><\/td>\n<td><strong>P\u00e1s<\/strong><\/td>\n<td width=\"73\"><strong>Boky<\/strong><\/td>\n<\/tr>\n<tr>\n<td><strong>34<\/strong><\/td>\n<td>84-86<\/td>\n<td>64<\/td>\n<td width=\"73\">\u00a0ak\u00fdko\u013evek<\/td>\n<\/tr>\n<tr>\n<td><strong>36<\/strong><\/td>\n<td>88-90<\/td>\n<td>68<\/td>\n<td width=\"73\">\u00a0ak\u00fdko\u013evek<\/td>\n<\/tr>\n<tr>\n<td><strong>38<\/strong><\/td>\n<td>\u00a092-94<\/td>\n<td>72<\/td>\n<td width=\"73\">\u00a0ak\u00fdko\u013evek<\/td>\n<\/tr>\n<tr>\n<td><strong>40<\/strong><\/td>\n<td>96-98<\/td>\n<td>76<\/td>\n<td width=\"73\">\u00a0ak\u00fdko\u013evek<\/td>\n<\/tr>\n<\/tbody>\n<\/table>\n<p style=\"text-align: center;\"><span style=\"font-size: 10pt;\">celkov\u00e1 d\u013a\u017eka cca 157 cm\u00a0\u00a0<\/span><\/p>\n<p style=\"text-align: center;\"><span style=\"font-size: 10pt;\">\u0160aty dostupn\u00e9 aj v <strong>in\u00e9 farebn\u00e9 varianty<\/strong> \u2013 odpor\u00fa\u010dame v\u00e1m zozn\u00e1mi\u0165 sa s na\u0161imi \u010fal\u0161\u00edmi produktmi.\u00a0<\/span><\/p>\n<p style=\"text-align: center;\"><span style=\"font-size: 10pt;\">Rozmery sa m\u00f4\u017eu mierne l\u00ed\u0161i\u0165 od uveden\u00fdch +\/- 2cm.\u00a0<\/span><\/p>\n<p style=\"text-align: center;\"><span style=\"font-size: 10pt;\"><strong>\u00a0<\/strong>\u00a0<\/span><\/p>\n<table width=\"618\">\n<tbody>\n<tr>\n<td width=\"302\">Meno modela<\/td>\n<td width=\"302\">Tylov\u00e9 \u0161aty bez ramienok Selena<\/td>\n<\/tr>\n<tr>\n<td width=\"302\">Farba<\/td>\n<td width=\"302\">biely<\/td>\n<\/tr>\n<tr>\n<td width=\"302\">Materi\u00e1l<\/td>\n<td width=\"302\">Tyl<\/td>\n<\/tr>\n<tr>\n<td width=\"302\">ve\u013ekosti<\/td>\n<td width=\"302\">34 36 38 40<\/td>\n<\/tr>\n<tr>\n<td width=\"302\">M\u00f3da<\/td>\n<td width=\"302\">Zhoda<\/td>\n<\/tr>\n<tr>\n<td width=\"302\">Materi\u00e1l<\/td>\n<td width=\"302\">Visk\u00f3za, polyester, bavlna<\/td>\n<\/tr>\n<tr>\n<td width=\"302\">D\u013a\u017eka<\/td>\n<td width=\"302\">Na zem<\/td>\n<\/tr>\n<\/tbody>\n<\/table>\n<p style=\"text-align: center;\"><span style=\"font-size: 10pt;\">* Pre v\u00e4\u010d\u0161ie ve\u013ekosti n\u00e1s pros\u00edm kontaktujte telefonicky\u00a0\u00a0<\/span><\/p>\n<p style=\"text-align: center;\"><span style=\"font-size: 10pt;\">Aby ste si vybrali <strong>perfektn\u00e9 \u0161aty<\/strong> kontaktujte n\u00e1s telefonicky alebo prostredn\u00edctvom na\u0161ej webovej str\u00e1nky <a href=\"https:\/\/www.facebook.com\/madelinefashionbutik\" target=\"_blank\" rel=\"noopener\">Facebook<\/a> .<\/span><br \/>\n<span style=\"font-size: 10pt;\">N\u00e1\u0161 t\u00edm v\u00e1m pom\u00f4\u017ee <strong>Vyberte si ten spr\u00e1vny<\/strong> . <strong>Na \u017eelanie kupuj\u00faceho vyrob\u00edme ak\u00e9ko\u013evek \u0161aty\u00a0<\/strong><strong>opatrne mera\u0165.\u00a0<\/strong><\/span><\/p>\n<div class=\"additional-details\" style=\"text-align: center;\">\n<p style=\"text-align: center;\"><span style=\"font-size: 10pt;\">\u00a0<\/span><\/p>\n<\/div>","protected":false},"excerpt":{"rendered":"<p>Biele tylov\u00e9 \u0161aty bez ramienok Selena. Kr\u00e1sne dlh\u00e9 ve\u010dern\u00e9 \u0161aty z tylu. Kr\u00e1sne zv\u00fdraz\u0148uj\u00fa \u017eensk\u00e9 krivky \u2013 s\u00fa vyroben\u00e9 z jemn\u00e9ho, vzdu\u0161n\u00e9ho tylu. \u0160aty kr\u00e1sne odha\u013euj\u00fa chrb\u00e1t. Tieto \u0161aty bez ramienok sa vyzna\u010duj\u00fa kr\u00e1snym, v\u00fdrazn\u00fdm \u017eiv\u00f4tikom. Vpredu maj\u00fa v\u0161it\u00e9 ko\u0161\u00ed\u010dky, v\u010faka \u010domu nepotrebujete podprsenku. Ak h\u013ead\u00e1te jedine\u010dn\u00e9 \u0161aty, v ktor\u00fdch vyniknete z davu, tieto \u0161aty s\u00fa pre v\u00e1s ide\u00e1lne.<\/p>\n<div class=\"klb-readmore post-buttons\"><a class=\"button black outline size-sm\" href=\"https:\/\/madelinefashion.pl\/sk\/sukienka-tiulowa-na-ramiaczkach-selena-biala\/\">\u010c\u00edta\u0165 \u010falej <i class=\"klbth-icon-right-arrow\"><\/i><\/a><\/div>","protected":false},"featured_media":529393,"template":"","meta":[],"product_brand":[],"product_cat":[124,564,561,566,631],"product_tag":[219,163],"class_list":{"0":"post-529396","1":"product","2":"type-product","3":"status-publish","4":"has-post-thumbnail","6":"product_cat-sukienki-okolicznosciowe","7":"product_cat-sukienki-plus-size","8":"product_cat-sukienki-tiulowe","9":"product_cat-suknie-slubne","10":"product_cat-suknie-slubne-tiulowe","11":"product_tag-sukienka-biala","12":"product_tag-sukienki-dlugie","14":"first","15":"instock","16":"purchasable","17":"product-type-variable"},"_links":{"self":[{"href":"https:\/\/madelinefashion.pl\/sk\/wp-json\/wp\/v2\/product\/529396","targetHints":{"allow":["GET"]}}],"collection":[{"href":"https:\/\/madelinefashion.pl\/sk\/wp-json\/wp\/v2\/product"}],"about":[{"href":"https:\/\/madelinefashion.pl\/sk\/wp-json\/wp\/v2\/types\/product"}],"wp:featuredmedia":[{"embeddable":true,"href":"https:\/\/madelinefashion.pl\/sk\/wp-json\/wp\/v2\/media\/529393"}],"wp:attachment":[{"href":"https:\/\/madelinefashion.pl\/sk\/wp-json\/wp\/v2\/media?parent=529396"}],"wp:term":[{"taxonomy":"product_brand","embeddable":true,"href":"https:\/\/madelinefashion.pl\/sk\/wp-json\/wp\/v2\/product_brand?post=529396"},{"taxonomy":"product_cat","embeddable":true,"href":"https:\/\/madelinefashion.pl\/sk\/wp-json\/wp\/v2\/product_cat?post=529396"},{"taxonomy":"product_tag","embeddable":true,"href":"https:\/\/madelinefashion.pl\/sk\/wp-json\/wp\/v2\/product_tag?post=529396"}],"curies":[{"name":"pracovn\u00fd list","href":"https:\/\/api.w.org\/{rel}","templated":true}]}}

Biele tylové šaty s ramienkami Selena

<h3 style="text-align: center;">Biele tylové šaty s ramienkami Selena</h3>
<p style="text-align: center;"><strong> Krásne dlhé spoločenské šaty z tylového materiálu</strong>. Krásne zvýrazňujú ženské krivky – sú vyrobené z jemného, vzdušného tylu. Šaty krásne odhaľujú chrbát. Tieto šaty bez ramienok sa vyznačujú krásnym, výrazným živôtikom. Vpredu majú všité košíčky, vďaka čomu nepotrebujete podprsenku. Ak hľadáte jedinečné šaty, v ktorých vyniknete z davu – <strong>Modelka Selena</strong> je perfektnou voľbou – trblietavý tyl dodáva šatám jemný lesk, ktorý vo svetle vyzerá úžasne, najmä počas obradu a recepcie. <strong data-start="224" data-end="272">Prémiové tylové svadobné šaty s ramienkami</strong> je ideálnym návrhom pre <strong>nevesty</strong>, ktorá sníva o romantickom, ľahkom a neuveriteľne ženskom svadobnom looku. Kombinácia jemného tylu, dokonalého strihu a luxusného prevedenia robí tieto šaty podmanivými svojou formou a nadčasovým štýlom. <strong data-start="923" data-end="936">popruhy</strong> Dodajte šatám ľahký a romantický nádych a zároveň zaistite pohodlie a stabilitu. Živôtik šiat je navrhnutý tak, aby jemne zvýraznil výstrih a ramená. Dostupné vo veľkostiach S, M, L. Ak sa neviete rozhodnúť, ktorú farbu..., <strong>veľkosť</strong> je pre vás to najlepšie <strong>kontaktuj nás</strong> cez <a href="https://www.facebook.com/madelinefashionbutik" target="_blank" rel="noopener">Facebook</a> alebo <a href="https://madelinefashion.pl/sk/kontakt/">telefón</a>. Ak veľkosť nie je na stránke, kontaktujte nás.</p>
<h3 style="text-align: center;">ROZMERY šiat:</h3>
<table class="aligncenter" style="height: 175px;" width="578">
<tbody>
<tr>
<td><strong>VEĽKOSŤ</strong></td>
<td><strong>poprsia</strong></td>
<td><strong>Pás</strong></td>
<td width="73"><strong>Boky</strong></td>
</tr>
<tr>
<td><strong>34</strong></td>
<td>84-86</td>
<td>64</td>
<td width="73"> akýkoľvek</td>
</tr>
<tr>
<td><strong>36</strong></td>
<td>88-90</td>
<td>68</td>
<td width="73"> akýkoľvek</td>
</tr>
<tr>
<td><strong>38</strong></td>
<td> 92-94</td>
<td>72</td>
<td width="73"> akýkoľvek</td>
</tr>
<tr>
<td><strong>40</strong></td>
<td>96-98</td>
<td>76</td>
<td width="73"> akýkoľvek</td>
</tr>
</tbody>
</table>
<p style="text-align: center;"><span style="font-size: 10pt;">celková dĺžka cca 157 cm  </span></p>
<p style="text-align: center;"><span style="font-size: 10pt;">Šaty dostupné aj v <strong>iné farebné varianty</strong> – odporúčame vám zoznámiť sa s našimi ďalšími produktmi. </span></p>
<p style="text-align: center;"><span style="font-size: 10pt;">Rozmery sa môžu mierne líšiť od uvedených +/- 2cm. </span></p>
<p style="text-align: center;"><span style="font-size: 10pt;"><strong> </strong> </span></p>
<table width="618">
<tbody>
<tr>
<td width="302">Meno modela</td>
<td width="302">Tylové šaty bez ramienok Selena</td>
</tr>
<tr>
<td width="302">Farba</td>
<td width="302">biely</td>
</tr>
<tr>
<td width="302">Materiál</td>
<td width="302">Tyl</td>
</tr>
<tr>
<td width="302">veľkosti</td>
<td width="302">34 36 38 40</td>
</tr>
<tr>
<td width="302">Móda</td>
<td width="302">Zhoda</td>
</tr>
<tr>
<td width="302">Materiál</td>
<td width="302">Viskóza, polyester, bavlna</td>
</tr>
<tr>
<td width="302">Dĺžka</td>
<td width="302">Na zem</td>
</tr>
</tbody>
</table>
<p style="text-align: center;"><span style="font-size: 10pt;">* Pre väčšie veľkosti nás prosím kontaktujte telefonicky  </span></p>
<p style="text-align: center;"><span style="font-size: 10pt;">Aby ste si vybrali <strong>perfektné šaty</strong> kontaktujte nás telefonicky alebo prostredníctvom našej webovej stránky <a href="https://www.facebook.com/madelinefashionbutik" target="_blank" rel="noopener">Facebook</a> .</span><br />
<span style="font-size: 10pt;">Náš tím vám pomôže <strong>Vyberte si ten správny</strong> . <strong>Na želanie kupujúceho vyrobíme akékoľvek šaty </strong><strong>opatrne merať. </strong></span></p>
<div class="additional-details" style="text-align: center;">
<p style="text-align: center;"><span style="font-size: 10pt;"> </span></p>
</div>

<p>Biele tylové šaty bez ramienok Selena. Krásne dlhé večerné šaty z tylu. Krásne zvýrazňujú ženské krivky – sú vyrobené z jemného, vzdušného tylu. Šaty krásne odhaľujú chrbát. Tieto šaty bez ramienok sa vyznačujú krásnym, výrazným živôtikom. Vpredu majú všité košíčky, vďaka čomu nepotrebujete podprsenku. Ak hľadáte jedinečné šaty, v ktorých vyniknete z davu, tieto šaty sú pre vás ideálne.</p>
<div class="klb-readmore post-buttons"><a class="button black outline size-sm" href="https://madelinefashion.pl/sk/sukienka-tiulowa-na-ramiaczkach-selena-biala/">Čítať ďalej <i class="klbth-icon-right-arrow"></i></a></div>

pracovný list
