{"id":529695,"date":"2024-05-16T10:13:31","date_gmt":"2024-05-16T08:13:31","guid":{"rendered":"https:\/\/madelinefashion.pl\/?post_type=product&#038;p=529695"},"modified":"2026-04-20T18:53:13","modified_gmt":"2026-04-20T16:53:13","slug":"sukienka-violett-zdobiona-piorkami-biala","status":"publish","type":"product","link":"https:\/\/madelinefashion.pl\/sk\/sukienka-violett-zdobiona-piorkami-biala\/","title":{"rendered":"Biele \u0161aty Violett zdoben\u00e9 pierkami"},"content":{"rendered":"<h3 style=\"text-align: center;\">Biele \u0161aty Violett zdoben\u00e9 pierkami<\/h3>\n<p style=\"text-align: center;\"><span style=\"font-size: 10pt;\">Kr\u00e1sne maxi ve\u010dern\u00e9 \u0161aty ozdoben\u00e9 pierkami. \u0160aty dokonale zv\u00fdraz\u0148uj\u00fa \u017eensk\u00e9 krivky \u2013 fantastick\u00e9! <strong>vybaven\u00e9<\/strong> ur\u010dite pritiahne pozornos\u0165 ostatn\u00fdch. . <\/span><span style=\"font-size: 10pt;\">Zozn\u00e1mte sa s na\u0161ou ponukou <strong><a href=\"https:\/\/madelinefashion.pl\/sk\/sukienki-i-kombinezony\/sukienki-okolicznosciowe\/\">ve\u010dern\u00e9 \u0161aty<\/a>\u00a0a vyberte si model, <\/strong>v ktorom budete <strong>vyzera\u0165 ako hviezda a vy\u010dnieva\u0165 z davu.\u00a0 <\/strong>Nem\u00f4\u017eete by\u0165 k tomu \u013eahostajn\u00ed.<strong> \u0160aty v dlhej verzii nad kolen\u00e1 <\/strong><\/span><span style=\"font-size: 10pt;\">\u0160aty maj\u00fa vpredu v\u0161it\u00e9 ko\u0161\u00ed\u010dky, tak\u017ee nemus\u00edte nosi\u0165 podprsenku. Vyroben\u00e9 a \u0161it\u00e9 v Po\u013esku. <strong>\u0160aty Violett <\/strong>k dispoz\u00edcii <\/span><span style=\"font-size: 10pt;\">\u00a0vo ve\u013ekostiach <strong>34, 36, 38<\/strong> , <strong>40<\/strong>\u00a0 . \u0160aty <strong>Pekn\u00e1 \u017eena<\/strong> je vynikaj\u00facou vo\u013ebou na svadbu, ples, Silvestra a in\u00e9 elegantn\u00e9 \u0161peci\u00e1lne udalosti.\u00a0 <\/span><span style=\"font-size: 10pt;\">Model je vyroben\u00fd z elastick\u00e9ho materi\u00e1lu,<\/span><span style=\"font-size: 10pt;\"> Dokonale sa prisp\u00f4sobia postave. Tento model je z\u00fa\u017een\u00fd v p\u00e1se, ktor\u00fd kr\u00e1sne zv\u00fdraz\u0148uje. Chrb\u00e1t kr\u00e1sne zv\u00fdraz\u0148uje chrb\u00e1t. Tieto \u0161aty ur\u010dite up\u00fataj\u00fa pozornos\u0165 \u2013 navy\u0161e s\u00fa ozdoben\u00e9 \u010diernym pierkom. <\/span><strong style=\"font-size: 10pt;\">\u0160aty p\u00f4sobia decentne v\u010faka klasick\u00e9mu strihu. <\/strong><span style=\"font-size: 10pt;\">\u00a0Dostupn\u00e9 na na\u0161om e-shope vo viacer\u00fdch farebn\u00fdch variantoch, tak nev\u00e1hajte a vyberte si t\u00fa, ktor\u00e1 je pre v\u00e1s ako stvoren\u00e1. Ak sa neviete rozhodn\u00fa\u0165 ak\u00fa farbu, <\/span><strong style=\"font-size: 10pt;\">ve\u013ekos\u0165<\/strong><span style=\"font-size: 10pt;\"> je pre v\u00e1s to najlep\u0161ie <\/span><strong style=\"font-size: 10pt;\">kontaktuj n\u00e1s<\/strong><span style=\"font-size: 10pt;\"> cez <\/span><a style=\"font-size: 10pt;\" href=\"https:\/\/www.facebook.com\/madelinefashionbutik\" target=\"_blank\" rel=\"noopener\">Facebook<\/a><span style=\"font-size: 10pt;\"> alebo <\/span><a style=\"font-size: 10pt;\" href=\"https:\/\/madelinefashion.pl\/sk\/kontakt\/\">telef\u00f3n<\/a><span style=\"font-size: 10pt;\">. Ak ve\u013ekos\u0165 nie je na str\u00e1nke, kontaktujte n\u00e1s.\u00a0<\/span><\/p>\n<h3 style=\"text-align: center;\">ROZMERY \u0161iat:<\/h3>\n<table width=\"556\">\n<tbody>\n<tr>\n<td><strong>VE\u013dKOS\u0164<\/strong><\/td>\n<td><strong>poprsia<\/strong><\/td>\n<td><strong>P\u00e1s<\/strong><\/td>\n<td><strong>Boky<\/strong><\/td>\n<\/tr>\n<tr>\n<td><strong>34<\/strong><\/td>\n<td>84-86<\/td>\n<td>64-68<\/td>\n<td>\u00a082-90<\/td>\n<\/tr>\n<tr>\n<td><strong>36<\/strong><\/td>\n<td>88-90<\/td>\n<td>68-72<\/td>\n<td>\u00a086-92<\/td>\n<\/tr>\n<tr>\n<td><strong>38<\/strong><\/td>\n<td>92-94<\/td>\n<td>72-76<\/td>\n<td>\u00a090-96<\/td>\n<\/tr>\n<tr>\n<td><strong>40<\/strong><\/td>\n<td>96-98<\/td>\n<td>76-80<\/td>\n<td>\u00a094-106<\/td>\n<\/tr>\n<\/tbody>\n<\/table>\n<p style=\"text-align: center;\">\u00a0 celkov\u00e1 d\u013a\u017eka cca 160 cm (\u0161aty sa daj\u00fa skr\u00e1ti\u0165 pod\u013ea vlastn\u00e9ho uv\u00e1\u017eenia)<\/p>\n<p style=\"text-align: center;\">\u0160aty s\u00fa dostupn\u00e9 aj v in\u00fdch farb\u00e1ch - odpor\u00fa\u010dame v\u00e1m zozn\u00e1mi\u0165 sa s na\u0161imi \u010fal\u0161\u00edmi produktmi.<\/p>\n<p style=\"text-align: center;\">Rozmery sa m\u00f4\u017eu mierne l\u00ed\u0161i\u0165 od uveden\u00fdch +\/- 2cm.<\/p>\n<p style=\"text-align: center;\"><strong>\u00a0<\/strong><\/p>\n<table>\n<tbody>\n<tr>\n<td width=\"302\">Meno modela<\/td>\n<td width=\"302\">\u0160aty Violett zdoben\u00e9 pierkami<\/td>\n<\/tr>\n<tr>\n<td width=\"302\">Farba<\/td>\n<td width=\"302\"><span style=\"font-size: 10pt;\">biely<\/span><\/td>\n<\/tr>\n<tr>\n<td width=\"302\">Marka<\/td>\n<td width=\"302\">Pekn\u00e1 \u017eena<\/td>\n<\/tr>\n<tr>\n<td width=\"302\">ve\u013ekosti<\/td>\n<td width=\"302\">34 36 38 40<\/td>\n<\/tr>\n<tr>\n<td width=\"302\">M\u00f3da<\/td>\n<td width=\"302\">Zhoda<\/td>\n<\/tr>\n<tr>\n<td width=\"302\">Materi\u00e1l<\/td>\n<td width=\"302\">Visk\u00f3za, polyester, bavlna<\/td>\n<\/tr>\n<tr>\n<td width=\"302\">D\u013a\u017eka<\/td>\n<td width=\"302\">Na zem<\/td>\n<\/tr>\n<\/tbody>\n<\/table>\n<p>&nbsp;<\/p>\n<p style=\"text-align: center;\">Aby ste si vybrali\u00a0<strong>perfektn\u00e9 \u0161aty<\/strong>\u00a0kontaktujte n\u00e1s pros\u00edm telefonicky alebo cez n\u00e1\u0161 facebook.<br \/>\nN\u00e1\u0161 t\u00edm v\u00e1m pom\u00f4\u017ee\u00a0<strong>Vyberte si ten spr\u00e1vny<\/strong>\u00a0.\u00a0<strong>Na \u017eelanie kupuj\u00faceho vyrob\u00edme ak\u00e9ko\u013evek \u0161aty\u00a0<\/strong><strong>opatrne mera\u0165.\u00a0<\/strong><\/p>\n<div class=\"additional-details\">\n<p style=\"text-align: center;\">\n<\/div>","protected":false},"excerpt":{"rendered":"<p>Sukienka Violett Zdobiona Pi\u00f3rkami Bia\u0142a Pi\u0119kna maxi suknia wieczorowa zdobiona\u00a0 pi\u00f3rkami. Sukienka \u015bwietnie podkre\u015bla kobiece kszta\u0142ty- mega dopasowana z ca\u0142\u0105 pewno\u015bci\u0105 skupi uwag\u0119 innych. . Zapoznaj si\u0119 z nasz\u0105 ofert\u0105 sukni wieczorowych\u00a0i wybierz model, w kt\u00f3rej b\u0119dziesz wygl\u0105da\u0107 jak gwiazda i wyr\u00f3\u017cnisz si\u0119 z t\u0142umu.\u00a0 Nie mo\u017cna wobec niej przej\u015b\u0107 oboj\u0119tnie. Sukienka w d\u0142ugiej wersji<\/p>\n<div class=\"klb-readmore post-buttons\"><a class=\"button black outline size-sm\" href=\"https:\/\/madelinefashion.pl\/sk\/sukienka-violett-zdobiona-piorkami-biala\/\">\u010c\u00edta\u0165 \u010falej <i class=\"klbth-icon-right-arrow\"><\/i><\/a><\/div>","protected":false},"featured_media":529706,"template":"","meta":[],"product_brand":[],"product_cat":[124,395,569,562,566],"product_tag":[257,219,163],"class_list":{"0":"post-529695","1":"product","2":"type-product","3":"status-publish","4":"has-post-thumbnail","6":"product_cat-sukienki-okolicznosciowe","7":"product_cat-nowosci","8":"product_cat-sukienki-dopasowane","9":"product_cat-sukienki-z-piorkami","10":"product_cat-suknie-slubne","11":"product_tag-madelinefashion","12":"product_tag-sukienka-biala","13":"product_tag-sukienki-dlugie","15":"first","16":"instock","17":"purchasable","18":"product-type-variable"},"_links":{"self":[{"href":"https:\/\/madelinefashion.pl\/sk\/wp-json\/wp\/v2\/product\/529695","targetHints":{"allow":["GET"]}}],"collection":[{"href":"https:\/\/madelinefashion.pl\/sk\/wp-json\/wp\/v2\/product"}],"about":[{"href":"https:\/\/madelinefashion.pl\/sk\/wp-json\/wp\/v2\/types\/product"}],"wp:featuredmedia":[{"embeddable":true,"href":"https:\/\/madelinefashion.pl\/sk\/wp-json\/wp\/v2\/media\/529706"}],"wp:attachment":[{"href":"https:\/\/madelinefashion.pl\/sk\/wp-json\/wp\/v2\/media?parent=529695"}],"wp:term":[{"taxonomy":"product_brand","embeddable":true,"href":"https:\/\/madelinefashion.pl\/sk\/wp-json\/wp\/v2\/product_brand?post=529695"},{"taxonomy":"product_cat","embeddable":true,"href":"https:\/\/madelinefashion.pl\/sk\/wp-json\/wp\/v2\/product_cat?post=529695"},{"taxonomy":"product_tag","embeddable":true,"href":"https:\/\/madelinefashion.pl\/sk\/wp-json\/wp\/v2\/product_tag?post=529695"}],"curies":[{"name":"pracovn\u00fd list","href":"https:\/\/api.w.org\/{rel}","templated":true}]}}

Biele šaty Violett zdobené pierkami

<h3 style="text-align: center;">Biele šaty Violett zdobené pierkami</h3>
<p style="text-align: center;"><span style="font-size: 10pt;">Krásne maxi večerné šaty ozdobené pierkami. Šaty dokonale zvýrazňujú ženské krivky – fantastické! <strong>vybavené</strong> určite pritiahne pozornosť ostatných. . </span><span style="font-size: 10pt;">Zoznámte sa s našou ponukou <strong><a href="https://madelinefashion.pl/sk/sukienki-i-kombinezony/sukienki-okolicznosciowe/">večerné šaty</a> a vyberte si model, </strong>v ktorom budete <strong>vyzerať ako hviezda a vyčnievať z davu.  </strong>Nemôžete byť k tomu ľahostajní.<strong> Šaty v dlhej verzii nad kolená </strong></span><span style="font-size: 10pt;">Šaty majú vpredu všité košíčky, takže nemusíte nosiť podprsenku. Vyrobené a šité v Poľsku. <strong>Šaty Violett </strong>k dispozícii </span><span style="font-size: 10pt;"> vo veľkostiach <strong>34, 36, 38</strong> , <strong>40</strong>  . Šaty <strong>Pekná žena</strong> je vynikajúcou voľbou na svadbu, ples, Silvestra a iné elegantné špeciálne udalosti.  </span><span style="font-size: 10pt;">Model je vyrobený z elastického materiálu,</span><span style="font-size: 10pt;"> Dokonale sa prispôsobia postave. Tento model je zúžený v páse, ktorý krásne zvýrazňuje. Chrbát krásne zvýrazňuje chrbát. Tieto šaty určite upútajú pozornosť – navyše sú ozdobené čiernym pierkom. </span><strong style="font-size: 10pt;">Šaty pôsobia decentne vďaka klasickému strihu. </strong><span style="font-size: 10pt;"> Dostupné na našom e-shope vo viacerých farebných variantoch, tak neváhajte a vyberte si tú, ktorá je pre vás ako stvorená. Ak sa neviete rozhodnúť akú farbu, </span><strong style="font-size: 10pt;">veľkosť</strong><span style="font-size: 10pt;"> je pre vás to najlepšie </span><strong style="font-size: 10pt;">kontaktuj nás</strong><span style="font-size: 10pt;"> cez </span><a style="font-size: 10pt;" href="https://www.facebook.com/madelinefashionbutik" target="_blank" rel="noopener">Facebook</a><span style="font-size: 10pt;"> alebo </span><a style="font-size: 10pt;" href="https://madelinefashion.pl/sk/kontakt/">telefón</a><span style="font-size: 10pt;">. Ak veľkosť nie je na stránke, kontaktujte nás. </span></p>
<h3 style="text-align: center;">ROZMERY šiat:</h3>
<table width="556">
<tbody>
<tr>
<td><strong>VEĽKOSŤ</strong></td>
<td><strong>poprsia</strong></td>
<td><strong>Pás</strong></td>
<td><strong>Boky</strong></td>
</tr>
<tr>
<td><strong>34</strong></td>
<td>84-86</td>
<td>64-68</td>
<td> 82-90</td>
</tr>
<tr>
<td><strong>36</strong></td>
<td>88-90</td>
<td>68-72</td>
<td> 86-92</td>
</tr>
<tr>
<td><strong>38</strong></td>
<td>92-94</td>
<td>72-76</td>
<td> 90-96</td>
</tr>
<tr>
<td><strong>40</strong></td>
<td>96-98</td>
<td>76-80</td>
<td> 94-106</td>
</tr>
</tbody>
</table>
<p style="text-align: center;">  celková dĺžka cca 160 cm (šaty sa dajú skrátiť podľa vlastného uváženia)</p>
<p style="text-align: center;">Šaty sú dostupné aj v iných farbách - odporúčame vám zoznámiť sa s našimi ďalšími produktmi.</p>
<p style="text-align: center;">Rozmery sa môžu mierne líšiť od uvedených +/- 2cm.</p>
<p style="text-align: center;"><strong> </strong></p>
<table>
<tbody>
<tr>
<td width="302">Meno modela</td>
<td width="302">Šaty Violett zdobené pierkami</td>
</tr>
<tr>
<td width="302">Farba</td>
<td width="302"><span style="font-size: 10pt;">biely</span></td>
</tr>
<tr>
<td width="302">Marka</td>
<td width="302">Pekná žena</td>
</tr>
<tr>
<td width="302">veľkosti</td>
<td width="302">34 36 38 40</td>
</tr>
<tr>
<td width="302">Móda</td>
<td width="302">Zhoda</td>
</tr>
<tr>
<td width="302">Materiál</td>
<td width="302">Viskóza, polyester, bavlna</td>
</tr>
<tr>
<td width="302">Dĺžka</td>
<td width="302">Na zem</td>
</tr>
</tbody>
</table>
<p>&nbsp;</p>
<p style="text-align: center;">Aby ste si vybrali <strong>perfektné šaty</strong> kontaktujte nás prosím telefonicky alebo cez náš facebook.<br />
Náš tím vám pomôže <strong>Vyberte si ten správny</strong> . <strong>Na želanie kupujúceho vyrobíme akékoľvek šaty </strong><strong>opatrne merať. </strong></p>
<div class="additional-details">
<p style="text-align: center;">
</div>

<p>Sukienka Violett Zdobiona Piórkami Biała Piękna maxi suknia wieczorowa zdobiona  piórkami. Sukienka świetnie podkreśla kobiece kształty- mega dopasowana z całą pewnością skupi uwagę innych. . Zapoznaj się z naszą ofertą sukni wieczorowych i wybierz model, w której będziesz wyglądać jak gwiazda i wyróżnisz się z tłumu.  Nie można wobec niej przejść obojętnie. Sukienka w długiej wersji</p>
<div class="klb-readmore post-buttons"><a class="button black outline size-sm" href="https://madelinefashion.pl/sk/sukienka-violett-zdobiona-piorkami-biala/">Čítať ďalej <i class="klbth-icon-right-arrow"></i></a></div>

pracovný list
