{"id":530780,"date":"2024-05-22T11:10:54","date_gmt":"2024-05-22T09:10:54","guid":{"rendered":"https:\/\/madelinefashion.pl\/?post_type=product&#038;p=530780"},"modified":"2026-01-20T10:33:12","modified_gmt":"2026-01-20T09:33:12","slug":"bluzka-bawelniana-gladka-z-ozdobnym-rekawem-cody-pudrowy-roz","status":"publish","type":"product","link":"https:\/\/madelinefashion.pl\/sk\/bluzka-bawelniana-gladka-z-ozdobnym-rekawem-cody-pudrowy-roz\/","title":{"rendered":"Jednoduch\u00e1 bavlnen\u00e1 bl\u00fazka s ozdobn\u00fdmi ruk\u00e1vmi Cody p\u00fadrovo ru\u017eov\u00e1"},"content":{"rendered":"<h3 style=\"text-align: center;\">Jednoduch\u00e1 bavlnen\u00e1 bl\u00fazka s ozdobn\u00fdmi ruk\u00e1vmi Cody p\u00fadrovo ru\u017eov\u00e1<\/h3>\n<p style=\"text-align: center;\">\u00a0T\u00e1to bl\u00fazka je vyroben\u00e1 z mimoriadne pohodln\u00e9ho materi\u00e1lu. T\u00e1to bl\u00fazka s kr\u00e1tkym ruk\u00e1vom m\u00e1 jednoduch\u00fd, klasick\u00fd strih. M\u00f4\u017eete ju \u013eahko nosi\u0165 na ka\u017edodenn\u00e9 nosenie, do pr\u00e1ce, na rodinn\u00e9 stretnutia alebo aj na d\u00f4le\u017eitej\u0161iu pr\u00edle\u017eitos\u0165. V\u010faka \u0161trukt\u00fare materi\u00e1lu ju odpor\u00fa\u010dame kombinova\u0165 s vysok\u00fdmi \u010di\u017emami, ktor\u00e9 v\u00e1s ur\u010dite odl\u00ed\u0161ia od davu. .\u00a0 <strong>Ve\u013ekos\u0165 je UNIVERZ\u00c1LNA<\/strong> odpor\u00fa\u010dan\u00e9 pre d\u00e1my <strong> SML XL<\/strong><strong>,<\/strong>\u00a0ale odpor\u00fa\u010dame\u00a0<strong>presn\u00e9 meranie <\/strong>pod\u013ea ni\u017e\u0161ie uvedenej tabu\u013eky rozmerov. Dostupn\u00e9 na na\u0161om e-shope vo viacer\u00fdch farebn\u00fdch variantoch, tak nev\u00e1hajte a vyberte si t\u00fa, ktor\u00e1 je pre v\u00e1s ako stvoren\u00e1. Ak sa neviete rozhodn\u00fa\u0165, ktor\u00e1 farba je pre v\u00e1s najlep\u0161ia, kontaktujte n\u00e1s prostredn\u00edctvom <strong>Facebook<\/strong>\u00a0alebo telef\u00f3n.<\/p>\n<h3 style=\"text-align: center;\">Rozmery :<\/h3>\n<ul>\n<li style=\"text-align: center;\">Celkov\u00e1 d\u013a\u017eka: 64 cm<\/li>\n<li style=\"text-align: center;\">\u0160\u00edrka od podpazu\u0161ia k podpazu\u0161iu: 58-74 cm<\/li>\n<li style=\"text-align: center;\"><\/li>\n<\/ul>\n<p style=\"text-align: center;\">Rozmery sa m\u00f4\u017eu mierne l\u00ed\u0161i\u0165 od uveden\u00fdch +\/- 2cm. V\u0161etky uveden\u00e9 rozmery s\u00fa meran\u00e9 plo\u0161ne.<\/p>\n<table width=\"610\">\n<tbody>\n<tr>\n<td width=\"302\">Meno modela<\/td>\n<td width=\"302\">Jednoduch\u00e1 bavlnen\u00e1 bl\u00fazka s ozdobn\u00fdmi ruk\u00e1vmi Cody<\/td>\n<\/tr>\n<tr>\n<td width=\"302\">Farba<\/td>\n<td width=\"302\">P\u00fadrov\u00e1 ru\u017eov\u00e1<\/td>\n<\/tr>\n<tr>\n<td width=\"302\">ve\u013ekosti<\/td>\n<td width=\"302\">Univerz\u00e1lny<\/td>\n<\/tr>\n<tr>\n<td width=\"302\">Zbierka<\/td>\n<td width=\"302\">jar\/jese\u0148\/zima<\/td>\n<\/tr>\n<tr>\n<td width=\"302\">\u0160tiepenie<\/td>\n<td width=\"302\">\u00a0V<\/td>\n<\/tr>\n<tr>\n<td width=\"302\">izolovan\u00e9<\/td>\n<td width=\"302\">jednopl\u00e1\u0161\u0165ov\u00e9<\/td>\n<\/tr>\n<tr>\n<td width=\"302\">Materi\u00e1l<\/td>\n<td width=\"302\">95% visk\u00f3za 5% elastan<\/td>\n<\/tr>\n<\/tbody>\n<\/table>\n<section class=\"page-product-box\">\n<div class=\"rte\">\n<div class=\"tabs tabs-bb clear mb-80\">\n<div class=\"tab-content\">\n<div id=\"tab-description\" class=\"tab-pane fade in woocommerce-Tabs-panel--description active\">\n<p style=\"text-align: center;\">Model m\u00e1\u00a0<strong>169<\/strong>\u00a0cm vysok\u00fd, nos\u00ed ve\u013ekos\u0165 ka\u017ed\u00fd de\u0148\u00a0<strong>S<\/strong><\/p>\n<p style=\"text-align: center;\">\u0160\u00edrka hrudn\u00edka 91 cm<\/p>\n<p style=\"text-align: center;\">\u0160\u00edrka p\u00e1su 71 cm<\/p>\n<p style=\"text-align: center;\">\u0160\u00edrka bokov 96 cm<\/p>\n<\/div>\n<\/div>\n<\/div>\n<\/div>\n<\/section>","protected":false},"excerpt":{"rendered":"<p>Bluzka Bawe\u0142niana G\u0142adka Z Ozdobnym R\u0119kawem Cody Pudrowy R\u00f3\u017c \u00a0Bluzka wykonany z niezwykle przyjemnego materia\u0142u. Bluzka na kr\u00f3tki r\u0119kaw w prostym, klasycznym fasonie. Z powodzeniem mo\u017cesz go ubra\u0107 na codzienne wyj\u015bcia, do pracy, spotkanie rodzinne czy nawet na wa\u017cniejsz\u0105 okazj\u0119. Dzi\u0119ki strukturze materia\u0142u\u00a0 Zalecamy \u0142\u0105czenie ich z wysokimi butami co sprawi, \u017ce na pewno wyr\u00f3\u017cnisz<\/p>\n<div class=\"klb-readmore post-buttons\"><a class=\"button black outline size-sm\" href=\"https:\/\/madelinefashion.pl\/sk\/bluzka-bawelniana-gladka-z-ozdobnym-rekawem-cody-pudrowy-roz\/\">\u010c\u00edta\u0165 \u010falej <i class=\"klbth-icon-right-arrow\"><\/i><\/a><\/div>","protected":false},"featured_media":530771,"template":"","meta":[],"product_brand":[],"product_cat":[87],"product_tag":[479],"class_list":{"0":"post-530780","1":"product","2":"type-product","3":"status-publish","4":"has-post-thumbnail","6":"product_cat-bluzki-2","7":"product_tag-bluzki-z-krotkim-rekawem","9":"first","10":"instock","11":"sale","12":"purchasable","13":"product-type-simple"},"_links":{"self":[{"href":"https:\/\/madelinefashion.pl\/sk\/wp-json\/wp\/v2\/product\/530780","targetHints":{"allow":["GET"]}}],"collection":[{"href":"https:\/\/madelinefashion.pl\/sk\/wp-json\/wp\/v2\/product"}],"about":[{"href":"https:\/\/madelinefashion.pl\/sk\/wp-json\/wp\/v2\/types\/product"}],"wp:featuredmedia":[{"embeddable":true,"href":"https:\/\/madelinefashion.pl\/sk\/wp-json\/wp\/v2\/media\/530771"}],"wp:attachment":[{"href":"https:\/\/madelinefashion.pl\/sk\/wp-json\/wp\/v2\/media?parent=530780"}],"wp:term":[{"taxonomy":"product_brand","embeddable":true,"href":"https:\/\/madelinefashion.pl\/sk\/wp-json\/wp\/v2\/product_brand?post=530780"},{"taxonomy":"product_cat","embeddable":true,"href":"https:\/\/madelinefashion.pl\/sk\/wp-json\/wp\/v2\/product_cat?post=530780"},{"taxonomy":"product_tag","embeddable":true,"href":"https:\/\/madelinefashion.pl\/sk\/wp-json\/wp\/v2\/product_tag?post=530780"}],"curies":[{"name":"pracovn\u00fd list","href":"https:\/\/api.w.org\/{rel}","templated":true}]}}

Jednoduchá bavlnená blúzka s ozdobnými rukávmi Cody púdrovo ružová

<h3 style="text-align: center;">Jednoduchá bavlnená blúzka s ozdobnými rukávmi Cody púdrovo ružová</h3>
<p style="text-align: center;"> Táto blúzka je vyrobená z mimoriadne pohodlného materiálu. Táto blúzka s krátkym rukávom má jednoduchý, klasický strih. Môžete ju ľahko nosiť na každodenné nosenie, do práce, na rodinné stretnutia alebo aj na dôležitejšiu príležitosť. Vďaka štruktúre materiálu ju odporúčame kombinovať s vysokými čižmami, ktoré vás určite odlíšia od davu. .  <strong>Veľkosť je UNIVERZÁLNA</strong> odporúčané pre dámy <strong> SML XL</strong><strong>,</strong> ale odporúčame <strong>presné meranie </strong>podľa nižšie uvedenej tabuľky rozmerov. Dostupné na našom e-shope vo viacerých farebných variantoch, tak neváhajte a vyberte si tú, ktorá je pre vás ako stvorená. Ak sa neviete rozhodnúť, ktorá farba je pre vás najlepšia, kontaktujte nás prostredníctvom <strong>Facebook</strong> alebo telefón.</p>
<h3 style="text-align: center;">Rozmery :</h3>
<ul>
<li style="text-align: center;">Celková dĺžka: 64 cm</li>
<li style="text-align: center;">Šírka od podpazušia k podpazušiu: 58-74 cm</li>
<li style="text-align: center;"></li>
</ul>
<p style="text-align: center;">Rozmery sa môžu mierne líšiť od uvedených +/- 2cm. Všetky uvedené rozmery sú merané plošne.</p>
<table width="610">
<tbody>
<tr>
<td width="302">Meno modela</td>
<td width="302">Jednoduchá bavlnená blúzka s ozdobnými rukávmi Cody</td>
</tr>
<tr>
<td width="302">Farba</td>
<td width="302">Púdrová ružová</td>
</tr>
<tr>
<td width="302">veľkosti</td>
<td width="302">Univerzálny</td>
</tr>
<tr>
<td width="302">Zbierka</td>
<td width="302">jar/jeseň/zima</td>
</tr>
<tr>
<td width="302">Štiepenie</td>
<td width="302"> V</td>
</tr>
<tr>
<td width="302">izolované</td>
<td width="302">jednoplášťové</td>
</tr>
<tr>
<td width="302">Materiál</td>
<td width="302">95% viskóza 5% elastan</td>
</tr>
</tbody>
</table>
<section class="page-product-box">
<div class="rte">
<div class="tabs tabs-bb clear mb-80">
<div class="tab-content">
<div id="tab-description" class="tab-pane fade in woocommerce-Tabs-panel--description active">
<p style="text-align: center;">Model má <strong>169</strong> cm vysoký, nosí veľkosť každý deň <strong>S</strong></p>
<p style="text-align: center;">Šírka hrudníka 91 cm</p>
<p style="text-align: center;">Šírka pásu 71 cm</p>
<p style="text-align: center;">Šírka bokov 96 cm</p>
</div>
</div>
</div>
</div>
</section>

<p>Bluzka Bawełniana Gładka Z Ozdobnym Rękawem Cody Pudrowy Róż  Bluzka wykonany z niezwykle przyjemnego materiału. Bluzka na krótki rękaw w prostym, klasycznym fasonie. Z powodzeniem możesz go ubrać na codzienne wyjścia, do pracy, spotkanie rodzinne czy nawet na ważniejszą okazję. Dzięki strukturze materiału  Zalecamy łączenie ich z wysokimi butami co sprawi, że na pewno wyróżnisz</p>
<div class="klb-readmore post-buttons"><a class="button black outline size-sm" href="https://madelinefashion.pl/sk/bluzka-bawelniana-gladka-z-ozdobnym-rekawem-cody-pudrowy-roz/">Čítať ďalej <i class="klbth-icon-right-arrow"></i></a></div>

pracovný list
