{"id":531262,"date":"2024-05-23T11:43:58","date_gmt":"2024-05-23T09:43:58","guid":{"rendered":"https:\/\/madelinefashion.pl\/?post_type=product&#038;p=531262"},"modified":"2025-09-09T10:01:47","modified_gmt":"2025-09-09T08:01:47","slug":"sukienka-mini-na-ramiaczkach-z-falbanami-tulum-bezowa","status":"publish","type":"product","link":"https:\/\/madelinefashion.pl\/sk\/sukienka-mini-na-ramiaczkach-z-falbanami-tulum-bezowa\/","title":{"rendered":"B\u00e9\u017eov\u00e9 mini\u0161aty Tulum s ramienkami a vol\u00e1nikmi"},"content":{"rendered":"<h3 style=\"text-align: center;\">B\u00e9\u017eov\u00e9 mini\u0161aty Tulum s ramienkami a vol\u00e1nikmi<\/h3>\n<p style=\"text-align: center;\"><b>Mini\u0161aty s vol\u00e1nikmi -<\/b> Neuverite\u013ene \u017eensk\u00e9, elegantn\u00e9 mini \u0161aty s ramienkami a vol\u00e1nikmi. \u0160aty s\u00fa pod\u0161it\u00e9. Spl\u00fdvav\u00fd strih kr\u00e1sne spl\u00fdva s pohybom. Ide\u00e1lne na svadby, recepcie, rodinn\u00e9 oslavy a ve\u010dierky. <strong><span lang=\"pl-pl\" xml:lang=\"pl-pl\">\u0160aty s\u00fa vyroben\u00e9 z \u013eahk\u00e9ho materi\u00e1lu, tak\u017ee sa v nich budete c\u00edti\u0165 pohodlne.\u00a0<\/span><\/strong><span lang=\"pl-pl\" xml:lang=\"pl-pl\">V na\u0161om obchode dostupn\u00e9 vo viacer\u00fdch farebn\u00fdch variantoch. Odpor\u00fa\u010dan\u00e9 pre \u017eeny vo ve\u013ekostiach XS-SML.\u00a0<\/span><\/p>\n<h3 style=\"text-align: center;\">Rozmery:<\/h3>\n<ul style=\"text-align: center;\">\n<li><span style=\"font-size: 10pt;\">\u00a0\u00a0\u00a0\u00a0\u00a0\u00a0\u00a0 celkov\u00e1 d\u013a\u017eka: 94 cm (nastavite\u013en\u00e9 popruhy)<\/span><\/li>\n<li><span style=\"font-size: 10pt;\">\u00a0\u00a0\u00a0\u00a0\u00a0\u00a0\u00a0 \u0161\u00edrka od pazuchy k pazuche: 37-53 cm<\/span><\/li>\n<li><\/li>\n<\/ul>\n<p style=\"text-align: center;\"><span style=\"vertical-align: inherit;\">Rozmery sa m\u00f4\u017eu l\u00ed\u0161i\u0165 od uveden\u00fdch +\/- 2cm. V\u0161etky uveden\u00e9 rozmery s\u00fa meran\u00e9 plo\u0161ne. rozmer x2<\/span><\/p>\n<h3 style=\"text-align: center;\">Vlastnosti produktu:<\/h3>\n<p style=\"text-align: center;\"><span style=\"color: #000000;\"><strong>Dod\u00e1van\u00e9 s opaskom vo farbe \u0161iat.<\/strong><\/span><\/p>\n<p style=\"text-align: center;\"><span style=\"font-size: 10pt;\">- elastick\u00fd materi\u00e1l<\/span><br \/>\n<span style=\"font-size: 10pt;\">- pod\u0161\u00edvka<br \/>\n<\/span>- nastavite\u013en\u00e9 popruhy<\/p>\n<p style=\"text-align: center;\"><span style=\"font-size: 10pt;\"><strong>\u00a0<\/strong>\u00a0<\/span><\/p>\n<p>&nbsp;<\/p>\n<table style=\"height: 166px;\" width=\"670\">\n<tbody>\n<tr>\n<td width=\"302\"><span style=\"font-size: 10pt;\">Meno modela<\/span><\/td>\n<td width=\"302\">Mini\u0161aty Tulum s ramienkami a vol\u00e1nikmi<\/td>\n<\/tr>\n<tr>\n<td width=\"302\"><span style=\"font-size: 10pt;\">Farba<\/span><\/td>\n<td width=\"302\"><span style=\"font-size: 10pt;\">Bez<\/span><\/td>\n<\/tr>\n<tr>\n<td width=\"302\"><span style=\"font-size: 10pt;\">M\u00f3da<\/span><\/td>\n<td width=\"302\"><span style=\"font-size: 10pt;\">Vzplanul<\/span><\/td>\n<\/tr>\n<tr>\n<td width=\"302\"><span style=\"font-size: 10pt;\">Materi\u00e1l<\/span><\/td>\n<td width=\"302\"><span style=\"font-size: 10pt;\">95% polyester 5% elastan<\/span><\/td>\n<\/tr>\n<tr>\n<td width=\"302\"><span style=\"font-size: 10pt;\">D\u013a\u017eka<\/span><\/td>\n<td width=\"302\"><span style=\"font-size: 13.3333px;\">Mini<\/span><\/td>\n<\/tr>\n<\/tbody>\n<\/table>\n<p style=\"text-align: center;\">Model m\u00e1\u00a0<strong>169<\/strong>\u00a0cm vysok\u00fd, nos\u00ed ve\u013ekos\u0165 ka\u017ed\u00fd de\u0148\u00a0<strong>S<\/strong><\/p>\n<p style=\"text-align: center;\">\u0160\u00edrka cez prsia 92 cm<\/p>\n<p style=\"text-align: center;\">\u0160\u00edrka v p\u00e1se 62 cm<\/p>\n<p style=\"text-align: center;\">\u0160\u00edrka v bokoch 94 cm<\/p>\n<div class=\"additional-details\" style=\"text-align: center;\">\n<p style=\"text-align: center;\"><span style=\"font-size: 10pt;\">\u00a0<\/span><\/p>\n<\/div>","protected":false},"excerpt":{"rendered":"<p>Mini\u0161aty Tulum s ramienkami a vol\u00e1nikmi - b\u00e9\u017eov\u00e9 mini\u0161aty s vol\u00e1nikmi - neuverite\u013ene \u017eensk\u00e9, elegantn\u00e9 mini\u0161aty s ramienkami a vol\u00e1nikmi. \u0160aty s\u00fa pod\u0161it\u00e9. Spl\u00fdvav\u00fd strih kr\u00e1sne spl\u00fdva s pohybom. Ide\u00e1lne na svadby, recepcie, rodinn\u00e9 stretnutia a ve\u010dierky. \u0160aty s\u00fa vyroben\u00e9 z \u013eahk\u00e9ho materi\u00e1lu, tak\u017ee sa v nich budete c\u00edti\u0165 pohodlne. Dostupn\u00e9 v<\/p>\n<div class=\"klb-readmore post-buttons\"><a class=\"button black outline size-sm\" href=\"https:\/\/madelinefashion.pl\/sk\/sukienka-mini-na-ramiaczkach-z-falbanami-tulum-bezowa\/\">\u010c\u00edta\u0165 \u010falej <i class=\"klbth-icon-right-arrow\"><\/i><\/a><\/div>","protected":false},"featured_media":530697,"template":"","meta":[],"product_brand":[],"product_cat":[125],"product_tag":[212,262],"class_list":{"0":"post-531262","1":"product","2":"type-product","3":"status-publish","4":"has-post-thumbnail","6":"product_cat-sukienki","7":"product_tag-sukienki-bezowe","8":"product_tag-sukienki-krotkie","10":"first","11":"instock","12":"purchasable","13":"product-type-simple"},"_links":{"self":[{"href":"https:\/\/madelinefashion.pl\/sk\/wp-json\/wp\/v2\/product\/531262","targetHints":{"allow":["GET"]}}],"collection":[{"href":"https:\/\/madelinefashion.pl\/sk\/wp-json\/wp\/v2\/product"}],"about":[{"href":"https:\/\/madelinefashion.pl\/sk\/wp-json\/wp\/v2\/types\/product"}],"wp:featuredmedia":[{"embeddable":true,"href":"https:\/\/madelinefashion.pl\/sk\/wp-json\/wp\/v2\/media\/530697"}],"wp:attachment":[{"href":"https:\/\/madelinefashion.pl\/sk\/wp-json\/wp\/v2\/media?parent=531262"}],"wp:term":[{"taxonomy":"product_brand","embeddable":true,"href":"https:\/\/madelinefashion.pl\/sk\/wp-json\/wp\/v2\/product_brand?post=531262"},{"taxonomy":"product_cat","embeddable":true,"href":"https:\/\/madelinefashion.pl\/sk\/wp-json\/wp\/v2\/product_cat?post=531262"},{"taxonomy":"product_tag","embeddable":true,"href":"https:\/\/madelinefashion.pl\/sk\/wp-json\/wp\/v2\/product_tag?post=531262"}],"curies":[{"name":"pracovn\u00fd list","href":"https:\/\/api.w.org\/{rel}","templated":true}]}}

Béžové minišaty Tulum s ramienkami a volánikmi

<h3 style="text-align: center;">Béžové minišaty Tulum s ramienkami a volánikmi</h3>
<p style="text-align: center;"><b>Minišaty s volánikmi -</b> Neuveriteľne ženské, elegantné mini šaty s ramienkami a volánikmi. Šaty sú podšité. Splývavý strih krásne splýva s pohybom. Ideálne na svadby, recepcie, rodinné oslavy a večierky. <strong><span lang="pl-pl" xml:lang="pl-pl">Šaty sú vyrobené z ľahkého materiálu, takže sa v nich budete cítiť pohodlne. </span></strong><span lang="pl-pl" xml:lang="pl-pl">V našom obchode dostupné vo viacerých farebných variantoch. Odporúčané pre ženy vo veľkostiach XS-SML. </span></p>
<h3 style="text-align: center;">Rozmery:</h3>
<ul style="text-align: center;">
<li><span style="font-size: 10pt;">        celková dĺžka: 94 cm (nastaviteľné popruhy)</span></li>
<li><span style="font-size: 10pt;">        šírka od pazuchy k pazuche: 37-53 cm</span></li>
<li></li>
</ul>
<p style="text-align: center;"><span style="vertical-align: inherit;">Rozmery sa môžu líšiť od uvedených +/- 2cm. Všetky uvedené rozmery sú merané plošne. rozmer x2</span></p>
<h3 style="text-align: center;">Vlastnosti produktu:</h3>
<p style="text-align: center;"><span style="color: #000000;"><strong>Dodávané s opaskom vo farbe šiat.</strong></span></p>
<p style="text-align: center;"><span style="font-size: 10pt;">- elastický materiál</span><br />
<span style="font-size: 10pt;">- podšívka<br />
</span>- nastaviteľné popruhy</p>
<p style="text-align: center;"><span style="font-size: 10pt;"><strong> </strong> </span></p>
<p>&nbsp;</p>
<table style="height: 166px;" width="670">
<tbody>
<tr>
<td width="302"><span style="font-size: 10pt;">Meno modela</span></td>
<td width="302">Minišaty Tulum s ramienkami a volánikmi</td>
</tr>
<tr>
<td width="302"><span style="font-size: 10pt;">Farba</span></td>
<td width="302"><span style="font-size: 10pt;">Bez</span></td>
</tr>
<tr>
<td width="302"><span style="font-size: 10pt;">Móda</span></td>
<td width="302"><span style="font-size: 10pt;">Vzplanul</span></td>
</tr>
<tr>
<td width="302"><span style="font-size: 10pt;">Materiál</span></td>
<td width="302"><span style="font-size: 10pt;">95% polyester 5% elastan</span></td>
</tr>
<tr>
<td width="302"><span style="font-size: 10pt;">Dĺžka</span></td>
<td width="302"><span style="font-size: 13.3333px;">Mini</span></td>
</tr>
</tbody>
</table>
<p style="text-align: center;">Model má <strong>169</strong> cm vysoký, nosí veľkosť každý deň <strong>S</strong></p>
<p style="text-align: center;">Šírka cez prsia 92 cm</p>
<p style="text-align: center;">Šírka v páse 62 cm</p>
<p style="text-align: center;">Šírka v bokoch 94 cm</p>
<div class="additional-details" style="text-align: center;">
<p style="text-align: center;"><span style="font-size: 10pt;"> </span></p>
</div>

<p>Minišaty Tulum s ramienkami a volánikmi - béžové minišaty s volánikmi - neuveriteľne ženské, elegantné minišaty s ramienkami a volánikmi. Šaty sú podšité. Splývavý strih krásne splýva s pohybom. Ideálne na svadby, recepcie, rodinné stretnutia a večierky. Šaty sú vyrobené z ľahkého materiálu, takže sa v nich budete cítiť pohodlne. Dostupné v</p>
<div class="klb-readmore post-buttons"><a class="button black outline size-sm" href="https://madelinefashion.pl/sk/sukienka-mini-na-ramiaczkach-z-falbanami-tulum-bezowa/">Čítať ďalej <i class="klbth-icon-right-arrow"></i></a></div>

pracovný list
