{"id":531266,"date":"2024-05-23T11:53:10","date_gmt":"2024-05-23T09:53:10","guid":{"rendered":"https:\/\/madelinefashion.pl\/?post_type=product&#038;p=531266"},"modified":"2026-01-20T10:33:11","modified_gmt":"2026-01-20T09:33:11","slug":"koszula-klasyczna-z-ozdobnym-kolnierzem-z-perlami-biala","status":"publish","type":"product","link":"https:\/\/madelinefashion.pl\/sk\/koszula-klasyczna-z-ozdobnym-kolnierzem-z-perlami-biala\/","title":{"rendered":"Klasick\u00e1 ko\u0161e\u013ea s ozdobn\u00fdm golierom a perlami biela"},"content":{"rendered":"<h3 style=\"text-align: center;\">Klasick\u00e1 ko\u0161e\u013ea s ozdobn\u00fdm golierom a perlami biela<\/h3>\n<p style=\"text-align: center;\">Ko\u0161e\u013ea klasick\u00e9ho strihu bude skvel\u00e1 v mnoh\u00fdch verzi\u00e1ch<strong>ako ofici\u00e1lne, tak aj<\/strong> ka\u017ed\u00fd de\u0148. D\u00e1mska ko\u0161e\u013ea s ozdobn\u00fdm golierom v tvare per\u00e1l dod\u00e1 ka\u017ed\u00e9mu stylingu svie\u017eos\u0165 a originalitu \u2013<strong>\u00a0Bude vyzera\u0165 skvele s nohavicami, ale aj s dlh\u0161\u00edmi leg\u00ednami. <\/strong>Strih je ide\u00e1lny na zastr\u010denie do nohav\u00edc alebo sukn\u00ed. Na\u0161a ko\u0161e\u013ea m\u00f4\u017ee by\u0165 z\u00e1kladom mnoh\u00fdch elegantn\u00fdch a nad\u010dasov\u00fdch \u0161t\u00fdlov. Ur\u010dite sa bude hodi\u0165 k... <a href=\"https:\/\/madelinefashion.pl\/sk\/spodnica-skora-mini-czarna\/\">ceruzky <\/a>sukne alebo klasika <a href=\"https:\/\/madelinefashion.pl\/sk\/spodnie-jeansowe-paradise-jasne\/\">d\u017e\u00ednsy<\/a>. Ko\u0161e\u013ea je ide\u00e1lnym n\u00e1vrhom do pr\u00e1ce, na ka\u017ed\u00fd de\u0148, na rodinn\u00e9 stretnutia a mnoh\u00e9 in\u00e9 pr\u00edle\u017eitosti. Odpor\u00fa\u010da sa pre \u017eeny, ktor\u00e9 nosia ve\u013e <strong>S, M, L, XL, XXL, XXXL<\/strong><\/p>\n<h3 style=\"text-align: center;\">\u00a0 \u00a0 \u00a0Rozmery:<\/h3>\n<ul style=\"text-align: center;\">\n<li style=\"list-style-type: none;\">\n<ul>\n<li>celkov\u00e1 d\u013a\u017eka: 71 cm<\/li>\n<li>\u0161\u00edrka od pazuchy k pazuche: 58-61<br \/>\nruk\u00e1v od pazuchy 46 cm<\/li>\n<li>ruk\u00e1v od ramena 60 cm<\/li>\n<li><\/li>\n<\/ul>\n<p>Rozmery sa m\u00f4\u017eu mierne l\u00ed\u0161i\u0165 od uveden\u00fdch +\/- 2cm. V\u0161etky uveden\u00e9 rozmery s\u00fa meran\u00e9 plo\u0161ne. rozmer x2<\/li>\n<\/ul>\n<table style=\"height: 288px;\" width=\"433\">\n<tbody>\n<tr>\n<td>Meno modela<\/td>\n<td>Klasick\u00e1 ko\u0161e\u013ea s ozdobn\u00fdm golierom a perlami biela<\/td>\n<\/tr>\n<tr>\n<td>Farba<\/td>\n<td>biely<\/td>\n<\/tr>\n<tr>\n<td>Zbierka<\/td>\n<td>Jar leto jese\u0148 zima<\/td>\n<\/tr>\n<tr>\n<td>Ve\u013ekos\u0165<\/td>\n<td>Univerz\u00e1lny<\/td>\n<\/tr>\n<tr>\n<td>M\u00f3da<\/td>\n<td>nadrozmern\u00e9<\/td>\n<\/tr>\n<tr>\n<td>\u0160tiepenie<\/td>\n<td>\u00a0V<\/td>\n<\/tr>\n<tr>\n<td>Zlo\u017eenie materi\u00e1lov<\/td>\n<td>65% bavlna 32% nylon 3% elastan<\/td>\n<\/tr>\n<\/tbody>\n<\/table>\n<p style=\"text-align: center;\">Model m\u00e1\u00a0<strong>165<\/strong>\u00a0cm vysok\u00fd, nos\u00ed ve\u013ekos\u0165 ka\u017ed\u00fd de\u0148\u00a0<strong>S<\/strong><\/p>\n<p style=\"text-align: center;\">\u0160\u00edrka hrudn\u00edka 88 cm<\/p>\n<p style=\"text-align: center;\">\u0160\u00edrka p\u00e1su 65 cm<\/p>\n<p style=\"text-align: center;\">\u0160\u00edrka bokov 91 cm<\/p>\n<p>&nbsp;<\/p>\n<p style=\"text-align: center;\"><strong>\u00a0<\/strong><\/p>","protected":false},"excerpt":{"rendered":"<p>Koszula Klasyczna Z Ozdobnym Ko\u0142nierzem z Per\u0142ami Bia\u0142a Koszula o klasycznym kroju \u015bwietnie sprawdzi si\u0119 w wielu ods\u0142onach, zar\u00f3wno tych oficjalnych, jak i codziennych. Damska koszula z ozdobnym ko\u0142nierzem, w postaci pere\u0142ek doda \u015bwie\u017co\u015bci i oryginalno\u015bci ka\u017cdej stylizacji &#8211;\u00a0\u015bwietnie sprawdzi si\u0119 w zestawie ze spodniami ale tak\u017ce z leginsami przez d\u0142u\u017cszy kr\u00f3j. Fason idealnie nadaje<\/p>\n<div class=\"klb-readmore post-buttons\"><a class=\"button black outline size-sm\" href=\"https:\/\/madelinefashion.pl\/sk\/koszula-klasyczna-z-ozdobnym-kolnierzem-z-perlami-biala\/\">\u010c\u00edta\u0165 \u010falej <i class=\"klbth-icon-right-arrow\"><\/i><\/a><\/div>","protected":false},"featured_media":530814,"template":"","meta":[],"product_brand":[],"product_cat":[92,395],"product_tag":[414],"class_list":{"0":"post-531266","1":"product","2":"type-product","3":"status-publish","4":"has-post-thumbnail","6":"product_cat-koszule","7":"product_cat-nowosci","8":"product_tag-koszule","10":"first","11":"instock","12":"sale","13":"purchasable","14":"product-type-simple"},"_links":{"self":[{"href":"https:\/\/madelinefashion.pl\/sk\/wp-json\/wp\/v2\/product\/531266","targetHints":{"allow":["GET"]}}],"collection":[{"href":"https:\/\/madelinefashion.pl\/sk\/wp-json\/wp\/v2\/product"}],"about":[{"href":"https:\/\/madelinefashion.pl\/sk\/wp-json\/wp\/v2\/types\/product"}],"wp:featuredmedia":[{"embeddable":true,"href":"https:\/\/madelinefashion.pl\/sk\/wp-json\/wp\/v2\/media\/530814"}],"wp:attachment":[{"href":"https:\/\/madelinefashion.pl\/sk\/wp-json\/wp\/v2\/media?parent=531266"}],"wp:term":[{"taxonomy":"product_brand","embeddable":true,"href":"https:\/\/madelinefashion.pl\/sk\/wp-json\/wp\/v2\/product_brand?post=531266"},{"taxonomy":"product_cat","embeddable":true,"href":"https:\/\/madelinefashion.pl\/sk\/wp-json\/wp\/v2\/product_cat?post=531266"},{"taxonomy":"product_tag","embeddable":true,"href":"https:\/\/madelinefashion.pl\/sk\/wp-json\/wp\/v2\/product_tag?post=531266"}],"curies":[{"name":"pracovn\u00fd list","href":"https:\/\/api.w.org\/{rel}","templated":true}]}}

Klasická košeľa s ozdobným golierom a perlami biela

<h3 style="text-align: center;">Klasická košeľa s ozdobným golierom a perlami biela</h3>
<p style="text-align: center;">Košeľa klasického strihu bude skvelá v mnohých verziách<strong>ako oficiálne, tak aj</strong> každý deň. Dámska košeľa s ozdobným golierom v tvare perál dodá každému stylingu sviežosť a originalitu –<strong> Bude vyzerať skvele s nohavicami, ale aj s dlhšími legínami. </strong>Strih je ideálny na zastrčenie do nohavíc alebo sukní. Naša košeľa môže byť základom mnohých elegantných a nadčasových štýlov. Určite sa bude hodiť k... <a href="https://madelinefashion.pl/sk/spodnica-skora-mini-czarna/">ceruzky </a>sukne alebo klasika <a href="https://madelinefashion.pl/sk/spodnie-jeansowe-paradise-jasne/">džínsy</a>. Košeľa je ideálnym návrhom do práce, na každý deň, na rodinné stretnutia a mnohé iné príležitosti. Odporúča sa pre ženy, ktoré nosia veľ <strong>S, M, L, XL, XXL, XXXL</strong></p>
<h3 style="text-align: center;">     Rozmery:</h3>
<ul style="text-align: center;">
<li style="list-style-type: none;">
<ul>
<li>celková dĺžka: 71 cm</li>
<li>šírka od pazuchy k pazuche: 58-61<br />
rukáv od pazuchy 46 cm</li>
<li>rukáv od ramena 60 cm</li>
<li></li>
</ul>
<p>Rozmery sa môžu mierne líšiť od uvedených +/- 2cm. Všetky uvedené rozmery sú merané plošne. rozmer x2</li>
</ul>
<table style="height: 288px;" width="433">
<tbody>
<tr>
<td>Meno modela</td>
<td>Klasická košeľa s ozdobným golierom a perlami biela</td>
</tr>
<tr>
<td>Farba</td>
<td>biely</td>
</tr>
<tr>
<td>Zbierka</td>
<td>Jar leto jeseň zima</td>
</tr>
<tr>
<td>Veľkosť</td>
<td>Univerzálny</td>
</tr>
<tr>
<td>Móda</td>
<td>nadrozmerné</td>
</tr>
<tr>
<td>Štiepenie</td>
<td> V</td>
</tr>
<tr>
<td>Zloženie materiálov</td>
<td>65% bavlna 32% nylon 3% elastan</td>
</tr>
</tbody>
</table>
<p style="text-align: center;">Model má <strong>165</strong> cm vysoký, nosí veľkosť každý deň <strong>S</strong></p>
<p style="text-align: center;">Šírka hrudníka 88 cm</p>
<p style="text-align: center;">Šírka pásu 65 cm</p>
<p style="text-align: center;">Šírka bokov 91 cm</p>
<p>&nbsp;</p>
<p style="text-align: center;"><strong> </strong></p>

<p>Koszula Klasyczna Z Ozdobnym Kołnierzem z Perłami Biała Koszula o klasycznym kroju świetnie sprawdzi się w wielu odsłonach, zarówno tych oficjalnych, jak i codziennych. Damska koszula z ozdobnym kołnierzem, w postaci perełek doda świeżości i oryginalności każdej stylizacji &#8211; świetnie sprawdzi się w zestawie ze spodniami ale także z leginsami przez dłuższy krój. Fason idealnie nadaje</p>
<div class="klb-readmore post-buttons"><a class="button black outline size-sm" href="https://madelinefashion.pl/sk/koszula-klasyczna-z-ozdobnym-kolnierzem-z-perlami-biala/">Čítať ďalej <i class="klbth-icon-right-arrow"></i></a></div>

pracovný list
