{"id":531268,"date":"2024-05-23T12:06:40","date_gmt":"2024-05-23T10:06:40","guid":{"rendered":"https:\/\/madelinefashion.pl\/?post_type=product&#038;p=531268"},"modified":"2024-05-23T12:07:50","modified_gmt":"2024-05-23T10:07:50","slug":"komplet-dwuczesciowy-spodniczka-i-koszula-glam-bezowy","status":"publish","type":"product","link":"https:\/\/madelinefashion.pl\/sk\/komplet-dwuczesciowy-spodniczka-i-koszula-glam-bezowy\/","title":{"rendered":"Dvojdielna s\u00faprava sukne a ko\u0161ele v b\u00e9\u017eovej farbe Glam"},"content":{"rendered":"<h3 style=\"text-align: center;\">Dvojdielna s\u00faprava sukne a ko\u0161ele v b\u00e9\u017eovej farbe Glam<\/h3>\n<p style=\"text-align: center;\"><strong>Fenomen\u00e1lny set pozost\u00e1vaj\u00faci z uviazanej ko\u0161ele a sukne<\/strong>.Letn\u00fd set pozost\u00e1vaj\u00faci z bl\u00fazky ko\u0161e\u013eov\u00e9ho strihu so zav\u00e4zovan\u00edm v dolnej \u010dasti a sukne v \u0161t\u00fdle cloche s elastick\u00fdm p\u00e1som. <strong>Celok prezentuje ve\u013emi efektne<\/strong>. V\u010faka elastick\u00e9mu stavu sukne sadne v\u00e4\u010d\u0161ine siluet. <strong>Set <\/strong>Zdobia ju vy\u0161\u00edvan\u00e9 \u010dipkovan\u00e9 vsadky a vol\u00e1niky na sukni. Na\u0161a s\u00faprava je perfektnou vo\u013ebou pre ak\u00fdko\u013evek outfit, v ktorom chcete za\u017eiari\u0165. Dostupn\u00e1 v n\u00e1dhern\u00fdch farb\u00e1ch, je perfektn\u00e1 na nadch\u00e1dzaj\u00facu sez\u00f3nu. Skuto\u010dne letn\u00e1 vo\u013eba \u2013 jednozna\u010dn\u00e1 nutnos\u0165. <strong>Musie\u0165 ma\u0165<\/strong> nadch\u00e1dzaj\u00facu sez\u00f3nu.. Odpor\u00fa\u010dan\u00e9 pre \u017eeny, ktor\u00e9 nosia ve\u013e <strong>XS<\/strong> <strong>SML<\/strong><\/p>\n<p>&nbsp;<\/p>\n<h3 style=\"text-align: center;\">\u00a0 \u00a0 \u00a0Rozmery :<\/h3>\n<p style=\"text-align: center;\">Tri\u010dko:<br \/>\ncelkov\u00e1 d\u013a\u017eka vpredu 49 cm<br \/>\ncelkov\u00e1 d\u013a\u017eka chrbta 66 cm<br \/>\n\u0161\u00edrka od pazuchy k pazuche 59 cm<\/p>\n<p style=\"text-align: center;\">Suk\u0148a:<br \/>\n\u0160\u00edrka p\u00e1su (guma): 32-47 cm<br \/>\nCelkov\u00e1 d\u013a\u017eka: 40 cm<\/p>\n<p style=\"text-align: center;\">Rozmery sa m\u00f4\u017eu mierne l\u00ed\u0161i\u0165 od uveden\u00fdch +\/- 2cm. V\u0161etky uveden\u00e9 rozmery s\u00fa meran\u00e9 plo\u0161ne.<\/p>\n<table width=\"618\">\n<tbody>\n<tr>\n<td width=\"302\">Meno modela<\/td>\n<td width=\"302\">Dvojdielna s\u00faprava z p\u00f4vabnej sukne a ko\u0161ele<\/td>\n<\/tr>\n<tr>\n<td width=\"302\">Farba<\/td>\n<td width=\"302\">Bez<\/td>\n<\/tr>\n<tr>\n<td width=\"302\">ve\u013ekosti<\/td>\n<td width=\"302\">Univerz\u00e1lny<\/td>\n<\/tr>\n<tr>\n<td width=\"302\">M\u00f3da<\/td>\n<td width=\"302\">nadrozmern\u00e9<\/td>\n<\/tr>\n<tr>\n<td width=\"302\">Materi\u00e1l<\/td>\n<td width=\"302\">100% bavlna<\/td>\n<\/tr>\n<\/tbody>\n<\/table>\n<div class=\"tabs tabs-bb clear mb-80\">\n<div class=\"tab-content\">\n<div id=\"tab-description\" class=\"tab-pane fade in woocommerce-Tabs-panel--description active\">\n<p style=\"text-align: center;\">Model m\u00e1\u00a0<strong>169<\/strong>\u00a0cm vysok\u00fd, nos\u00ed ve\u013ekos\u0165 ka\u017ed\u00fd de\u0148\u00a0<strong>S<\/strong><\/p>\n<p style=\"text-align: center;\">\u0160\u00edrka cez prsia 92 cm<\/p>\n<p style=\"text-align: center;\">\u0160\u00edrka v p\u00e1se 62 cm<\/p>\n<p style=\"text-align: center;\">\u0160\u00edrka v bokoch 94 cm<\/p>\n<\/div>\n<\/div>\n<\/div>\n<section class=\"related products mb-80\"><\/section>\n<p style=\"text-align: center;\">","protected":false},"excerpt":{"rendered":"<p>Komplet Dwucz\u0119\u015bciowy Sp\u00f3dniczka i Koszula Glam Be\u017cowy Zjawiskowy Komplet sk\u0142adaj\u0105cy si\u0119 z wi\u0105zanej koszuli oraz sp\u00f3dnicy.\u00a0 Letni komplet sk\u0142adaj\u0105cy si\u0119 z bluzki o fasonie koszuli z wi\u0105zaniem na dole oraz\u00a0 sp\u00f3dnicy wz\u00f3r klosza z gumk\u0105. Ca\u0142o\u015b\u0107 prezentuje niezwykle efektownie. Elastyczny stan sp\u00f3dniczki sprawia, \u017ce b\u0119dzie pasowa\u0142 na wi\u0119kszo\u015b\u0107 sylwetek. Komplet posiada koronkowe haftowane wstawki oraz<\/p>\n<div class=\"klb-readmore post-buttons\"><a class=\"button black outline size-sm\" href=\"https:\/\/madelinefashion.pl\/sk\/komplet-dwuczesciowy-spodniczka-i-koszula-glam-bezowy\/\">\u010c\u00edta\u0165 \u010falej <i class=\"klbth-icon-right-arrow\"><\/i><\/a><\/div>","protected":false},"featured_media":530819,"template":"","meta":[],"product_brand":[],"product_cat":[89],"product_tag":[],"class_list":{"0":"post-531268","1":"product","2":"type-product","3":"status-publish","4":"has-post-thumbnail","6":"product_cat-komplety","7":"pa_rozmiar-s-m","8":"pa_rozmiar-l-xl","10":"first","11":"instock","12":"purchasable","13":"product-type-simple"},"_links":{"self":[{"href":"https:\/\/madelinefashion.pl\/sk\/wp-json\/wp\/v2\/product\/531268","targetHints":{"allow":["GET"]}}],"collection":[{"href":"https:\/\/madelinefashion.pl\/sk\/wp-json\/wp\/v2\/product"}],"about":[{"href":"https:\/\/madelinefashion.pl\/sk\/wp-json\/wp\/v2\/types\/product"}],"wp:featuredmedia":[{"embeddable":true,"href":"https:\/\/madelinefashion.pl\/sk\/wp-json\/wp\/v2\/media\/530819"}],"wp:attachment":[{"href":"https:\/\/madelinefashion.pl\/sk\/wp-json\/wp\/v2\/media?parent=531268"}],"wp:term":[{"taxonomy":"product_brand","embeddable":true,"href":"https:\/\/madelinefashion.pl\/sk\/wp-json\/wp\/v2\/product_brand?post=531268"},{"taxonomy":"product_cat","embeddable":true,"href":"https:\/\/madelinefashion.pl\/sk\/wp-json\/wp\/v2\/product_cat?post=531268"},{"taxonomy":"product_tag","embeddable":true,"href":"https:\/\/madelinefashion.pl\/sk\/wp-json\/wp\/v2\/product_tag?post=531268"}],"curies":[{"name":"pracovn\u00fd list","href":"https:\/\/api.w.org\/{rel}","templated":true}]}}

Dvojdielna súprava sukne a košele v béžovej farbe Glam

<h3 style="text-align: center;">Dvojdielna súprava sukne a košele v béžovej farbe Glam</h3>
<p style="text-align: center;"><strong>Fenomenálny set pozostávajúci z uviazanej košele a sukne</strong>.Letný set pozostávajúci z blúzky košeľového strihu so zaväzovaním v dolnej časti a sukne v štýle cloche s elastickým pásom. <strong>Celok prezentuje veľmi efektne</strong>. Vďaka elastickému stavu sukne sadne väčšine siluet. <strong>Set </strong>Zdobia ju vyšívané čipkované vsadky a volániky na sukni. Naša súprava je perfektnou voľbou pre akýkoľvek outfit, v ktorom chcete zažiariť. Dostupná v nádherných farbách, je perfektná na nadchádzajúcu sezónu. Skutočne letná voľba – jednoznačná nutnosť. <strong>Musieť mať</strong> nadchádzajúcu sezónu.. Odporúčané pre ženy, ktoré nosia veľ <strong>XS</strong> <strong>SML</strong></p>
<p>&nbsp;</p>
<h3 style="text-align: center;">     Rozmery :</h3>
<p style="text-align: center;">Tričko:<br />
celková dĺžka vpredu 49 cm<br />
celková dĺžka chrbta 66 cm<br />
šírka od pazuchy k pazuche 59 cm</p>
<p style="text-align: center;">Sukňa:<br />
Šírka pásu (guma): 32-47 cm<br />
Celková dĺžka: 40 cm</p>
<p style="text-align: center;">Rozmery sa môžu mierne líšiť od uvedených +/- 2cm. Všetky uvedené rozmery sú merané plošne.</p>
<table width="618">
<tbody>
<tr>
<td width="302">Meno modela</td>
<td width="302">Dvojdielna súprava z pôvabnej sukne a košele</td>
</tr>
<tr>
<td width="302">Farba</td>
<td width="302">Bez</td>
</tr>
<tr>
<td width="302">veľkosti</td>
<td width="302">Univerzálny</td>
</tr>
<tr>
<td width="302">Móda</td>
<td width="302">nadrozmerné</td>
</tr>
<tr>
<td width="302">Materiál</td>
<td width="302">100% bavlna</td>
</tr>
</tbody>
</table>
<div class="tabs tabs-bb clear mb-80">
<div class="tab-content">
<div id="tab-description" class="tab-pane fade in woocommerce-Tabs-panel--description active">
<p style="text-align: center;">Model má <strong>169</strong> cm vysoký, nosí veľkosť každý deň <strong>S</strong></p>
<p style="text-align: center;">Šírka cez prsia 92 cm</p>
<p style="text-align: center;">Šírka v páse 62 cm</p>
<p style="text-align: center;">Šírka v bokoch 94 cm</p>
</div>
</div>
</div>
<section class="related products mb-80"></section>
<p style="text-align: center;">

<p>Komplet Dwuczęściowy Spódniczka i Koszula Glam Beżowy Zjawiskowy Komplet składający się z wiązanej koszuli oraz spódnicy.  Letni komplet składający się z bluzki o fasonie koszuli z wiązaniem na dole oraz  spódnicy wzór klosza z gumką. Całość prezentuje niezwykle efektownie. Elastyczny stan spódniczki sprawia, że będzie pasował na większość sylwetek. Komplet posiada koronkowe haftowane wstawki oraz</p>
<div class="klb-readmore post-buttons"><a class="button black outline size-sm" href="https://madelinefashion.pl/sk/komplet-dwuczesciowy-spodniczka-i-koszula-glam-bezowy/">Čítať ďalej <i class="klbth-icon-right-arrow"></i></a></div>

pracovný list
