{"id":531392,"date":"2024-05-24T12:23:47","date_gmt":"2024-05-24T10:23:47","guid":{"rendered":"https:\/\/madelinefashion.pl\/?post_type=product&#038;p=531392"},"modified":"2026-04-10T14:43:18","modified_gmt":"2026-04-10T12:43:18","slug":"sukienka-midi-w-kwiaty-z-paskiem-cardin-czarna","status":"publish","type":"product","link":"https:\/\/madelinefashion.pl\/sk\/sukienka-midi-w-kwiaty-z-paskiem-cardin-czarna\/","title":{"rendered":"\u010cierne kvetinov\u00e9 midi \u0161aty Cardin s opaskom"},"content":{"rendered":"<h3 style=\"text-align: center;\">\u010cierne kvetinov\u00e9 midi \u0161aty Cardin s opaskom<\/h3>\n<p style=\"text-align: center;\"><span style=\"font-size: 10pt;\">Pr\u00edjemn\u00e9 na dotyk, pr\u00edjemn\u00e9 na nosenie, pekne sed\u00ed na tele.\u00a0<strong style=\"font-size: 10pt;\">Kvetovan\u00e9 \u0161aty s\u00fa nepochybne povinnou v\u00fdbavou jarn\u00e9ho \u0161atn\u00edka u\u017e dlh\u00e9 roky.<\/strong> Ka\u017ed\u00e1 \u017eena m\u00e1 vo svojom \u0161atn\u00edku aspo\u0148 jedny kvetinov\u00e9 \u0161aty.<strong style=\"font-size: 10pt;\">kvetinov\u00e9 \u0161aty urobia n\u00e1\u0161 vzh\u013ead svie\u017eim, m\u00f3dnym a ve\u013emi \u017eensk\u00fdm <\/strong> Toto je perfektn\u00fd n\u00e1vrh na jarn\u00e9 a letn\u00e9 obdobie. <b style=\"font-size: 10pt;\">roz\u0161\u00edren\u00e9 kvetinov\u00e9 \u0161aty s\u00fa dokonal\u00e9 <\/b><span style=\"font-size: 13.3333px;\"><b>pon\u00faknu\u0165<\/b><\/span><b style=\"font-size: 10pt;\"> aj za to, \u017ee si vyraz\u00edte s kamar\u00e1tkami, rande \u010di svadbu v\u010faka nej <\/b>z\u00edskate os\u00ed p\u00e1s a nohy do neba.<br \/>\n\u0160aty maj\u00fa<strong style=\"font-size: 10pt;\"> guma v p\u00e1se<\/strong> v\u010faka ktor\u00fdm zv\u00fdrazn\u00edte \u017eensk\u00e9 tvary. Model m\u00e1 pod\u0161\u00edvku - <strong>nepresvit\u00e1<\/strong> . Odpor\u00fa\u010dan\u00e9 pre \u017eeny vo ve\u013ekostiach S-L. Preto n\u00e1\u0161 v\u00fdber zah\u0155\u0148a jedine\u010dn\u00e9 letn\u00e9 \u0161aty s kvetinov\u00fdm vzorom, ktor\u00e9 m\u00f4\u017eete nosi\u0165 mnoh\u00fdmi r\u00f4znymi sp\u00f4sobmi.<\/span> <span style=\"font-size: 10pt;\">Ak sa neviete rozhodn\u00fa\u0165, ktor\u00e1 farba, ve\u013ekos\u0165 je pre v\u00e1s najlep\u0161ia, kontaktujte n\u00e1s prostredn\u00edctvom <a href=\"https:\/\/www.facebook.com\/madelinefashionbutik\" target=\"_blank\" rel=\"noopener\">Facebook<\/a> alebo <a href=\"https:\/\/madelinefashion.pl\/sk\/kontakt\/\">telef\u00f3n<\/a>. Ak ve\u013ekos\u0165 nie je na str\u00e1nke, kontaktujte n\u00e1s.\u00a0<\/span><\/p>\n<h3 style=\"text-align: center;\">ROZMERY \u0161iat:<\/h3>\n<p>&nbsp;<\/p>\n<p style=\"text-align: center;\"><strong>S\/36<br \/>\n<\/strong>Celkov\u00e1 d\u013a\u017eka: 122 cm<br \/>\n\u0160\u00edrka od pazuchy po pazuchu: 43-54 cm<br \/>\n\u0160\u00edrka p\u00e1su: 32-45 cm<\/p>\n<p style=\"text-align: center;\"><strong>M\/38<br \/>\n<\/strong>Celkov\u00e1 d\u013a\u017eka: 122 cm<br \/>\n\u0160\u00edrka od podpazu\u0161ia k podpazu\u0161iu: 45-56 cm<br \/>\n\u0160\u00edrka p\u00e1su: 33-47 cm<\/p>\n<p style=\"text-align: center;\"><strong>L\/40<br \/>\n<\/strong>Celkov\u00e1 d\u013a\u017eka: 122 cm<br \/>\n\u0160\u00edrka od podpazu\u0161ia k podpazu\u0161iu: 51-62 cm<br \/>\n\u0160\u00edrka p\u00e1su: 34-56 cm<\/p>\n<p style=\"text-align: center;\"><span style=\"font-size: 10pt;\">\u0160aty dostupn\u00e9 aj v <strong>in\u00e9 farebn\u00e9 varianty<\/strong> \u2013 odpor\u00fa\u010dame v\u00e1m zozn\u00e1mi\u0165 sa s na\u0161imi \u010fal\u0161\u00edmi produktmi.\u00a0<\/span><\/p>\n<p style=\"text-align: center;\"><span style=\"font-size: 10pt;\">Rozmery sa m\u00f4\u017eu mierne l\u00ed\u0161i\u0165 od uveden\u00fdch +\/- 2cm.\u00a0<\/span><\/p>\n<p style=\"text-align: center;\"><span style=\"font-size: 10pt;\"><strong>\u00a0<\/strong>\u00a0<\/span><\/p>\n<table width=\"618\">\n<tbody>\n<tr>\n<td width=\"302\">Meno modela<\/td>\n<td width=\"302\">Midi \u0161aty Cardin s kvetinov\u00fdm vzorom a opaskom<\/td>\n<\/tr>\n<tr>\n<td width=\"302\">Farba<\/td>\n<td width=\"302\">\u010dierna<\/td>\n<\/tr>\n<tr>\n<td width=\"302\">Materi\u00e1l<\/td>\n<td width=\"302\">\u0160if\u00f3n<\/td>\n<\/tr>\n<tr>\n<td width=\"302\">ve\u013ekosti<\/td>\n<td width=\"302\">\u00a036 38 40<\/td>\n<\/tr>\n<tr>\n<td width=\"302\">M\u00f3da<\/td>\n<td width=\"302\">Vzplanul<\/td>\n<\/tr>\n<tr>\n<td width=\"302\">Materi\u00e1l<\/td>\n<td width=\"302\">95% polyester 5%elastan<\/td>\n<\/tr>\n<tr>\n<td width=\"302\">D\u013a\u017eka<\/td>\n<td width=\"302\">midi<\/td>\n<\/tr>\n<\/tbody>\n<\/table>\n<p style=\"text-align: center;\"><span style=\"font-size: 10pt;\">* Pre v\u00e4\u010d\u0161ie ve\u013ekosti n\u00e1s pros\u00edm kontaktujte telefonicky\u00a0\u00a0<\/span><\/p>\n<p style=\"text-align: center;\"><span style=\"font-size: 10pt;\">Aby ste si vybrali <strong>perfektn\u00e9 \u0161aty<\/strong> kontaktujte n\u00e1s telefonicky alebo prostredn\u00edctvom na\u0161ej webovej str\u00e1nky <a href=\"https:\/\/www.facebook.com\/madelinefashionbutik\" target=\"_blank\" rel=\"noopener\">Facebook<\/a> .<\/span><br \/>\n<span style=\"font-size: 10pt;\">N\u00e1\u0161 t\u00edm v\u00e1m pom\u00f4\u017ee <strong>Vyberte si ten spr\u00e1vny<\/strong> . <strong>Na \u017eelanie kupuj\u00faceho vyrob\u00edme ak\u00e9ko\u013evek \u0161aty\u00a0<\/strong><strong>opatrne mera\u0165.\u00a0<\/strong><\/span><\/p>\n<div class=\"additional-details\" style=\"text-align: center;\">\n<p style=\"text-align: center;\"><span style=\"font-size: 10pt;\">\u00a0<\/span><\/p>\n<\/div>","protected":false},"excerpt":{"rendered":"<p>Sukienka Midi W Kwiaty Z Paskiem Cardin Czarna Mi\u0142a w dotyku, komfortowa w noszeniu, \u0142adnie uk\u0142ada si\u0119 na ciele.\u00a0Sukienka w kwiaty to bez w\u0105tpienia od wielu lat must have w wiosennej garderobie. Ka\u017cda kobieta posiada w swojej szafie cho\u0107 jeden model sukienki w kwiatowy wz\u00f3r . Sukienka w kwiaty sprawi, \u017ce nasz look b\u0119dzie \u015bwie\u017cy,<\/p>\n<div class=\"klb-readmore post-buttons\"><a class=\"button black outline size-sm\" href=\"https:\/\/madelinefashion.pl\/sk\/sukienka-midi-w-kwiaty-z-paskiem-cardin-czarna\/\">\u010c\u00edta\u0165 \u010falej <i class=\"klbth-icon-right-arrow\"><\/i><\/a><\/div>","protected":false},"featured_media":583218,"template":"","meta":[],"product_brand":[],"product_cat":[124,395],"product_tag":[213,396],"class_list":{"0":"post-531392","1":"product","2":"type-product","3":"status-publish","4":"has-post-thumbnail","6":"product_cat-sukienki-okolicznosciowe","7":"product_cat-nowosci","8":"product_tag-sukienka-czarna","9":"product_tag-sukienki-w-kwiaty","11":"first","12":"instock","13":"purchasable","14":"product-type-variable"},"_links":{"self":[{"href":"https:\/\/madelinefashion.pl\/sk\/wp-json\/wp\/v2\/product\/531392","targetHints":{"allow":["GET"]}}],"collection":[{"href":"https:\/\/madelinefashion.pl\/sk\/wp-json\/wp\/v2\/product"}],"about":[{"href":"https:\/\/madelinefashion.pl\/sk\/wp-json\/wp\/v2\/types\/product"}],"wp:featuredmedia":[{"embeddable":true,"href":"https:\/\/madelinefashion.pl\/sk\/wp-json\/wp\/v2\/media\/583218"}],"wp:attachment":[{"href":"https:\/\/madelinefashion.pl\/sk\/wp-json\/wp\/v2\/media?parent=531392"}],"wp:term":[{"taxonomy":"product_brand","embeddable":true,"href":"https:\/\/madelinefashion.pl\/sk\/wp-json\/wp\/v2\/product_brand?post=531392"},{"taxonomy":"product_cat","embeddable":true,"href":"https:\/\/madelinefashion.pl\/sk\/wp-json\/wp\/v2\/product_cat?post=531392"},{"taxonomy":"product_tag","embeddable":true,"href":"https:\/\/madelinefashion.pl\/sk\/wp-json\/wp\/v2\/product_tag?post=531392"}],"curies":[{"name":"pracovn\u00fd list","href":"https:\/\/api.w.org\/{rel}","templated":true}]}}

Čierne kvetinové midi šaty Cardin s opaskom

<h3 style="text-align: center;">Čierne kvetinové midi šaty Cardin s opaskom</h3>
<p style="text-align: center;"><span style="font-size: 10pt;">Príjemné na dotyk, príjemné na nosenie, pekne sedí na tele. <strong style="font-size: 10pt;">Kvetované šaty sú nepochybne povinnou výbavou jarného šatníka už dlhé roky.</strong> Každá žena má vo svojom šatníku aspoň jedny kvetinové šaty.<strong style="font-size: 10pt;">kvetinové šaty urobia náš vzhľad sviežim, módnym a veľmi ženským </strong> Toto je perfektný návrh na jarné a letné obdobie. <b style="font-size: 10pt;">rozšírené kvetinové šaty sú dokonalé </b><span style="font-size: 13.3333px;"><b>ponúknuť</b></span><b style="font-size: 10pt;"> aj za to, že si vyrazíte s kamarátkami, rande či svadbu vďaka nej </b>získate osí pás a nohy do neba.<br />
Šaty majú<strong style="font-size: 10pt;"> guma v páse</strong> vďaka ktorým zvýrazníte ženské tvary. Model má podšívku - <strong>nepresvitá</strong> . Odporúčané pre ženy vo veľkostiach S-L. Preto náš výber zahŕňa jedinečné letné šaty s kvetinovým vzorom, ktoré môžete nosiť mnohými rôznymi spôsobmi.</span> <span style="font-size: 10pt;">Ak sa neviete rozhodnúť, ktorá farba, veľkosť je pre vás najlepšia, kontaktujte nás prostredníctvom <a href="https://www.facebook.com/madelinefashionbutik" target="_blank" rel="noopener">Facebook</a> alebo <a href="https://madelinefashion.pl/sk/kontakt/">telefón</a>. Ak veľkosť nie je na stránke, kontaktujte nás. </span></p>
<h3 style="text-align: center;">ROZMERY šiat:</h3>
<p>&nbsp;</p>
<p style="text-align: center;"><strong>S/36<br />
</strong>Celková dĺžka: 122 cm<br />
Šírka od pazuchy po pazuchu: 43-54 cm<br />
Šírka pásu: 32-45 cm</p>
<p style="text-align: center;"><strong>M/38<br />
</strong>Celková dĺžka: 122 cm<br />
Šírka od podpazušia k podpazušiu: 45-56 cm<br />
Šírka pásu: 33-47 cm</p>
<p style="text-align: center;"><strong>L/40<br />
</strong>Celková dĺžka: 122 cm<br />
Šírka od podpazušia k podpazušiu: 51-62 cm<br />
Šírka pásu: 34-56 cm</p>
<p style="text-align: center;"><span style="font-size: 10pt;">Šaty dostupné aj v <strong>iné farebné varianty</strong> – odporúčame vám zoznámiť sa s našimi ďalšími produktmi. </span></p>
<p style="text-align: center;"><span style="font-size: 10pt;">Rozmery sa môžu mierne líšiť od uvedených +/- 2cm. </span></p>
<p style="text-align: center;"><span style="font-size: 10pt;"><strong> </strong> </span></p>
<table width="618">
<tbody>
<tr>
<td width="302">Meno modela</td>
<td width="302">Midi šaty Cardin s kvetinovým vzorom a opaskom</td>
</tr>
<tr>
<td width="302">Farba</td>
<td width="302">čierna</td>
</tr>
<tr>
<td width="302">Materiál</td>
<td width="302">Šifón</td>
</tr>
<tr>
<td width="302">veľkosti</td>
<td width="302"> 36 38 40</td>
</tr>
<tr>
<td width="302">Móda</td>
<td width="302">Vzplanul</td>
</tr>
<tr>
<td width="302">Materiál</td>
<td width="302">95% polyester 5%elastan</td>
</tr>
<tr>
<td width="302">Dĺžka</td>
<td width="302">midi</td>
</tr>
</tbody>
</table>
<p style="text-align: center;"><span style="font-size: 10pt;">* Pre väčšie veľkosti nás prosím kontaktujte telefonicky  </span></p>
<p style="text-align: center;"><span style="font-size: 10pt;">Aby ste si vybrali <strong>perfektné šaty</strong> kontaktujte nás telefonicky alebo prostredníctvom našej webovej stránky <a href="https://www.facebook.com/madelinefashionbutik" target="_blank" rel="noopener">Facebook</a> .</span><br />
<span style="font-size: 10pt;">Náš tím vám pomôže <strong>Vyberte si ten správny</strong> . <strong>Na želanie kupujúceho vyrobíme akékoľvek šaty </strong><strong>opatrne merať. </strong></span></p>
<div class="additional-details" style="text-align: center;">
<p style="text-align: center;"><span style="font-size: 10pt;"> </span></p>
</div>

<p>Sukienka Midi W Kwiaty Z Paskiem Cardin Czarna Miła w dotyku, komfortowa w noszeniu, ładnie układa się na ciele. Sukienka w kwiaty to bez wątpienia od wielu lat must have w wiosennej garderobie. Każda kobieta posiada w swojej szafie choć jeden model sukienki w kwiatowy wzór . Sukienka w kwiaty sprawi, że nasz look będzie świeży,</p>
<div class="klb-readmore post-buttons"><a class="button black outline size-sm" href="https://madelinefashion.pl/sk/sukienka-midi-w-kwiaty-z-paskiem-cardin-czarna/">Čítať ďalej <i class="klbth-icon-right-arrow"></i></a></div>

pracovný list
