{"id":535847,"date":"2024-06-26T15:38:31","date_gmt":"2024-06-26T13:38:31","guid":{"rendered":"https:\/\/madelinefashion.pl\/?post_type=product&#038;p=535847"},"modified":"2025-09-09T10:00:49","modified_gmt":"2025-09-09T08:00:49","slug":"sukienka-rozkloszowana-z-falbanami-peris-biala","status":"publish","type":"product","link":"https:\/\/madelinefashion.pl\/sk\/sukienka-rozkloszowana-z-falbanami-peris-biala\/","title":{"rendered":"Biele roz\u0161\u00edren\u00e9 \u0161aty Peris s vol\u00e1nikmi"},"content":{"rendered":"<h3 style=\"text-align: center;\">Biele roz\u0161\u00edren\u00e9 \u0161aty Peris s vol\u00e1nikmi<\/h3>\n<p style=\"text-align: center;\">Hlbok\u00fd v\u00fdstrih do V zv\u00fdraz\u0148uje a zv\u00fdraz\u0148uje poprsie. <strong>mini<\/strong> v klasickej farbe. Materi\u00e1l je pru\u017en\u00fd a zv\u00fdraz\u0148uje postavu.<br \/>\nZap\u00ednaj\u00fa sa na zlat\u00fd zips vzadu. \u0160aty s\u00fa ide\u00e1lne na ka\u017edodenn\u00e9 nosenie do pr\u00e1ce alebo von s priate\u013emi, ale hodia sa aj na form\u00e1lnej\u0161ie pr\u00edle\u017eitosti, rande alebo sviatky. Perfektne sa prisp\u00f4sobia postave. Tento model m\u00e1 klasick\u00fd, no z\u00e1rove\u0148 p\u00fatav\u00fd strih.<\/p>\n<h3 style=\"text-align: center;\">Rozmery:<\/h3>\n<ul>\n<li style=\"text-align: center;\"><strong>M\/L<\/strong><br \/>\n\u0160\u00edrka od pazuchy k pazuche 41-51 cm<br \/>\nCelkov\u00e1 d\u013a\u017eka 69 cm + nastavite\u013en\u00e9 popruhy<br \/>\n\u0160\u00edrka p\u00e1su 36-43 cm<\/li>\n<\/ul>\n<p style=\"text-align: center;\">Rozmery sa m\u00f4\u017eu mierne l\u00ed\u0161i\u0165 od uveden\u00fdch +\/- 2cm. V\u0161etky uveden\u00e9 rozmery s\u00fa meran\u00e9 plo\u0161ne. <strong>rozmer x2<\/strong><\/p>\n<p>&nbsp;<\/p>\n<table width=\"598\">\n<tbody>\n<tr>\n<td width=\"302\">Meno modela<\/td>\n<td width=\"302\">Zvonov\u00e9 \u0161aty Peris s vol\u00e1nikmi<\/td>\n<\/tr>\n<tr>\n<td width=\"302\">Farba<\/td>\n<td width=\"302\">biely<\/td>\n<\/tr>\n<tr>\n<td width=\"302\">Zbierka<\/td>\n<td width=\"302\">Jar leto jese\u0148 zima<\/td>\n<\/tr>\n<tr>\n<td width=\"302\">ve\u013ekosti<\/td>\n<td width=\"302\">Univerz\u00e1lny<\/td>\n<\/tr>\n<tr>\n<td width=\"302\">M\u00f3da<\/td>\n<td width=\"302\">Na mieru<\/td>\n<\/tr>\n<tr>\n<td width=\"302\">\u0160tiepenie<\/td>\n<td width=\"302\">golier v \u0161t\u00fdle V<\/td>\n<\/tr>\n<tr>\n<td width=\"302\">Materi\u00e1l<\/td>\n<td width=\"302\">60% Visk\u00f3za 35% Polamid 5% Elastick\u00fd materi\u00e1l<\/td>\n<\/tr>\n<\/tbody>\n<\/table>\n<p>&nbsp;<\/p>\n<p style=\"text-align: center;\">Model m\u00e1\u00a0<strong>169<\/strong>\u00a0cm vysok\u00fd, nos\u00ed ve\u013ekos\u0165 ka\u017ed\u00fd de\u0148\u00a0<strong>S<\/strong><\/p>\n<p style=\"text-align: center;\">\u0160\u00edrka hrudn\u00edka 9 cm<\/p>\n<p style=\"text-align: center;\">\u0160\u00edrka p\u00e1su 71 cm<\/p>\n<p style=\"text-align: center;\">\u0160\u00edrka bokov 96 cm<\/p>","protected":false},"excerpt":{"rendered":"<p>Biele roz\u0161\u00edren\u00e9 \u0161aty Peris s vol\u00e1nikmi. Hlbok\u00fd v\u00fdstrih do V zv\u00fdraz\u0148uje a zv\u00fdraz\u0148uje poprsie. Mini\u0161aty s\u00fa v klasickej farbe. Materi\u00e1l je elastick\u00fd a lichot\u00ed postave. Zap\u00ednaj\u00fa sa na zlat\u00fd zips vzadu. \u0160aty s\u00fa ide\u00e1lne na ka\u017edodenn\u00e9 nosenie do pr\u00e1ce alebo na ve\u010der s priate\u013emi, ale hodia sa aj na form\u00e1lnej\u0161ie pr\u00edle\u017eitosti, ako je rande.<\/p>\n<div class=\"klb-readmore post-buttons\"><a class=\"button black outline size-sm\" href=\"https:\/\/madelinefashion.pl\/sk\/sukienka-rozkloszowana-z-falbanami-peris-biala\/\">\u010c\u00edta\u0165 \u010falej <i class=\"klbth-icon-right-arrow\"><\/i><\/a><\/div>","protected":false},"featured_media":535776,"template":"","meta":[],"product_brand":[],"product_cat":[125,395],"product_tag":[504,219,262],"class_list":{"0":"post-535847","1":"product","2":"type-product","3":"status-publish","4":"has-post-thumbnail","6":"product_cat-sukienki","7":"product_cat-nowosci","8":"product_tag-party-time","9":"product_tag-sukienka-biala","10":"product_tag-sukienki-krotkie","11":"pa_rozmiar-m-l","13":"first","14":"instock","15":"product-type-variable"},"_links":{"self":[{"href":"https:\/\/madelinefashion.pl\/sk\/wp-json\/wp\/v2\/product\/535847","targetHints":{"allow":["GET"]}}],"collection":[{"href":"https:\/\/madelinefashion.pl\/sk\/wp-json\/wp\/v2\/product"}],"about":[{"href":"https:\/\/madelinefashion.pl\/sk\/wp-json\/wp\/v2\/types\/product"}],"wp:featuredmedia":[{"embeddable":true,"href":"https:\/\/madelinefashion.pl\/sk\/wp-json\/wp\/v2\/media\/535776"}],"wp:attachment":[{"href":"https:\/\/madelinefashion.pl\/sk\/wp-json\/wp\/v2\/media?parent=535847"}],"wp:term":[{"taxonomy":"product_brand","embeddable":true,"href":"https:\/\/madelinefashion.pl\/sk\/wp-json\/wp\/v2\/product_brand?post=535847"},{"taxonomy":"product_cat","embeddable":true,"href":"https:\/\/madelinefashion.pl\/sk\/wp-json\/wp\/v2\/product_cat?post=535847"},{"taxonomy":"product_tag","embeddable":true,"href":"https:\/\/madelinefashion.pl\/sk\/wp-json\/wp\/v2\/product_tag?post=535847"}],"curies":[{"name":"pracovn\u00fd list","href":"https:\/\/api.w.org\/{rel}","templated":true}]}}

Biele rozšírené šaty Peris s volánikmi

<h3 style="text-align: center;">Biele rozšírené šaty Peris s volánikmi</h3>
<p style="text-align: center;">Hlboký výstrih do V zvýrazňuje a zvýrazňuje poprsie. <strong>mini</strong> v klasickej farbe. Materiál je pružný a zvýrazňuje postavu.<br />
Zapínajú sa na zlatý zips vzadu. Šaty sú ideálne na každodenné nosenie do práce alebo von s priateľmi, ale hodia sa aj na formálnejšie príležitosti, rande alebo sviatky. Perfektne sa prispôsobia postave. Tento model má klasický, no zároveň pútavý strih.</p>
<h3 style="text-align: center;">Rozmery:</h3>
<ul>
<li style="text-align: center;"><strong>M/L</strong><br />
Šírka od pazuchy k pazuche 41-51 cm<br />
Celková dĺžka 69 cm + nastaviteľné popruhy<br />
Šírka pásu 36-43 cm</li>
</ul>
<p style="text-align: center;">Rozmery sa môžu mierne líšiť od uvedených +/- 2cm. Všetky uvedené rozmery sú merané plošne. <strong>rozmer x2</strong></p>
<p>&nbsp;</p>
<table width="598">
<tbody>
<tr>
<td width="302">Meno modela</td>
<td width="302">Zvonové šaty Peris s volánikmi</td>
</tr>
<tr>
<td width="302">Farba</td>
<td width="302">biely</td>
</tr>
<tr>
<td width="302">Zbierka</td>
<td width="302">Jar leto jeseň zima</td>
</tr>
<tr>
<td width="302">veľkosti</td>
<td width="302">Univerzálny</td>
</tr>
<tr>
<td width="302">Móda</td>
<td width="302">Na mieru</td>
</tr>
<tr>
<td width="302">Štiepenie</td>
<td width="302">golier v štýle V</td>
</tr>
<tr>
<td width="302">Materiál</td>
<td width="302">60% Viskóza 35% Polamid 5% Elastický materiál</td>
</tr>
</tbody>
</table>
<p>&nbsp;</p>
<p style="text-align: center;">Model má <strong>169</strong> cm vysoký, nosí veľkosť každý deň <strong>S</strong></p>
<p style="text-align: center;">Šírka hrudníka 9 cm</p>
<p style="text-align: center;">Šírka pásu 71 cm</p>
<p style="text-align: center;">Šírka bokov 96 cm</p>

<p>Biele rozšírené šaty Peris s volánikmi. Hlboký výstrih do V zvýrazňuje a zvýrazňuje poprsie. Minišaty sú v klasickej farbe. Materiál je elastický a lichotí postave. Zapínajú sa na zlatý zips vzadu. Šaty sú ideálne na každodenné nosenie do práce alebo na večer s priateľmi, ale hodia sa aj na formálnejšie príležitosti, ako je rande.</p>
<div class="klb-readmore post-buttons"><a class="button black outline size-sm" href="https://madelinefashion.pl/sk/sukienka-rozkloszowana-z-falbanami-peris-biala/">Čítať ďalej <i class="klbth-icon-right-arrow"></i></a></div>

pracovný list
