{"id":5416,"date":"2021-03-14T20:29:41","date_gmt":"2021-03-14T19:29:41","guid":{"rendered":"https:\/\/madelinefashion.pl\/?post_type=product&#038;p=5416"},"modified":"2026-01-20T10:34:45","modified_gmt":"2026-01-20T09:34:45","slug":"koszula-krata-mini-fuksja","status":"publish","type":"product","link":"https:\/\/madelinefashion.pl\/sk\/koszula-krata-mini-fuksja\/","title":{"rendered":"Skontrolujte mini fuchsiov\u00fa ko\u0161e\u013eu"},"content":{"rendered":"<h2 style=\"text-align: center;\">Skontrolujte mini fuchsiov\u00fa ko\u0161e\u013eu<\/h2>\n<p style=\"text-align: center;\">Strihan\u00e1 ko\u0161e\u013ea<strong> nadrozmern\u00e9<\/strong> je ide\u00e1lnym z\u00e1kladom a z\u00e1kladom pre mnoh\u00e9 \u0161tyliz\u00e1cie. Je tot\u00e1lne <strong>MUSIE\u0164 MA\u0164<\/strong> t\u00fato sez\u00f3nu. Ko\u0161e\u013ea s najm\u00f3dnej\u0161ou k\u00e1rovou potla\u010dou. Vpredu m\u00e1 vrecko a zap\u00edna sa na gomb\u00edky. Chcete sa c\u00edti\u0165 v\u010das? Pam\u00e4tajte na ko\u0161e\u013eu vo va\u0161om \u0161atn\u00edku. Jeho farba a vzor v\u00e1s urobia <strong>budete vy\u010dnieva\u0165 z davu<\/strong>. Ko\u0161e\u013ea m\u00e1 3\/4 ruk\u00e1vy - zla\u010fte ju s va\u0161imi jedine\u010dn\u00fdmi n\u00e1ramkami. Bude to sedie\u0165 najlep\u0161ie <strong>ka\u017edodenn\u00fd vzh\u013ead<\/strong>. Model vybran\u00fd pre mnoho \u0161t\u00fdlov. M\u00f4\u017eete ich nosi\u0165 k \u0161ortk\u00e1m, d\u017e\u00ednsom, sukni a dokonca aj ko\u017een\u00fdm nohaviciam. Dokonale sa prisp\u00f4sob\u00ed postave. Ide\u00e1lne do \u0161koly, pr\u00e1ce, na rande alebo na stretnutie s priate\u013emi! <strong>Ide\u00e1lne pre ka\u017ed\u00fa pr\u00edle\u017eitos\u0165 a \u010das!\u00a0<\/strong>Ve\u013ekos\u0165\u00a0<strong>odpor\u00fa\u010dan\u00e9 univerz\u00e1lne<\/strong>\u00a0pre d\u00e1my vo ve\u013ekosti od<strong> S a\u017e XL.<\/strong> Dostupn\u00e9 vo viacer\u00fdch farb\u00e1ch.<\/p>\n<h3 style=\"text-align: center;\">Rozmery tri\u010dka:<\/h3>\n<ul style=\"text-align: center;\">\n<li>Celkov\u00e1 predn\u00e1 d\u013a\u017eka: 60 cm<\/li>\n<li>Celkov\u00e1 d\u013a\u017eka chrbta: 70 cm<\/li>\n<li>\u0160\u00edrka od podpazu\u0161ia po: 54 cm<\/li>\n<li>\u0160\u00edrka v p\u00e1se: 55 cm<\/li>\n<li>D\u013a\u017eka ruk\u00e1va od podpazu\u0161ia: 23 cm<\/li>\n<li>D\u013a\u017eka ruk\u00e1va od ramena: 33 cm<\/li>\n<\/ul>\n<p>&nbsp;<\/p>\n<p style=\"text-align: center;\">Rozmery sa m\u00f4\u017eu mierne l\u00ed\u0161i\u0165 od uveden\u00fdch +\/- 2cm. V\u0161etky uveden\u00e9 rozmery s\u00fa meran\u00e9 plo\u0161ne.<\/p>\n<p style=\"text-align: center;\"><span style=\"font-size: 10pt;\">\u00a0<\/span><\/p>\n<p style=\"text-align: center;\"><span style=\"font-size: 10pt;\">\u00a0<\/span><\/p>\n<table width=\"608\">\n<tbody>\n<tr>\n<td width=\"302\">Meno modela<\/td>\n<td width=\"302\">Mini kockovan\u00e1 ko\u0161e\u013ea<\/td>\n<\/tr>\n<tr>\n<td width=\"302\">Farba<\/td>\n<td width=\"302\">Tmavo ru\u017eov\u00e1\/fuchsiov\u00e1<\/td>\n<\/tr>\n<tr>\n<td width=\"302\">ve\u013ekosti<\/td>\n<td width=\"302\">Univerz\u00e1lny<\/td>\n<\/tr>\n<tr>\n<td width=\"302\">M\u00f3da<\/td>\n<td width=\"302\">nadrozmern\u00e9<\/td>\n<\/tr>\n<tr>\n<td width=\"302\">Materi\u00e1l<\/td>\n<td width=\"302\">Zlo\u017eenie: 95 % bavlna 5%elasti\u00e1n<\/td>\n<\/tr>\n<\/tbody>\n<\/table>\n<p style=\"text-align: center;\"><span style=\"font-size: 10pt;\"><br \/>\n<strong>odpor\u00fa\u010dan\u00e9<\/strong> pre \u013eud\u00ed, ktor\u00ed nosia ve\u013ekos\u0165 od\u00a0<strong>S\u00a0<\/strong>dole <strong>X<\/strong><strong>L<\/strong><\/span><\/p>\n<p style=\"text-align: center;\"><span style=\"font-size: 10pt;\">\u00a0<\/span><\/p>\n<p style=\"text-align: center;\"><span style=\"font-size: 10pt;\">\u00a0<\/span><\/p>\n<p style=\"text-align: center;\"><span style=\"font-size: 10pt;\">\u00a0<\/span><\/p>","protected":false},"excerpt":{"rendered":"<p>Koszula Krata Mini Fuksja Koszula o kroju oversizowym to idealna baza i podstawa do wielu stylizacji. Jest to totalny MUST HAVE tego sezonu. Koszula z najmodniejszym Printem w krate. Posiada kieszonk\u0119 z przodu i zapinana jest na\u00a0 guziki. Chcesz si\u0119 poczu\u0107 na czasie? Pami\u0119taj o koszuli w swojej garderobie.\u00a0 Jej kolor i wz\u00f3r sprawi\u0105, \u017ce<\/p>\n<div class=\"klb-readmore post-buttons\"><a class=\"button black outline size-sm\" href=\"https:\/\/madelinefashion.pl\/sk\/koszula-krata-mini-fuksja\/\">\u010c\u00edta\u0165 \u010falej <i class=\"klbth-icon-right-arrow\"><\/i><\/a><\/div>","protected":false},"featured_media":5412,"template":"","meta":[],"product_brand":[],"product_cat":[92],"product_tag":[],"class_list":{"0":"post-5416","1":"product","2":"type-product","3":"status-publish","4":"has-post-thumbnail","6":"product_cat-koszule","8":"first","9":"instock","10":"sale","11":"purchasable","12":"product-type-simple"},"_links":{"self":[{"href":"https:\/\/madelinefashion.pl\/sk\/wp-json\/wp\/v2\/product\/5416","targetHints":{"allow":["GET"]}}],"collection":[{"href":"https:\/\/madelinefashion.pl\/sk\/wp-json\/wp\/v2\/product"}],"about":[{"href":"https:\/\/madelinefashion.pl\/sk\/wp-json\/wp\/v2\/types\/product"}],"wp:featuredmedia":[{"embeddable":true,"href":"https:\/\/madelinefashion.pl\/sk\/wp-json\/wp\/v2\/media\/5412"}],"wp:attachment":[{"href":"https:\/\/madelinefashion.pl\/sk\/wp-json\/wp\/v2\/media?parent=5416"}],"wp:term":[{"taxonomy":"product_brand","embeddable":true,"href":"https:\/\/madelinefashion.pl\/sk\/wp-json\/wp\/v2\/product_brand?post=5416"},{"taxonomy":"product_cat","embeddable":true,"href":"https:\/\/madelinefashion.pl\/sk\/wp-json\/wp\/v2\/product_cat?post=5416"},{"taxonomy":"product_tag","embeddable":true,"href":"https:\/\/madelinefashion.pl\/sk\/wp-json\/wp\/v2\/product_tag?post=5416"}],"curies":[{"name":"pracovn\u00fd list","href":"https:\/\/api.w.org\/{rel}","templated":true}]}}

Skontrolujte mini fuchsiovú košeľu

<h2 style="text-align: center;">Skontrolujte mini fuchsiovú košeľu</h2>
<p style="text-align: center;">Strihaná košeľa<strong> nadrozmerné</strong> je ideálnym základom a základom pre mnohé štylizácie. Je totálne <strong>MUSIEŤ MAŤ</strong> túto sezónu. Košeľa s najmódnejšou károvou potlačou. Vpredu má vrecko a zapína sa na gombíky. Chcete sa cítiť včas? Pamätajte na košeľu vo vašom šatníku. Jeho farba a vzor vás urobia <strong>budete vyčnievať z davu</strong>. Košeľa má 3/4 rukávy - zlaďte ju s vašimi jedinečnými náramkami. Bude to sedieť najlepšie <strong>každodenný vzhľad</strong>. Model vybraný pre mnoho štýlov. Môžete ich nosiť k šortkám, džínsom, sukni a dokonca aj koženým nohaviciam. Dokonale sa prispôsobí postave. Ideálne do školy, práce, na rande alebo na stretnutie s priateľmi! <strong>Ideálne pre každú príležitosť a čas! </strong>Veľkosť <strong>odporúčané univerzálne</strong> pre dámy vo veľkosti od<strong> S až XL.</strong> Dostupné vo viacerých farbách.</p>
<h3 style="text-align: center;">Rozmery trička:</h3>
<ul style="text-align: center;">
<li>Celková predná dĺžka: 60 cm</li>
<li>Celková dĺžka chrbta: 70 cm</li>
<li>Šírka od podpazušia po: 54 cm</li>
<li>Šírka v páse: 55 cm</li>
<li>Dĺžka rukáva od podpazušia: 23 cm</li>
<li>Dĺžka rukáva od ramena: 33 cm</li>
</ul>
<p>&nbsp;</p>
<p style="text-align: center;">Rozmery sa môžu mierne líšiť od uvedených +/- 2cm. Všetky uvedené rozmery sú merané plošne.</p>
<p style="text-align: center;"><span style="font-size: 10pt;"> </span></p>
<p style="text-align: center;"><span style="font-size: 10pt;"> </span></p>
<table width="608">
<tbody>
<tr>
<td width="302">Meno modela</td>
<td width="302">Mini kockovaná košeľa</td>
</tr>
<tr>
<td width="302">Farba</td>
<td width="302">Tmavo ružová/fuchsiová</td>
</tr>
<tr>
<td width="302">veľkosti</td>
<td width="302">Univerzálny</td>
</tr>
<tr>
<td width="302">Móda</td>
<td width="302">nadrozmerné</td>
</tr>
<tr>
<td width="302">Materiál</td>
<td width="302">Zloženie: 95 % bavlna 5%elastián</td>
</tr>
</tbody>
</table>
<p style="text-align: center;"><span style="font-size: 10pt;"><br />
<strong>odporúčané</strong> pre ľudí, ktorí nosia veľkosť od <strong>S </strong>dole <strong>X</strong><strong>L</strong></span></p>
<p style="text-align: center;"><span style="font-size: 10pt;"> </span></p>
<p style="text-align: center;"><span style="font-size: 10pt;"> </span></p>
<p style="text-align: center;"><span style="font-size: 10pt;"> </span></p>

<p>Koszula Krata Mini Fuksja Koszula o kroju oversizowym to idealna baza i podstawa do wielu stylizacji. Jest to totalny MUST HAVE tego sezonu. Koszula z najmodniejszym Printem w krate. Posiada kieszonkę z przodu i zapinana jest na  guziki. Chcesz się poczuć na czasie? Pamiętaj o koszuli w swojej garderobie.  Jej kolor i wzór sprawią, że</p>
<div class="klb-readmore post-buttons"><a class="button black outline size-sm" href="https://madelinefashion.pl/sk/koszula-krata-mini-fuksja/">Čítať ďalej <i class="klbth-icon-right-arrow"></i></a></div>

pracovný list
