{"id":542644,"date":"2024-08-22T12:27:58","date_gmt":"2024-08-22T10:27:58","guid":{"rendered":"https:\/\/madelinefashion.pl\/?post_type=product&#038;p=542644"},"modified":"2026-04-10T14:43:17","modified_gmt":"2026-04-10T12:43:17","slug":"suknia-z-piorkami-dopasowana-krotka-sequin-czarna","status":"publish","type":"product","link":"https:\/\/madelinefashion.pl\/sk\/suknia-z-piorkami-dopasowana-krotka-sequin-czarna\/","title":{"rendered":"\u010cierne kr\u00e1tke flitrovan\u00e9 priliehav\u00e9 \u0161aty s pierkami"},"content":{"rendered":"<h3 style=\"text-align: center;\">\u010cierne kr\u00e1tke flitrovan\u00e9 priliehav\u00e9 \u0161aty s pierkami<\/h3>\n<p style=\"text-align: center;\">Objavte eleganciu a vyberte si jedine\u010dn\u00fd \u0161t\u00fdl s na\u0161imi \u010diernymi ve\u010dern\u00fdmi \u0161atami. <strong>Flitrovan\u00fd model<\/strong> je perfektnou vo\u013ebou pre \u017eenu, ktor\u00e1 chce vyjadri\u0165 svoju vn\u00fatorn\u00fa \u017eiaru a u\u017ei\u0165 si z\u00e1bavu na tane\u010dnom parkete, pri\u010dom chce vyzera\u0165 \u0161t\u00fdlovo. <strong>trieda a sofistikovanos\u0165.<\/strong> Priliehav\u00fd p\u00e1s jemne zv\u00fdraz\u0148uje va\u0161e krivky a dod\u00e1va va\u0161ej postave ladn\u00fa siluetu. V\u00fdstrih do V zdoben\u00fd kry\u0161t\u00e1lmi kr\u00e1sne zv\u00fdraz\u0148uje poprsie a dod\u00e1va outfitu eleganciu a sofistikovanos\u0165. \u0160aty s vysok\u00fdm v\u00fdstrihom, bohato zdoben\u00fd \u017eiv\u00f4tik a perie zais\u0165uj\u00fa slobodu pohybu pri tanci. Bohat\u00e9 zdobenie. <strong>kamene a perie<\/strong> Pridajte k tomu Vyroben\u00e9 z vysoko kvalitn\u00fdch l\u00e1tok a materi\u00e1lov, na ka\u017edom plese sa ur\u010dite budete c\u00edti\u0165 ako kr\u00e1\u013eovn\u00e1.\u00a0 <strong>V obchode <a href=\"https:\/\/madelinefashion.pl\/sk\/sukienki-i-kombinezony\/sukienki-okolicznosciowe\/\">madelinefashion<\/a> n\u00e1jdete \u0161aty na svadby, krsty, ,<\/strong>\u00a0ples, Silvester a in\u00e9 elegantn\u00e9 \u0161peci\u00e1lne udalosti. Na\u0161a ponuka zah\u0155\u0148a<strong> n\u00e1jdete ako klasick\u00e9, jednoduch\u00e9 modely, tak aj zdoben\u00e9 kry\u0161t\u00e1lmi, flitrami, \u010dipkou \u010di tylom.\u00a0<\/strong>V na\u0161om e-shope n\u00e1jdete jedine\u010dn\u00e9 \u0161aty za mimoriadne v\u00fdhodn\u00e9 ceny \u2013\u00a0 <strong>nev\u00e1hajte a vyberte si ten, ktor\u00fd je pre v\u00e1s ide\u00e1lny<\/strong>. Ak sa neviete rozhodn\u00fa\u0165 ak\u00fa farbu, <strong>ve\u013ekos\u0165<\/strong> je pre v\u00e1s to najlep\u0161ie <strong>kontaktuj n\u00e1s<\/strong> cez <a href=\"https:\/\/www.facebook.com\/madelinefashionbutik\" target=\"_blank\" rel=\"noopener\">Facebook<\/a> alebo <a href=\"https:\/\/madelinefashion.pl\/sk\/kontakt\/\">telef\u00f3n<\/a>. Ak na str\u00e1nke nie je uveden\u00e1 ve\u013ekos\u0165, op\u00fdtajte sa<strong> kontakt<\/strong>.\u00a0<strong> Neviete ak\u00e9 svadobn\u00e9 \u0161aty si vybra\u0165?<\/strong>\u00a0<a href=\"https:\/\/madelinefashion.pl\/sk\/product-tag\/sukienka-biala\/?orderby=price-desc\"><strong>Skontrolujte<\/strong><\/a>to bude pre teba ide\u00e1lne!<\/p>\n<p>&nbsp;<\/p>\n<p style=\"text-align: center;\"><span style=\"font-size: 10pt;\"><b style=\"font-size: 10pt;\"> V objedn\u00e1vke m\u00f4\u017eete uvies\u0165 svoje miery: p\u00e1s a poprsie, vyberieme pre v\u00e1s ide\u00e1lne \u0161aty\u00a0<\/b><\/span><\/p>\n<p>&nbsp;<\/p>\n<p style=\"text-align: center;\"><span style=\"font-size: 10pt;\"><strong>\u00a0<\/strong><\/span><\/p>\n<h3 style=\"text-align: center;\">ROZMERY \u0161iat:<\/h3>\n<p>&nbsp;<\/p>\n<table width=\"556\">\n<tbody>\n<tr>\n<td><strong>VE\u013dKOS\u0164<\/strong><\/td>\n<td><strong>poprsia<\/strong><\/td>\n<td><strong>P\u00e1s<\/strong><\/td>\n<td><strong>Boky<\/strong><\/td>\n<\/tr>\n<tr>\n<td><strong>34<\/strong><\/td>\n<td>84-86<\/td>\n<td>64<\/td>\n<td>\u00a0ak\u00fdko\u013evek<\/td>\n<\/tr>\n<tr>\n<td><strong>36<\/strong><\/td>\n<td>88-90<\/td>\n<td>68<\/td>\n<td>\u00a0ak\u00fdko\u013evek<\/td>\n<\/tr>\n<tr>\n<td><strong>38<\/strong><\/td>\n<td>\u00a092-94<\/td>\n<td>72<\/td>\n<td>\u00a0ak\u00fdko\u013evek<\/td>\n<\/tr>\n<tr>\n<td><strong>40<\/strong><\/td>\n<td>96-98<\/td>\n<td>76<\/td>\n<td>\u00a0ak\u00fdko\u013evek<\/td>\n<\/tr>\n<\/tbody>\n<\/table>\n<div class=\"additional-details\" style=\"text-align: center;\">\n<p style=\"text-align: center;\"><span style=\"font-size: 10pt;\">\u00a0<\/span><\/p>\n<\/div>\n<p>&nbsp;<\/p>\n<p>&nbsp;<\/p>\n<p style=\"text-align: center;\"><span style=\"font-size: 10pt;\"><span style=\"font-size: 10pt;\">celkov\u00e1 d\u013a\u017eka cca 87 cm <\/span>\u00a0 <\/span><\/p>\n<p style=\"text-align: center;\"><span style=\"font-size: 10pt;\">\u0160aty s\u00fa dostupn\u00e9 aj v in\u00fdch farb\u00e1ch - odpor\u00fa\u010dame v\u00e1m zozn\u00e1mi\u0165 sa s na\u0161imi \u010fal\u0161\u00edmi produktmi.<\/span><\/p>\n<p style=\"text-align: center;\"><span style=\"font-size: 10pt;\">Rozmery sa m\u00f4\u017eu mierne l\u00ed\u0161i\u0165 od uveden\u00fdch +\/- 2cm.\u00a0<\/span><\/p>\n<p style=\"text-align: center;\"><span style=\"font-size: 10pt;\"><strong>\u00a0<\/strong>\u00a0<\/span><\/p>\n<table width=\"620\">\n<tbody>\n<tr>\n<td width=\"302\">Meno modela<\/td>\n<td width=\"302\">Kr\u00e1tke priliehav\u00e9 flitrovan\u00e9 \u0161aty s pierkami<\/td>\n<\/tr>\n<tr>\n<td width=\"302\">Farba<\/td>\n<td width=\"302\">\u010dierna<\/td>\n<\/tr>\n<tr>\n<td width=\"302\">Marka<\/td>\n<td width=\"302\">MadelineFashion<\/td>\n<\/tr>\n<tr>\n<td width=\"302\">ve\u013ekosti<\/td>\n<td width=\"302\">36 38 40<\/td>\n<\/tr>\n<tr>\n<td width=\"302\">M\u00f3da<\/td>\n<td width=\"302\">Zhoda \/ ryba<\/td>\n<\/tr>\n<tr>\n<td width=\"302\">Materi\u00e1l<\/td>\n<td width=\"302\">Visk\u00f3za, polyester, bavlna<\/td>\n<\/tr>\n<tr>\n<td width=\"302\">D\u013a\u017eka<\/td>\n<td width=\"302\">Pred kolenom<\/td>\n<\/tr>\n<\/tbody>\n<\/table>\n<p style=\"text-align: center;\"><span style=\"font-size: 10pt;\">\u00a0<\/span><\/p>\n<p>&nbsp;<\/p>\n<p style=\"text-align: center;\"><span style=\"font-size: 10pt;\">Aby ste si vybrali <strong>perfektn\u00e9 \u0161aty<\/strong> kontaktujte n\u00e1s telefonicky alebo prostredn\u00edctvom na\u0161ej webovej str\u00e1nky <a href=\"https:\/\/www.facebook.com\/madelinefashionbutik\" target=\"_blank\" rel=\"noopener\">Facebook<\/a> .<\/span><br \/>\n<span style=\"font-size: 10pt;\">N\u00e1\u0161 t\u00edm v\u00e1m pom\u00f4\u017ee <strong>Vyberte si ten spr\u00e1vny<\/strong> . <strong>Na \u017eelanie kupuj\u00faceho vyrob\u00edme ak\u00e9ko\u013evek \u0161aty\u00a0<\/strong><strong>opatrne mera\u0165.\u00a0<\/strong><\/span><\/p>\n<div class=\"additional-details\" style=\"text-align: center;\">\n<p style=\"text-align: center;\"><span style=\"font-size: 10pt;\">\u00a0<\/span><\/p>\n<\/div>","protected":false},"excerpt":{"rendered":"<p>Suknia z Pi\u00f3rkami Dopasowana Kr\u00f3tka Sequin Czarna Odkryj elegancj\u0119 i wybierz wyj\u0105tkowy styl z Nasz\u0105 sukni\u0105 wieczorow\u0105 w kolorze czarnym. Model Sequin to idealny wyb\u00f3r dla kobiety, kt\u00f3ra pragnie wyrazi\u0107 sw\u00f3j wewn\u0119trzny blask i zaszale\u0107 na parkiecie, jednocze\u015bnie prezentuj\u0105c si\u0119 z klas\u0105 i wyrafinowaniem. Dopasowany w talii fason sukni subtelnie podkre\u015bla Twoje kszta\u0142ty, nadaj\u0105c sylwetce<\/p>\n<div class=\"klb-readmore post-buttons\"><a class=\"button black outline size-sm\" href=\"https:\/\/madelinefashion.pl\/sk\/suknia-z-piorkami-dopasowana-krotka-sequin-czarna\/\">\u010c\u00edta\u0165 \u010falej <i class=\"klbth-icon-right-arrow\"><\/i><\/a><\/div>","protected":false},"featured_media":575673,"template":"","meta":[],"product_brand":[],"product_cat":[124,562],"product_tag":[213,262],"class_list":{"0":"post-542644","1":"product","2":"type-product","3":"status-publish","4":"has-post-thumbnail","6":"product_cat-sukienki-okolicznosciowe","7":"product_cat-sukienki-z-piorkami","8":"product_tag-sukienka-czarna","9":"product_tag-sukienki-krotkie","11":"first","12":"instock","13":"purchasable","14":"product-type-variable"},"_links":{"self":[{"href":"https:\/\/madelinefashion.pl\/sk\/wp-json\/wp\/v2\/product\/542644","targetHints":{"allow":["GET"]}}],"collection":[{"href":"https:\/\/madelinefashion.pl\/sk\/wp-json\/wp\/v2\/product"}],"about":[{"href":"https:\/\/madelinefashion.pl\/sk\/wp-json\/wp\/v2\/types\/product"}],"wp:featuredmedia":[{"embeddable":true,"href":"https:\/\/madelinefashion.pl\/sk\/wp-json\/wp\/v2\/media\/575673"}],"wp:attachment":[{"href":"https:\/\/madelinefashion.pl\/sk\/wp-json\/wp\/v2\/media?parent=542644"}],"wp:term":[{"taxonomy":"product_brand","embeddable":true,"href":"https:\/\/madelinefashion.pl\/sk\/wp-json\/wp\/v2\/product_brand?post=542644"},{"taxonomy":"product_cat","embeddable":true,"href":"https:\/\/madelinefashion.pl\/sk\/wp-json\/wp\/v2\/product_cat?post=542644"},{"taxonomy":"product_tag","embeddable":true,"href":"https:\/\/madelinefashion.pl\/sk\/wp-json\/wp\/v2\/product_tag?post=542644"}],"curies":[{"name":"pracovn\u00fd list","href":"https:\/\/api.w.org\/{rel}","templated":true}]}}

Čierne krátke flitrované priliehavé šaty s pierkami

<h3 style="text-align: center;">Čierne krátke flitrované priliehavé šaty s pierkami</h3>
<p style="text-align: center;">Objavte eleganciu a vyberte si jedinečný štýl s našimi čiernymi večernými šatami. <strong>Flitrovaný model</strong> je perfektnou voľbou pre ženu, ktorá chce vyjadriť svoju vnútornú žiaru a užiť si zábavu na tanečnom parkete, pričom chce vyzerať štýlovo. <strong>trieda a sofistikovanosť.</strong> Priliehavý pás jemne zvýrazňuje vaše krivky a dodáva vašej postave ladnú siluetu. Výstrih do V zdobený kryštálmi krásne zvýrazňuje poprsie a dodáva outfitu eleganciu a sofistikovanosť. Šaty s vysokým výstrihom, bohato zdobený živôtik a perie zaisťujú slobodu pohybu pri tanci. Bohaté zdobenie. <strong>kamene a perie</strong> Pridajte k tomu Vyrobené z vysoko kvalitných látok a materiálov, na každom plese sa určite budete cítiť ako kráľovná.  <strong>V obchode <a href="https://madelinefashion.pl/sk/sukienki-i-kombinezony/sukienki-okolicznosciowe/">madelinefashion</a> nájdete šaty na svadby, krsty, ,</strong> ples, Silvester a iné elegantné špeciálne udalosti. Naša ponuka zahŕňa<strong> nájdete ako klasické, jednoduché modely, tak aj zdobené kryštálmi, flitrami, čipkou či tylom. </strong>V našom e-shope nájdete jedinečné šaty za mimoriadne výhodné ceny –  <strong>neváhajte a vyberte si ten, ktorý je pre vás ideálny</strong>. Ak sa neviete rozhodnúť akú farbu, <strong>veľkosť</strong> je pre vás to najlepšie <strong>kontaktuj nás</strong> cez <a href="https://www.facebook.com/madelinefashionbutik" target="_blank" rel="noopener">Facebook</a> alebo <a href="https://madelinefashion.pl/sk/kontakt/">telefón</a>. Ak na stránke nie je uvedená veľkosť, opýtajte sa<strong> kontakt</strong>. <strong> Neviete aké svadobné šaty si vybrať?</strong> <a href="https://madelinefashion.pl/sk/product-tag/sukienka-biala/?orderby=price-desc"><strong>Skontrolujte</strong></a>to bude pre teba ideálne!</p>
<p>&nbsp;</p>
<p style="text-align: center;"><span style="font-size: 10pt;"><b style="font-size: 10pt;"> V objednávke môžete uviesť svoje miery: pás a poprsie, vyberieme pre vás ideálne šaty </b></span></p>
<p>&nbsp;</p>
<p style="text-align: center;"><span style="font-size: 10pt;"><strong> </strong></span></p>
<h3 style="text-align: center;">ROZMERY šiat:</h3>
<p>&nbsp;</p>
<table width="556">
<tbody>
<tr>
<td><strong>VEĽKOSŤ</strong></td>
<td><strong>poprsia</strong></td>
<td><strong>Pás</strong></td>
<td><strong>Boky</strong></td>
</tr>
<tr>
<td><strong>34</strong></td>
<td>84-86</td>
<td>64</td>
<td> akýkoľvek</td>
</tr>
<tr>
<td><strong>36</strong></td>
<td>88-90</td>
<td>68</td>
<td> akýkoľvek</td>
</tr>
<tr>
<td><strong>38</strong></td>
<td> 92-94</td>
<td>72</td>
<td> akýkoľvek</td>
</tr>
<tr>
<td><strong>40</strong></td>
<td>96-98</td>
<td>76</td>
<td> akýkoľvek</td>
</tr>
</tbody>
</table>
<div class="additional-details" style="text-align: center;">
<p style="text-align: center;"><span style="font-size: 10pt;"> </span></p>
</div>
<p>&nbsp;</p>
<p>&nbsp;</p>
<p style="text-align: center;"><span style="font-size: 10pt;"><span style="font-size: 10pt;">celková dĺžka cca 87 cm </span>  </span></p>
<p style="text-align: center;"><span style="font-size: 10pt;">Šaty sú dostupné aj v iných farbách - odporúčame vám zoznámiť sa s našimi ďalšími produktmi.</span></p>
<p style="text-align: center;"><span style="font-size: 10pt;">Rozmery sa môžu mierne líšiť od uvedených +/- 2cm. </span></p>
<p style="text-align: center;"><span style="font-size: 10pt;"><strong> </strong> </span></p>
<table width="620">
<tbody>
<tr>
<td width="302">Meno modela</td>
<td width="302">Krátke priliehavé flitrované šaty s pierkami</td>
</tr>
<tr>
<td width="302">Farba</td>
<td width="302">čierna</td>
</tr>
<tr>
<td width="302">Marka</td>
<td width="302">MadelineFashion</td>
</tr>
<tr>
<td width="302">veľkosti</td>
<td width="302">36 38 40</td>
</tr>
<tr>
<td width="302">Móda</td>
<td width="302">Zhoda / ryba</td>
</tr>
<tr>
<td width="302">Materiál</td>
<td width="302">Viskóza, polyester, bavlna</td>
</tr>
<tr>
<td width="302">Dĺžka</td>
<td width="302">Pred kolenom</td>
</tr>
</tbody>
</table>
<p style="text-align: center;"><span style="font-size: 10pt;"> </span></p>
<p>&nbsp;</p>
<p style="text-align: center;"><span style="font-size: 10pt;">Aby ste si vybrali <strong>perfektné šaty</strong> kontaktujte nás telefonicky alebo prostredníctvom našej webovej stránky <a href="https://www.facebook.com/madelinefashionbutik" target="_blank" rel="noopener">Facebook</a> .</span><br />
<span style="font-size: 10pt;">Náš tím vám pomôže <strong>Vyberte si ten správny</strong> . <strong>Na želanie kupujúceho vyrobíme akékoľvek šaty </strong><strong>opatrne merať. </strong></span></p>
<div class="additional-details" style="text-align: center;">
<p style="text-align: center;"><span style="font-size: 10pt;"> </span></p>
</div>

<p>Suknia z Piórkami Dopasowana Krótka Sequin Czarna Odkryj elegancję i wybierz wyjątkowy styl z Naszą suknią wieczorową w kolorze czarnym. Model Sequin to idealny wybór dla kobiety, która pragnie wyrazić swój wewnętrzny blask i zaszaleć na parkiecie, jednocześnie prezentując się z klasą i wyrafinowaniem. Dopasowany w talii fason sukni subtelnie podkreśla Twoje kształty, nadając sylwetce</p>
<div class="klb-readmore post-buttons"><a class="button black outline size-sm" href="https://madelinefashion.pl/sk/suknia-z-piorkami-dopasowana-krotka-sequin-czarna/">Čítať ďalej <i class="klbth-icon-right-arrow"></i></a></div>

pracovný list
