{"id":546100,"date":"2024-10-01T14:11:52","date_gmt":"2024-10-01T12:11:52","guid":{"rendered":"https:\/\/madelinefashion.pl\/?post_type=product&#038;p=546100"},"modified":"2026-03-26T12:38:55","modified_gmt":"2026-03-26T11:38:55","slug":"sukienka-boho-z-rekawkiem-melinda-granatowa","status":"publish","type":"product","link":"https:\/\/madelinefashion.pl\/sk\/sukienka-boho-z-rekawkiem-melinda-granatowa\/","title":{"rendered":"Tmavomodr\u00e9 boho \u0161aty Melinda s ruk\u00e1vmi"},"content":{"rendered":"<h3 style=\"text-align: center;\">Tmavomodr\u00e9 boho \u0161aty Melinda s ruk\u00e1vmi<\/h3>\n<p style=\"text-align: center;\"><span style=\"font-size: 10pt;\">\u00a0Kr\u00e1sne dlh\u00e9 spolo\u010densk\u00e9 \u0161aty zo vzdu\u0161n\u00e9ho materi\u00e1lu. <\/span>Maxi \u0161aty s dlh\u00fdmi \u010dipkovan\u00fdmi ruk\u00e1vmi. Zap\u00ednanie na gomb\u00edk a skryt\u00fd zips. \u0160aty s\u00fa vyroben\u00e9 z jemnej, spl\u00fdvavej l\u00e1tky. Lem je pod\u0161it\u00fd prieh\u013eadnou pod\u0161\u00edvkou. <span style=\"font-size: 10pt;\">\u00a0<strong>Madelinem\u00f3dne \u0161aty<\/strong><\/span><span style=\"font-size: 10pt;\"> je vynikaj\u00facou vo\u013ebou na svadbu, ples, Silvestra a in\u00e9 elegantn\u00e9 \u0161peci\u00e1lne udalosti. \u0160aty Gloria s v\u00fdstrihom do V kr\u00e1sne zv\u00fdraznia va\u0161e poprsie, ak sa neviete rozhodn\u00fa\u0165, ktor\u00e9 <strong>ve\u013ekos\u0165<\/strong> je pre v\u00e1s to najlep\u0161ie <strong>kontaktuj n\u00e1s<\/strong> cez <a href=\"https:\/\/www.facebook.com\/madelinefashionbutik\" target=\"_blank\" rel=\"noopener\">Facebook<\/a> alebo <a href=\"https:\/\/madelinefashion.pl\/sk\/kontakt\/\">telef\u00f3n<\/a>. Ak ve\u013ekos\u0165 nie je na str\u00e1nke, kontaktujte n\u00e1s.\u00a0<\/span><\/p>\n<h3 style=\"text-align: center;\">ROZMERY \u0161iat:<\/h3>\n<div class=\"additional-details\" style=\"text-align: center;\">\n<table width=\"556\">\n<tbody>\n<tr>\n<td><strong>VE\u013dKOS\u0164<\/strong><\/td>\n<td><strong>poprsia<\/strong><\/td>\n<td><strong>P\u00e1s<\/strong><\/td>\n<td><strong>Boky<\/strong><\/td>\n<\/tr>\n<tr>\n<td><strong>36<\/strong><\/td>\n<td>88-94<\/td>\n<td>68<\/td>\n<td>\u00a0ak\u00fdko\u013evek<\/td>\n<\/tr>\n<tr>\n<td><strong>38<\/strong><\/td>\n<td>92-96<\/td>\n<td>72<\/td>\n<td>\u00a0ak\u00fdko\u013evek<\/td>\n<\/tr>\n<tr>\n<td><strong>40<\/strong><\/td>\n<td>\u00a096-102<\/td>\n<td>76<\/td>\n<td>\u00a0ak\u00fdko\u013evek<\/td>\n<\/tr>\n<\/tbody>\n<\/table>\n<p>&nbsp;<\/p>\n<\/div>\n<p style=\"text-align: center;\"><span style=\"font-size: 10pt;\">celkov\u00e1 d\u013a\u017eka cca 160 cm (\u0161aty sa daj\u00fa skr\u00e1ti\u0165 pod\u013ea vlastn\u00e9ho uv\u00e1\u017eenia)\u00a0<\/span><\/p>\n<p style=\"text-align: center;\"><span style=\"font-size: 10pt;\">\u0160aty s\u00fa dostupn\u00e9 aj v in\u00fdch farb\u00e1ch - odpor\u00fa\u010dame v\u00e1m zozn\u00e1mi\u0165 sa s na\u0161imi \u010fal\u0161\u00edmi produktmi.<\/span><\/p>\n<p style=\"text-align: center;\"><span style=\"font-size: 10pt;\">Rozmery sa m\u00f4\u017eu mierne l\u00ed\u0161i\u0165 od uveden\u00fdch +\/- 2cm.\u00a0<\/span><\/p>\n<p style=\"text-align: center;\"><span style=\"font-size: 10pt;\"><strong>\u00a0<\/strong>\u00a0<\/span><\/p>\n<table width=\"620\">\n<tbody>\n<tr>\n<td width=\"302\">Meno modela<\/td>\n<td width=\"302\">Boho \u0161aty Melinda s ruk\u00e1vmi<\/td>\n<\/tr>\n<tr>\n<td width=\"302\">Farba<\/td>\n<td width=\"302\">n\u00e1morn\u00edctvo<\/td>\n<\/tr>\n<tr>\n<td width=\"302\">\u0160tiepenie<\/td>\n<td width=\"302\">V \u0161t\u00fdle<\/td>\n<\/tr>\n<tr>\n<td width=\"302\">ve\u013ekosti<\/td>\n<td width=\"302\">36 38 40<\/td>\n<\/tr>\n<tr>\n<td width=\"302\">Ruk\u00e1v<\/td>\n<td width=\"302\">Dlh\u00e9<\/td>\n<\/tr>\n<tr>\n<td width=\"302\">Materi\u00e1l<\/td>\n<td width=\"302\">Visk\u00f3za, polyester, bavlna<\/td>\n<\/tr>\n<tr>\n<td width=\"302\">D\u013a\u017eka<\/td>\n<td width=\"302\">Na zem<\/td>\n<\/tr>\n<\/tbody>\n<\/table>\n<p style=\"text-align: center;\"><span style=\"font-size: 10pt;\">\u00a0<\/span><\/p>\n<p style=\"text-align: center;\"><span style=\"font-size: 10pt;\">Aby ste si vybrali <strong>perfektn\u00e9 \u0161aty<\/strong> kontaktujte n\u00e1s telefonicky alebo prostredn\u00edctvom na\u0161ej webovej str\u00e1nky <a href=\"https:\/\/www.facebook.com\/madelinefashionbutik\" target=\"_blank\" rel=\"noopener\">Facebook<\/a> .<\/span><br \/>\n<span style=\"font-size: 10pt;\">N\u00e1\u0161 t\u00edm v\u00e1m pom\u00f4\u017ee <strong>Vyberte si ten spr\u00e1vny<\/strong> . <strong>Na \u017eelanie kupuj\u00faceho vyrob\u00edme ak\u00e9ko\u013evek \u0161aty\u00a0<\/strong><strong>opatrne mera\u0165.\u00a0<\/strong><\/span><\/p>\n<div class=\"additional-details\" style=\"text-align: center;\">\n<p style=\"text-align: center;\"><span style=\"font-size: 10pt;\">\u00a0<\/span><\/p>\n<\/div>","protected":false},"excerpt":{"rendered":"<p>Sukienka Boho z R\u0119kawkiem Melinda Granatowa \u00a0Pi\u0119kna d\u0142uga suknia wieczorowa ze zwiewnego materia\u0142u. Sukienka maxi z d\u0142ugim koronkowym r\u0119kawkiem. Ty\u0142 sukienki zapinany na guzik oraz kryty zamek. Sukienka uszyta jest z delikatnej, zwiewnej tkaniny. D\u00f3\u0142 podszyty zwiewn\u0105 podszewk\u0105. \u00a0Sukienki Madelinefashion to doskona\u0142y wyb\u00f3r na wesele, studni\u00f3wk\u0119, sylwestra i inne eleganckie imprezy okoliczno\u015bciowe. Sukienka Gloria z<\/p>\n<div class=\"klb-readmore post-buttons\"><a class=\"button black outline size-sm\" href=\"https:\/\/madelinefashion.pl\/sk\/sukienka-boho-z-rekawkiem-melinda-granatowa\/\">\u010c\u00edta\u0165 \u010falej <i class=\"klbth-icon-right-arrow\"><\/i><\/a><\/div>","protected":false},"featured_media":546097,"template":"","meta":[],"product_brand":[],"product_cat":[124,395,559,568],"product_tag":[725,163],"class_list":{"0":"post-546100","1":"product","2":"type-product","3":"status-publish","4":"has-post-thumbnail","6":"product_cat-sukienki-okolicznosciowe","7":"product_cat-nowosci","8":"product_cat-noworoczna-sekcja-okazji","9":"product_cat-sukienki-rozkloszowane-szyfonowe","10":"product_tag-granatowe-sukienki","11":"product_tag-sukienki-dlugie","13":"first","14":"instock","15":"sale","16":"purchasable","17":"product-type-variable"},"_links":{"self":[{"href":"https:\/\/madelinefashion.pl\/sk\/wp-json\/wp\/v2\/product\/546100","targetHints":{"allow":["GET"]}}],"collection":[{"href":"https:\/\/madelinefashion.pl\/sk\/wp-json\/wp\/v2\/product"}],"about":[{"href":"https:\/\/madelinefashion.pl\/sk\/wp-json\/wp\/v2\/types\/product"}],"wp:featuredmedia":[{"embeddable":true,"href":"https:\/\/madelinefashion.pl\/sk\/wp-json\/wp\/v2\/media\/546097"}],"wp:attachment":[{"href":"https:\/\/madelinefashion.pl\/sk\/wp-json\/wp\/v2\/media?parent=546100"}],"wp:term":[{"taxonomy":"product_brand","embeddable":true,"href":"https:\/\/madelinefashion.pl\/sk\/wp-json\/wp\/v2\/product_brand?post=546100"},{"taxonomy":"product_cat","embeddable":true,"href":"https:\/\/madelinefashion.pl\/sk\/wp-json\/wp\/v2\/product_cat?post=546100"},{"taxonomy":"product_tag","embeddable":true,"href":"https:\/\/madelinefashion.pl\/sk\/wp-json\/wp\/v2\/product_tag?post=546100"}],"curies":[{"name":"pracovn\u00fd list","href":"https:\/\/api.w.org\/{rel}","templated":true}]}}

Tmavomodré boho šaty Melinda s rukávmi

<h3 style="text-align: center;">Tmavomodré boho šaty Melinda s rukávmi</h3>
<p style="text-align: center;"><span style="font-size: 10pt;"> Krásne dlhé spoločenské šaty zo vzdušného materiálu. </span>Maxi šaty s dlhými čipkovanými rukávmi. Zapínanie na gombík a skrytý zips. Šaty sú vyrobené z jemnej, splývavej látky. Lem je podšitý priehľadnou podšívkou. <span style="font-size: 10pt;"> <strong>Madelinemódne šaty</strong></span><span style="font-size: 10pt;"> je vynikajúcou voľbou na svadbu, ples, Silvestra a iné elegantné špeciálne udalosti. Šaty Gloria s výstrihom do V krásne zvýraznia vaše poprsie, ak sa neviete rozhodnúť, ktoré <strong>veľkosť</strong> je pre vás to najlepšie <strong>kontaktuj nás</strong> cez <a href="https://www.facebook.com/madelinefashionbutik" target="_blank" rel="noopener">Facebook</a> alebo <a href="https://madelinefashion.pl/sk/kontakt/">telefón</a>. Ak veľkosť nie je na stránke, kontaktujte nás. </span></p>
<h3 style="text-align: center;">ROZMERY šiat:</h3>
<div class="additional-details" style="text-align: center;">
<table width="556">
<tbody>
<tr>
<td><strong>VEĽKOSŤ</strong></td>
<td><strong>poprsia</strong></td>
<td><strong>Pás</strong></td>
<td><strong>Boky</strong></td>
</tr>
<tr>
<td><strong>36</strong></td>
<td>88-94</td>
<td>68</td>
<td> akýkoľvek</td>
</tr>
<tr>
<td><strong>38</strong></td>
<td>92-96</td>
<td>72</td>
<td> akýkoľvek</td>
</tr>
<tr>
<td><strong>40</strong></td>
<td> 96-102</td>
<td>76</td>
<td> akýkoľvek</td>
</tr>
</tbody>
</table>
<p>&nbsp;</p>
</div>
<p style="text-align: center;"><span style="font-size: 10pt;">celková dĺžka cca 160 cm (šaty sa dajú skrátiť podľa vlastného uváženia) </span></p>
<p style="text-align: center;"><span style="font-size: 10pt;">Šaty sú dostupné aj v iných farbách - odporúčame vám zoznámiť sa s našimi ďalšími produktmi.</span></p>
<p style="text-align: center;"><span style="font-size: 10pt;">Rozmery sa môžu mierne líšiť od uvedených +/- 2cm. </span></p>
<p style="text-align: center;"><span style="font-size: 10pt;"><strong> </strong> </span></p>
<table width="620">
<tbody>
<tr>
<td width="302">Meno modela</td>
<td width="302">Boho šaty Melinda s rukávmi</td>
</tr>
<tr>
<td width="302">Farba</td>
<td width="302">námorníctvo</td>
</tr>
<tr>
<td width="302">Štiepenie</td>
<td width="302">V štýle</td>
</tr>
<tr>
<td width="302">veľkosti</td>
<td width="302">36 38 40</td>
</tr>
<tr>
<td width="302">Rukáv</td>
<td width="302">Dlhé</td>
</tr>
<tr>
<td width="302">Materiál</td>
<td width="302">Viskóza, polyester, bavlna</td>
</tr>
<tr>
<td width="302">Dĺžka</td>
<td width="302">Na zem</td>
</tr>
</tbody>
</table>
<p style="text-align: center;"><span style="font-size: 10pt;"> </span></p>
<p style="text-align: center;"><span style="font-size: 10pt;">Aby ste si vybrali <strong>perfektné šaty</strong> kontaktujte nás telefonicky alebo prostredníctvom našej webovej stránky <a href="https://www.facebook.com/madelinefashionbutik" target="_blank" rel="noopener">Facebook</a> .</span><br />
<span style="font-size: 10pt;">Náš tím vám pomôže <strong>Vyberte si ten správny</strong> . <strong>Na želanie kupujúceho vyrobíme akékoľvek šaty </strong><strong>opatrne merať. </strong></span></p>
<div class="additional-details" style="text-align: center;">
<p style="text-align: center;"><span style="font-size: 10pt;"> </span></p>
</div>

<p>Sukienka Boho z Rękawkiem Melinda Granatowa  Piękna długa suknia wieczorowa ze zwiewnego materiału. Sukienka maxi z długim koronkowym rękawkiem. Tył sukienki zapinany na guzik oraz kryty zamek. Sukienka uszyta jest z delikatnej, zwiewnej tkaniny. Dół podszyty zwiewną podszewką.  Sukienki Madelinefashion to doskonały wybór na wesele, studniówkę, sylwestra i inne eleganckie imprezy okolicznościowe. Sukienka Gloria z</p>
<div class="klb-readmore post-buttons"><a class="button black outline size-sm" href="https://madelinefashion.pl/sk/sukienka-boho-z-rekawkiem-melinda-granatowa/">Čítať ďalej <i class="klbth-icon-right-arrow"></i></a></div>

pracovný list
