{"id":546184,"date":"2024-10-01T15:07:53","date_gmt":"2024-10-01T13:07:53","guid":{"rendered":"https:\/\/madelinefashion.pl\/?post_type=product&#038;p=546184"},"modified":"2025-09-09T09:58:35","modified_gmt":"2025-09-09T07:58:35","slug":"sukienka-asymetryczna-midi-w-kwiaty-glow-bialo-niebieska-2","status":"publish","type":"product","link":"https:\/\/madelinefashion.pl\/sk\/sukienka-asymetryczna-midi-w-kwiaty-glow-bialo-niebieska-2\/","title":{"rendered":"Asymetrick\u00e9 midi \u0161aty s kvetinov\u00fdm vzorom v bielej a modrej farbe"},"content":{"rendered":"<h3 style=\"text-align: center;\">Asymetrick\u00e9 midi \u0161aty s kvetinov\u00fdm vzorom v bielej a modrej farbe<\/h3>\n<p style=\"text-align: center;\">V\u00fdrazn\u00e9, vzdu\u0161n\u00e9 \u0161aty s v\u00fdstrihom do V a hrub\u00fdmi ramienkami s\u00fa ide\u00e1lne na \u0161peci\u00e1lne pr\u00edle\u017eitosti. N\u00e1dhern\u00e9, vzdu\u0161n\u00e9, roz\u0161\u00edren\u00e9 \u0161aty \u2013 dostupn\u00e9 v na\u0161om obchode vo viacer\u00fdch farb\u00e1ch. <strong>farebn\u00e9 verzie<\/strong>. Jej \u0161t\u00fdl je kr\u00e1sny <strong>odkryje p\u00e1s. \u0160aty <\/strong> m\u00e1 vystu\u017een\u00fd ko\u0161\u00ed\u010dek, je na ramienka. Spodn\u00fa \u010das\u0165 \u0161iat tvor\u00ed vzdu\u0161n\u00e1 l\u00e1tka a pod\u0161\u00edvka, ktor\u00e1 sa efekt\u00edvne prezentuje v pohybe.<strong>\u00a0<\/strong>Je to ide\u00e1lna ponuka pre \u017eeny, ktor\u00e9 si v\u00e1\u017eia samy seba <strong>\u0161ik a elegancia.<\/strong> \u0160aty sa odpor\u00fa\u010daj\u00fa aj na svadbu, 18. a dokonca aj na svadbu. Vyrovnajte sa <a href=\"https:\/\/madelinefashion.pl\/sk\/buty\/\">\u0161tekle<\/a> dostupn\u00e9 aj na na\u0161ej webovej str\u00e1nke a vytv\u00e1raj\u00fa elegantn\u00fd vzh\u013ead. Mus\u00edte ju ma\u0165 vo svojom \u0161atn\u00edku! Univerz\u00e1lna ve\u013ekos\u0165, odpor\u00fa\u010dan\u00e1 pre \u017eeny nosiace XS SML, ak nos\u00edte v\u00e4\u010d\u0161iu ve\u013ekos\u0165, pozrite si rozmery<\/p>\n<h3 style=\"text-align: center;\">Rozmery \u0161iat<\/h3>\n<ul style=\"text-align: center;\">\n<li>celkov\u00e1 d\u013a\u017eka: predn\u00e1 \u010das\u0165 \u0161iat 103 cm, zadn\u00e1 \u010das\u0165 \u0161iat 142 cm<\/li>\n<li>\u0161\u00edrka hrudn\u00edka: 40-46 cm<\/li>\n<li>\u0161\u00edrka p\u00e1su: 34-40 cm (guma)<\/li>\n<li>d\u013a\u017eka pod\u0161\u00edvky od p\u00e1sa: 54 cm<\/li>\n<\/ul>\n<p style=\"text-align: center;\">Rozmery sa m\u00f4\u017eu mierne l\u00ed\u0161i\u0165 od uveden\u00fdch +\/- 2cm. V\u0161etky uveden\u00e9 rozmery s\u00fa meran\u00e9 plo\u0161ne. <strong>rozmer x2<\/strong><\/p>\n<p style=\"text-align: center;\"><strong>\u00a0<\/strong><\/p>\n<table style=\"height: 214px;\" width=\"548\">\n<tbody>\n<tr>\n<td width=\"302\">Meno modela<\/td>\n<td width=\"302\">Asymetrick\u00e9 midi \u0161aty so \u017eiariv\u00fdmi kvetmi<\/td>\n<\/tr>\n<tr>\n<td width=\"302\">Farba<\/td>\n<td width=\"302\">Biela, Modr\u00e1<\/td>\n<\/tr>\n<tr>\n<td width=\"302\">Zbierka<\/td>\n<td width=\"302\">Jar leto<\/td>\n<\/tr>\n<tr>\n<td width=\"302\">ve\u013ekosti<\/td>\n<td width=\"302\">Univerz\u00e1lny<\/td>\n<\/tr>\n<tr>\n<td width=\"302\">M\u00f3da<\/td>\n<td width=\"302\">Vzplanul<\/td>\n<\/tr>\n<tr>\n<td width=\"302\">Dekor\u00e1cia<\/td>\n<td width=\"302\">In Kvety<\/td>\n<\/tr>\n<tr>\n<td width=\"302\">Materi\u00e1l<\/td>\n<td width=\"302\">95 % Polyester 5% Elastan<\/td>\n<\/tr>\n<\/tbody>\n<\/table>\n<section class=\"page-product-box\">\n<div class=\"rte\">\n<p style=\"text-align: center;\">Model m\u00e1\u00a0<strong>169<\/strong>\u00a0cm vysok\u00fd, nos\u00ed ve\u013ekos\u0165 ka\u017ed\u00fd de\u0148\u00a0<strong>S<\/strong><\/p>\n<p style=\"text-align: center;\">\u0160\u00edrka cez prsia 92 cm<\/p>\n<p style=\"text-align: center;\">\u0160\u00edrka v p\u00e1se 62 cm<\/p>\n<p style=\"text-align: center;\">\u0160\u00edrka v bokoch 94 cm<\/p>\n<\/div>\n<\/section>","protected":false},"excerpt":{"rendered":"<p>Asymetrick\u00e9 kvetinov\u00e9 midi \u0161aty v \u017eiarivo bielej a modrej farbe. Tieto v\u00fdrazn\u00e9, spl\u00fdvav\u00e9 \u0161aty s v\u00fdstrihom do V a hrub\u00fdmi ramienkami s\u00fa ide\u00e1lne na \u0161peci\u00e1lne pr\u00edle\u017eitosti. Tieto n\u00e1dhern\u00e9, spl\u00fdvav\u00e9, roz\u0161\u00edren\u00e9 \u0161aty s\u00fa v na\u0161om obchode dostupn\u00e9 vo viacer\u00fdch farb\u00e1ch. Ich strih kr\u00e1sne zv\u00fdraz\u0148uje p\u00e1s. \u0160aty maj\u00fa vystu\u017een\u00fd ko\u0161\u00ed\u010dek a s\u00fa bez ramienok. Spodn\u00e1 \u010das\u0165 \u0161iat je vyroben\u00e1 z spl\u00fdvavej l\u00e1tky.<\/p>\n<div class=\"klb-readmore post-buttons\"><a class=\"button black outline size-sm\" href=\"https:\/\/madelinefashion.pl\/sk\/sukienka-asymetryczna-midi-w-kwiaty-glow-bialo-niebieska-2\/\">\u010c\u00edta\u0165 \u010falej <i class=\"klbth-icon-right-arrow\"><\/i><\/a><\/div>","protected":false},"featured_media":546182,"template":"","meta":[],"product_brand":[],"product_cat":[125,395],"product_tag":[262],"class_list":{"0":"post-546184","1":"product","2":"type-product","3":"status-publish","4":"has-post-thumbnail","6":"product_cat-sukienki","7":"product_cat-nowosci","8":"product_tag-sukienki-krotkie","9":"pa_rozmiar-xs-34","10":"pa_rozmiar-s-36","12":"first","13":"instock","14":"purchasable","15":"product-type-simple"},"_links":{"self":[{"href":"https:\/\/madelinefashion.pl\/sk\/wp-json\/wp\/v2\/product\/546184","targetHints":{"allow":["GET"]}}],"collection":[{"href":"https:\/\/madelinefashion.pl\/sk\/wp-json\/wp\/v2\/product"}],"about":[{"href":"https:\/\/madelinefashion.pl\/sk\/wp-json\/wp\/v2\/types\/product"}],"wp:featuredmedia":[{"embeddable":true,"href":"https:\/\/madelinefashion.pl\/sk\/wp-json\/wp\/v2\/media\/546182"}],"wp:attachment":[{"href":"https:\/\/madelinefashion.pl\/sk\/wp-json\/wp\/v2\/media?parent=546184"}],"wp:term":[{"taxonomy":"product_brand","embeddable":true,"href":"https:\/\/madelinefashion.pl\/sk\/wp-json\/wp\/v2\/product_brand?post=546184"},{"taxonomy":"product_cat","embeddable":true,"href":"https:\/\/madelinefashion.pl\/sk\/wp-json\/wp\/v2\/product_cat?post=546184"},{"taxonomy":"product_tag","embeddable":true,"href":"https:\/\/madelinefashion.pl\/sk\/wp-json\/wp\/v2\/product_tag?post=546184"}],"curies":[{"name":"pracovn\u00fd list","href":"https:\/\/api.w.org\/{rel}","templated":true}]}}

Asymetrické midi šaty s kvetinovým vzorom v bielej a modrej farbe

<h3 style="text-align: center;">Asymetrické midi šaty s kvetinovým vzorom v bielej a modrej farbe</h3>
<p style="text-align: center;">Výrazné, vzdušné šaty s výstrihom do V a hrubými ramienkami sú ideálne na špeciálne príležitosti. Nádherné, vzdušné, rozšírené šaty – dostupné v našom obchode vo viacerých farbách. <strong>farebné verzie</strong>. Jej štýl je krásny <strong>odkryje pás. Šaty </strong> má vystužený košíček, je na ramienka. Spodnú časť šiat tvorí vzdušná látka a podšívka, ktorá sa efektívne prezentuje v pohybe.<strong> </strong>Je to ideálna ponuka pre ženy, ktoré si vážia samy seba <strong>šik a elegancia.</strong> Šaty sa odporúčajú aj na svadbu, 18. a dokonca aj na svadbu. Vyrovnajte sa <a href="https://madelinefashion.pl/sk/buty/">štekle</a> dostupné aj na našej webovej stránke a vytvárajú elegantný vzhľad. Musíte ju mať vo svojom šatníku! Univerzálna veľkosť, odporúčaná pre ženy nosiace XS SML, ak nosíte väčšiu veľkosť, pozrite si rozmery</p>
<h3 style="text-align: center;">Rozmery šiat</h3>
<ul style="text-align: center;">
<li>celková dĺžka: predná časť šiat 103 cm, zadná časť šiat 142 cm</li>
<li>šírka hrudníka: 40-46 cm</li>
<li>šírka pásu: 34-40 cm (guma)</li>
<li>dĺžka podšívky od pása: 54 cm</li>
</ul>
<p style="text-align: center;">Rozmery sa môžu mierne líšiť od uvedených +/- 2cm. Všetky uvedené rozmery sú merané plošne. <strong>rozmer x2</strong></p>
<p style="text-align: center;"><strong> </strong></p>
<table style="height: 214px;" width="548">
<tbody>
<tr>
<td width="302">Meno modela</td>
<td width="302">Asymetrické midi šaty so žiarivými kvetmi</td>
</tr>
<tr>
<td width="302">Farba</td>
<td width="302">Biela, Modrá</td>
</tr>
<tr>
<td width="302">Zbierka</td>
<td width="302">Jar leto</td>
</tr>
<tr>
<td width="302">veľkosti</td>
<td width="302">Univerzálny</td>
</tr>
<tr>
<td width="302">Móda</td>
<td width="302">Vzplanul</td>
</tr>
<tr>
<td width="302">Dekorácia</td>
<td width="302">In Kvety</td>
</tr>
<tr>
<td width="302">Materiál</td>
<td width="302">95 % Polyester 5% Elastan</td>
</tr>
</tbody>
</table>
<section class="page-product-box">
<div class="rte">
<p style="text-align: center;">Model má <strong>169</strong> cm vysoký, nosí veľkosť každý deň <strong>S</strong></p>
<p style="text-align: center;">Šírka cez prsia 92 cm</p>
<p style="text-align: center;">Šírka v páse 62 cm</p>
<p style="text-align: center;">Šírka v bokoch 94 cm</p>
</div>
</section>

<p>Asymetrické kvetinové midi šaty v žiarivo bielej a modrej farbe. Tieto výrazné, splývavé šaty s výstrihom do V a hrubými ramienkami sú ideálne na špeciálne príležitosti. Tieto nádherné, splývavé, rozšírené šaty sú v našom obchode dostupné vo viacerých farbách. Ich strih krásne zvýrazňuje pás. Šaty majú vystužený košíček a sú bez ramienok. Spodná časť šiat je vyrobená z splývavej látky.</p>
<div class="klb-readmore post-buttons"><a class="button black outline size-sm" href="https://madelinefashion.pl/sk/sukienka-asymetryczna-midi-w-kwiaty-glow-bialo-niebieska-2/">Čítať ďalej <i class="klbth-icon-right-arrow"></i></a></div>

pracovný list
