{"id":546455,"date":"2024-10-03T16:49:59","date_gmt":"2024-10-03T14:49:59","guid":{"rendered":"https:\/\/madelinefashion.pl\/?post_type=product&#038;p=546455"},"modified":"2026-04-10T14:43:16","modified_gmt":"2026-04-10T12:43:16","slug":"sukienka-midi-olowkowa-ashe-czarno-bezowa","status":"publish","type":"product","link":"https:\/\/madelinefashion.pl\/sk\/sukienka-midi-olowkowa-ashe-czarno-bezowa\/","title":{"rendered":"\u010cierno-b\u00e9\u017eov\u00e9 midi ceruzkov\u00e9 \u0161aty Ashe"},"content":{"rendered":"<h3 style=\"text-align: center;\">\u010cierno-b\u00e9\u017eov\u00e9 midi ceruzkov\u00e9 \u0161aty Ashe<\/h3>\n<p style=\"text-align: center;\">\u00a0Fenomen\u00e1lne priliehav\u00e9 midi ceruzkov\u00e9 \u0161aty. \u017div\u00f4tik je v \u0161panielskom \u0161t\u00fdle. Zap\u00ednaj\u00fa sa na zips vzadu. \u0160aty s\u00fa vyroben\u00e9 z mierne elastick\u00e9ho materi\u00e1lu, v\u010faka \u010domu s\u00fa ide\u00e1lne na... <strong>prisp\u00f4sob\u00ed sa telu<\/strong>.Midi \u0161aty dokonale zv\u00fdraznia \u017eensk\u00e9 tvary.\u00a0 <span style=\"font-size: 10pt;\">\u0160aty maj\u00fa vpredu v\u0161it\u00e9 ko\u0161\u00ed\u010dky, tak\u017ee nemus\u00edte nosi\u0165 podprsenku. Vyroben\u00e9 a \u0161it\u00e9 v Po\u013esku.\u00a0<\/span><br \/>\n<span style=\"font-size: 10pt;\">Dostupn\u00e9 vo ve\u013ekostiach S\/M. \u0160aty Madelinefashion s\u00fa perfektnou vo\u013ebou na svadby, plesy, Silvestra a in\u00e9 elegantn\u00e9 \u0161peci\u00e1lne pr\u00edle\u017eitosti. V na\u0161om internetovom obchode s\u00fa dostupn\u00e9 v nieko\u013ek\u00fdch farebn\u00fdch variantoch, tak\u017ee nev\u00e1hajte a vyberte si t\u00fa, ktor\u00e1 je pre v\u00e1s ide\u00e1lna. Ak sa neviete rozhodn\u00fa\u0165, ktor\u00fa farbu..., <strong>ve\u013ekos\u0165<\/strong> je pre v\u00e1s to najlep\u0161ie <strong>kontaktuj n\u00e1s<\/strong> cez <a href=\"https:\/\/www.facebook.com\/madelinefashionbutik\" target=\"_blank\" rel=\"noopener\">Facebook<\/a> alebo <a href=\"https:\/\/madelinefashion.pl\/sk\/kontakt\/\">telef\u00f3n<\/a>. Ak ve\u013ekos\u0165 nie je na str\u00e1nke, kontaktujte n\u00e1s.\u00a0<\/span><\/p>\n<h3 style=\"text-align: center;\">ROZMERY \u0161iat:<\/h3>\n<div class=\"additional-details\" style=\"text-align: center;\">\n<p><img fetchpriority=\"high\" decoding=\"async\" class=\"alignnone size-medium wp-image-16801\" src=\"https:\/\/madelinefashion.pl\/wp-content\/uploads\/2021\/08\/wymiary-suknia-300x194.png\" alt=\"\" width=\"300\" height=\"194\" title=\"\"><\/p>\n<\/div>\n<h3 style=\"text-align: center;\"><span style=\"vertical-align: inherit;\">Rozmery \u0161iat:<\/span><\/h3>\n<p style=\"text-align: center;\">Celkov\u00e1 d\u013a\u017eka \u2013 cca 125 cm<\/p>\n<p style=\"text-align: center;\">\u0161\u00edrka od pazuchy k pazuche \u2013 37-42 cm<\/p>\n<p style=\"text-align: center;\">\u0161\u00edrka p\u00e1sa \u2013 35-40 cm<\/p>\n<p style=\"text-align: center;\"><span style=\"font-size: 10pt;\">\u0160aty s\u00fa dostupn\u00e9 aj v in\u00fdch farb\u00e1ch - odpor\u00fa\u010dame v\u00e1m zozn\u00e1mi\u0165 sa s na\u0161imi \u010fal\u0161\u00edmi produktmi.<\/span><\/p>\n<p style=\"text-align: center;\"><span style=\"font-size: 10pt;\">Rozmery sa m\u00f4\u017eu mierne l\u00ed\u0161i\u0165 od uveden\u00fdch +\/- 2cm.\u00a0<\/span><\/p>\n<p style=\"text-align: center;\"><span style=\"font-size: 10pt;\"><strong>\u00a0<\/strong>\u00a0<\/span><\/p>\n<table width=\"620\">\n<tbody>\n<tr>\n<td width=\"302\">N\u00e1zov modelu: \u0160aty<\/td>\n<td width=\"302\">Midi \u0161aty Ashe s ceruzkov\u00fdm vzorom<\/td>\n<\/tr>\n<tr>\n<td width=\"302\">Farba<\/td>\n<td width=\"302\">\u010cierna, b\u00e9\u017eov\u00e1<\/td>\n<\/tr>\n<tr>\n<td width=\"302\">Marka<\/td>\n<td width=\"302\">Madelinefashion<\/td>\n<\/tr>\n<tr>\n<td width=\"302\">ve\u013ekosti<\/td>\n<td width=\"302\">34 36 38 40 42<\/td>\n<\/tr>\n<tr>\n<td width=\"302\">M\u00f3da<\/td>\n<td width=\"302\">Zhoda<\/td>\n<\/tr>\n<tr>\n<td width=\"302\">Materi\u00e1l<\/td>\n<td width=\"302\">Visk\u00f3za, polyester, bavlna<\/td>\n<\/tr>\n<tr>\n<td width=\"302\">D\u013a\u017eka<\/td>\n<td width=\"302\">Na zem<\/td>\n<\/tr>\n<\/tbody>\n<\/table>\n<p style=\"text-align: center;\"><span style=\"font-size: 10pt;\">\u00a0<\/span><\/p>\n<p>&nbsp;<\/p>\n<p style=\"text-align: center;\"><span style=\"font-size: 10pt;\">Aby ste si vybrali <strong>perfektn\u00e9 \u0161aty<\/strong> kontaktujte n\u00e1s telefonicky alebo prostredn\u00edctvom na\u0161ej webovej str\u00e1nky <a href=\"https:\/\/www.facebook.com\/madelinefashionbutik\" target=\"_blank\" rel=\"noopener\">Facebook<\/a> .<\/span><br \/>\n<span style=\"font-size: 10pt;\">N\u00e1\u0161 t\u00edm v\u00e1m pom\u00f4\u017ee <strong>Vyberte si ten spr\u00e1vny<\/strong> . <strong>Na \u017eelanie kupuj\u00faceho vyrob\u00edme ak\u00e9ko\u013evek \u0161aty\u00a0<\/strong><strong>opatrne mera\u0165.\u00a0<\/strong><\/span><\/p>\n<div class=\"additional-details\" style=\"text-align: center;\">\n<p style=\"text-align: center;\"><span style=\"font-size: 10pt;\">\u00a0<\/span><\/p>\n<\/div>","protected":false},"excerpt":{"rendered":"<p>Sukienka Midi O\u0142\u00f3wkowa Ashe Czarno-Be\u017cowa \u00a0Zjawiskowa dopasowana sukienka o\u0142\u00f3wkowa Midi. G\u00f3ra sukienki w typie hiszpanki. Zapinana z ty\u0142u na zamek. Sukienka uszyta z lekko rozci\u0105gliwego materia\u0142u dzi\u0119ki czemu idealnie dopasowuje si\u0119 do cia\u0142a.\u00a0 Sukienka w wersji midi idealnie podkre\u015bla kobiece kszta\u0142ty.\u00a0 Sukienka posiada z przodu wszyte miseczki, dzi\u0119ki czemu nie trzeba zak\u0142ada\u0107 biustonosza. Wyprodukowana i<\/p>\n<div class=\"klb-readmore post-buttons\"><a class=\"button black outline size-sm\" href=\"https:\/\/madelinefashion.pl\/sk\/sukienka-midi-olowkowa-ashe-czarno-bezowa\/\">\u010c\u00edta\u0165 \u010falej <i class=\"klbth-icon-right-arrow\"><\/i><\/a><\/div>","protected":false},"featured_media":546463,"template":"","meta":[],"product_brand":[],"product_cat":[124,395],"product_tag":[213],"class_list":{"0":"post-546455","1":"product","2":"type-product","3":"status-publish","4":"has-post-thumbnail","6":"product_cat-sukienki-okolicznosciowe","7":"product_cat-nowosci","8":"product_tag-sukienka-czarna","10":"first","11":"instock","12":"purchasable","13":"product-type-variable"},"_links":{"self":[{"href":"https:\/\/madelinefashion.pl\/sk\/wp-json\/wp\/v2\/product\/546455","targetHints":{"allow":["GET"]}}],"collection":[{"href":"https:\/\/madelinefashion.pl\/sk\/wp-json\/wp\/v2\/product"}],"about":[{"href":"https:\/\/madelinefashion.pl\/sk\/wp-json\/wp\/v2\/types\/product"}],"wp:featuredmedia":[{"embeddable":true,"href":"https:\/\/madelinefashion.pl\/sk\/wp-json\/wp\/v2\/media\/546463"}],"wp:attachment":[{"href":"https:\/\/madelinefashion.pl\/sk\/wp-json\/wp\/v2\/media?parent=546455"}],"wp:term":[{"taxonomy":"product_brand","embeddable":true,"href":"https:\/\/madelinefashion.pl\/sk\/wp-json\/wp\/v2\/product_brand?post=546455"},{"taxonomy":"product_cat","embeddable":true,"href":"https:\/\/madelinefashion.pl\/sk\/wp-json\/wp\/v2\/product_cat?post=546455"},{"taxonomy":"product_tag","embeddable":true,"href":"https:\/\/madelinefashion.pl\/sk\/wp-json\/wp\/v2\/product_tag?post=546455"}],"curies":[{"name":"pracovn\u00fd list","href":"https:\/\/api.w.org\/{rel}","templated":true}]}}

Čierno-béžové midi ceruzkové šaty Ashe

<h3 style="text-align: center;">Čierno-béžové midi ceruzkové šaty Ashe</h3>
<p style="text-align: center;"> Fenomenálne priliehavé midi ceruzkové šaty. Živôtik je v španielskom štýle. Zapínajú sa na zips vzadu. Šaty sú vyrobené z mierne elastického materiálu, vďaka čomu sú ideálne na... <strong>prispôsobí sa telu</strong>.Midi šaty dokonale zvýraznia ženské tvary.  <span style="font-size: 10pt;">Šaty majú vpredu všité košíčky, takže nemusíte nosiť podprsenku. Vyrobené a šité v Poľsku. </span><br />
<span style="font-size: 10pt;">Dostupné vo veľkostiach S/M. Šaty Madelinefashion sú perfektnou voľbou na svadby, plesy, Silvestra a iné elegantné špeciálne príležitosti. V našom internetovom obchode sú dostupné v niekoľkých farebných variantoch, takže neváhajte a vyberte si tú, ktorá je pre vás ideálna. Ak sa neviete rozhodnúť, ktorú farbu..., <strong>veľkosť</strong> je pre vás to najlepšie <strong>kontaktuj nás</strong> cez <a href="https://www.facebook.com/madelinefashionbutik" target="_blank" rel="noopener">Facebook</a> alebo <a href="https://madelinefashion.pl/sk/kontakt/">telefón</a>. Ak veľkosť nie je na stránke, kontaktujte nás. </span></p>
<h3 style="text-align: center;">ROZMERY šiat:</h3>
<div class="additional-details" style="text-align: center;">
<p><img fetchpriority="high" decoding="async" class="alignnone size-medium wp-image-16801" src="https://madelinefashion.pl/wp-content/uploads/2021/08/wymiary-suknia-300x194.png" alt="" width="300" height="194" title=""></p>
</div>
<h3 style="text-align: center;"><span style="vertical-align: inherit;">Rozmery šiat:</span></h3>
<p style="text-align: center;">Celková dĺžka – cca 125 cm</p>
<p style="text-align: center;">šírka od pazuchy k pazuche – 37-42 cm</p>
<p style="text-align: center;">šírka pása – 35-40 cm</p>
<p style="text-align: center;"><span style="font-size: 10pt;">Šaty sú dostupné aj v iných farbách - odporúčame vám zoznámiť sa s našimi ďalšími produktmi.</span></p>
<p style="text-align: center;"><span style="font-size: 10pt;">Rozmery sa môžu mierne líšiť od uvedených +/- 2cm. </span></p>
<p style="text-align: center;"><span style="font-size: 10pt;"><strong> </strong> </span></p>
<table width="620">
<tbody>
<tr>
<td width="302">Názov modelu: Šaty</td>
<td width="302">Midi šaty Ashe s ceruzkovým vzorom</td>
</tr>
<tr>
<td width="302">Farba</td>
<td width="302">Čierna, béžová</td>
</tr>
<tr>
<td width="302">Marka</td>
<td width="302">Madelinefashion</td>
</tr>
<tr>
<td width="302">veľkosti</td>
<td width="302">34 36 38 40 42</td>
</tr>
<tr>
<td width="302">Móda</td>
<td width="302">Zhoda</td>
</tr>
<tr>
<td width="302">Materiál</td>
<td width="302">Viskóza, polyester, bavlna</td>
</tr>
<tr>
<td width="302">Dĺžka</td>
<td width="302">Na zem</td>
</tr>
</tbody>
</table>
<p style="text-align: center;"><span style="font-size: 10pt;"> </span></p>
<p>&nbsp;</p>
<p style="text-align: center;"><span style="font-size: 10pt;">Aby ste si vybrali <strong>perfektné šaty</strong> kontaktujte nás telefonicky alebo prostredníctvom našej webovej stránky <a href="https://www.facebook.com/madelinefashionbutik" target="_blank" rel="noopener">Facebook</a> .</span><br />
<span style="font-size: 10pt;">Náš tím vám pomôže <strong>Vyberte si ten správny</strong> . <strong>Na želanie kupujúceho vyrobíme akékoľvek šaty </strong><strong>opatrne merať. </strong></span></p>
<div class="additional-details" style="text-align: center;">
<p style="text-align: center;"><span style="font-size: 10pt;"> </span></p>
</div>

<p>Sukienka Midi Ołówkowa Ashe Czarno-Beżowa  Zjawiskowa dopasowana sukienka ołówkowa Midi. Góra sukienki w typie hiszpanki. Zapinana z tyłu na zamek. Sukienka uszyta z lekko rozciągliwego materiału dzięki czemu idealnie dopasowuje się do ciała.  Sukienka w wersji midi idealnie podkreśla kobiece kształty.  Sukienka posiada z przodu wszyte miseczki, dzięki czemu nie trzeba zakładać biustonosza. Wyprodukowana i</p>
<div class="klb-readmore post-buttons"><a class="button black outline size-sm" href="https://madelinefashion.pl/sk/sukienka-midi-olowkowa-ashe-czarno-bezowa/">Čítať ďalej <i class="klbth-icon-right-arrow"></i></a></div>

pracovný list
