{"id":548052,"date":"2024-10-24T10:39:08","date_gmt":"2024-10-24T08:39:08","guid":{"rendered":"https:\/\/madelinefashion.pl\/?post_type=product&#038;p=548052"},"modified":"2026-03-25T07:57:00","modified_gmt":"2026-03-25T06:57:00","slug":"spodnica-skorzana-prosta-kalma-khaki","status":"publish","type":"product","link":"https:\/\/madelinefashion.pl\/sk\/spodnica-skorzana-prosta-kalma-khaki\/","title":{"rendered":"Rovn\u00e1 ko\u017een\u00e1 suk\u0148a Kalma Khaki"},"content":{"rendered":"<h3 style=\"text-align: center;\">Rovn\u00e1 ko\u017een\u00e1 suk\u0148a Kalma Khaki<\/h3>\n<p style=\"text-align: center;\">Priliehav\u00e1 suk\u0148a z m\u00e4kkej a pru\u017enej umelej ko\u017ee. VYROBEN\u00c9 V PO\u013dSKU. Suk\u0148a m\u00e1 pre\u0161\u00edvanie a mal\u00fd rozparok vzadu. Model m\u00e1 vzadu nevidite\u013en\u00fd zips, ktor\u00fd dokonale zv\u00fdraz\u0148uje p\u00e1s a boky.<\/p>\n<p>&nbsp;<\/p>\n<table width=\"556\">\n<tbody>\n<tr>\n<td><strong>VE\u013dKOS\u0164<\/strong><\/td>\n<td><strong>P\u00e1s<\/strong><\/td>\n<td><strong>Boky<\/strong><\/td>\n<td><strong>D\u013a\u017eka<\/strong><\/td>\n<\/tr>\n<tr>\n<td><strong>38<\/strong><\/td>\n<td>36<\/td>\n<td>46<\/td>\n<td>\u00a055<\/td>\n<\/tr>\n<tr>\n<td><strong>40<\/strong><\/td>\n<td>38<\/td>\n<td>48<\/td>\n<td>\u00a055<\/td>\n<\/tr>\n<tr>\n<td><strong>42<\/strong><\/td>\n<td>40<\/td>\n<td>50<\/td>\n<td>\u00a055<\/td>\n<\/tr>\n<tr>\n<td><strong>44<\/strong><\/td>\n<td>42<\/td>\n<td>52<\/td>\n<td>\u00a055<\/td>\n<\/tr>\n<tr>\n<td><strong>46<\/strong><\/td>\n<td>44<\/td>\n<td>54<\/td>\n<td>\u00a055<\/td>\n<\/tr>\n<tr>\n<td><strong>48<\/strong><\/td>\n<td>46<\/td>\n<td>56<\/td>\n<td>\u00a055<\/td>\n<\/tr>\n<tr>\n<td><strong>50<\/strong><\/td>\n<td>48<\/td>\n<td>58<\/td>\n<td>\u00a055<\/td>\n<\/tr>\n<tr>\n<td><strong>52<\/strong><\/td>\n<td>50<\/td>\n<td>\u00a060<\/td>\n<td>\u00a055<\/td>\n<\/tr>\n<\/tbody>\n<\/table>\n<p style=\"text-align: center;\">Rozmery sa m\u00f4\u017eu mierne l\u00ed\u0161i\u0165 od uveden\u00fdch +\/- 2cm.<\/p>\n<p style=\"text-align: center;\"><strong>\u00a0<\/strong><\/p>\n<p style=\"text-align: center;\"><strong>MODELKA 168 cm - VE\u013dKOS\u0164 S<\/strong><\/p>","protected":false},"excerpt":{"rendered":"<p>Rovn\u00e1 ko\u017een\u00e1 suk\u0148a Kalma Khaki. Priliehav\u00e1 suk\u0148a vyroben\u00e1 z m\u00e4kkej a pru\u017enej umelej ko\u017ee. VYROBEN\u00c9 V PO\u013dSKU. Suk\u0148a m\u00e1 pre\u0161\u00edvanie a mal\u00fd rozparok vzadu. Nevidite\u013en\u00fd zips vzadu dokonale zv\u00fdraz\u0148uje p\u00e1s a boky. VE\u013dKOS\u0164 P\u00e1s Boky D\u013a\u017eka 38 36 46 55 40 38 48 55 42 40 50 55 44<\/p>\n<div class=\"klb-readmore post-buttons\"><a class=\"button black outline size-sm\" href=\"https:\/\/madelinefashion.pl\/sk\/spodnica-skorzana-prosta-kalma-khaki\/\">\u010c\u00edta\u0165 \u010falej <i class=\"klbth-icon-right-arrow\"><\/i><\/a><\/div>","protected":false},"featured_media":548027,"template":"","meta":[],"product_brand":[],"product_cat":[121],"product_tag":[],"class_list":{"0":"post-548052","1":"product","2":"type-product","3":"status-publish","4":"has-post-thumbnail","6":"product_cat-mini","7":"pa_rozmiar-m-38","8":"pa_rozmiar-l-40","9":"pa_rozmiar-xl-42","10":"pa_rozmiar-xxl-44","11":"pa_rozmiar-xxxl-46","12":"pa_rozmiar-xxxxl-48","13":"pa_rozmiar-438","14":"pa_rozmiar-439","16":"first","17":"instock","18":"purchasable","19":"product-type-variable"},"_links":{"self":[{"href":"https:\/\/madelinefashion.pl\/sk\/wp-json\/wp\/v2\/product\/548052","targetHints":{"allow":["GET"]}}],"collection":[{"href":"https:\/\/madelinefashion.pl\/sk\/wp-json\/wp\/v2\/product"}],"about":[{"href":"https:\/\/madelinefashion.pl\/sk\/wp-json\/wp\/v2\/types\/product"}],"wp:featuredmedia":[{"embeddable":true,"href":"https:\/\/madelinefashion.pl\/sk\/wp-json\/wp\/v2\/media\/548027"}],"wp:attachment":[{"href":"https:\/\/madelinefashion.pl\/sk\/wp-json\/wp\/v2\/media?parent=548052"}],"wp:term":[{"taxonomy":"product_brand","embeddable":true,"href":"https:\/\/madelinefashion.pl\/sk\/wp-json\/wp\/v2\/product_brand?post=548052"},{"taxonomy":"product_cat","embeddable":true,"href":"https:\/\/madelinefashion.pl\/sk\/wp-json\/wp\/v2\/product_cat?post=548052"},{"taxonomy":"product_tag","embeddable":true,"href":"https:\/\/madelinefashion.pl\/sk\/wp-json\/wp\/v2\/product_tag?post=548052"}],"curies":[{"name":"pracovn\u00fd list","href":"https:\/\/api.w.org\/{rel}","templated":true}]}}

Rovná kožená sukňa Kalma Khaki

<h3 style="text-align: center;">Rovná kožená sukňa Kalma Khaki</h3>
<p style="text-align: center;">Priliehavá sukňa z mäkkej a pružnej umelej kože. VYROBENÉ V POĽSKU. Sukňa má prešívanie a malý rozparok vzadu. Model má vzadu neviditeľný zips, ktorý dokonale zvýrazňuje pás a boky.</p>
<p>&nbsp;</p>
<table width="556">
<tbody>
<tr>
<td><strong>VEĽKOSŤ</strong></td>
<td><strong>Pás</strong></td>
<td><strong>Boky</strong></td>
<td><strong>Dĺžka</strong></td>
</tr>
<tr>
<td><strong>38</strong></td>
<td>36</td>
<td>46</td>
<td> 55</td>
</tr>
<tr>
<td><strong>40</strong></td>
<td>38</td>
<td>48</td>
<td> 55</td>
</tr>
<tr>
<td><strong>42</strong></td>
<td>40</td>
<td>50</td>
<td> 55</td>
</tr>
<tr>
<td><strong>44</strong></td>
<td>42</td>
<td>52</td>
<td> 55</td>
</tr>
<tr>
<td><strong>46</strong></td>
<td>44</td>
<td>54</td>
<td> 55</td>
</tr>
<tr>
<td><strong>48</strong></td>
<td>46</td>
<td>56</td>
<td> 55</td>
</tr>
<tr>
<td><strong>50</strong></td>
<td>48</td>
<td>58</td>
<td> 55</td>
</tr>
<tr>
<td><strong>52</strong></td>
<td>50</td>
<td> 60</td>
<td> 55</td>
</tr>
</tbody>
</table>
<p style="text-align: center;">Rozmery sa môžu mierne líšiť od uvedených +/- 2cm.</p>
<p style="text-align: center;"><strong> </strong></p>
<p style="text-align: center;"><strong>MODELKA 168 cm - VEĽKOSŤ S</strong></p>

<p>Rovná kožená sukňa Kalma Khaki. Priliehavá sukňa vyrobená z mäkkej a pružnej umelej kože. VYROBENÉ V POĽSKU. Sukňa má prešívanie a malý rozparok vzadu. Neviditeľný zips vzadu dokonale zvýrazňuje pás a boky. VEĽKOSŤ Pás Boky Dĺžka 38 36 46 55 40 38 48 55 42 40 50 55 44</p>
<div class="klb-readmore post-buttons"><a class="button black outline size-sm" href="https://madelinefashion.pl/sk/spodnica-skorzana-prosta-kalma-khaki/">Čítať ďalej <i class="klbth-icon-right-arrow"></i></a></div>

pracovný list
