{"id":548590,"date":"2024-10-30T10:50:17","date_gmt":"2024-10-30T09:50:17","guid":{"rendered":"https:\/\/madelinefashion.pl\/?post_type=product&#038;p=548590"},"modified":"2026-02-19T10:02:23","modified_gmt":"2026-02-19T09:02:23","slug":"kurtka-krotka-futrzana-ze-zlotymi-guzikami-ruby-czarna","status":"publish","type":"product","link":"https:\/\/madelinefashion.pl\/sk\/kurtka-krotka-futrzana-ze-zlotymi-guzikami-ruby-czarna\/","title":{"rendered":"Rub\u00ednovo \u010dierna kr\u00e1tka ko\u017eu\u0161inov\u00e1 bunda so zlat\u00fdmi gomb\u00edkmi"},"content":{"rendered":"<h3 style=\"text-align: center;\">Rub\u00ednovo \u010dierna kr\u00e1tka ko\u017eu\u0161inov\u00e1 bunda so zlat\u00fdmi gomb\u00edkmi<\/h3>\n<p style=\"text-align: center;\">Kr\u00e1tky ko\u017euch ozdoben\u00fd elegantn\u00fdmi zlat\u00fdmi gomb\u00edkmi. Bunda je pod\u0161it\u00e1 a neuverite\u013ene m\u00e4kk\u00e1 ko\u017eu\u0161ina napodob\u0148uje pocit pravej ko\u017eu\u0161iny. Ko\u017eu\u0161ina m\u00e1 na vreck\u00e1ch a spone vsadky z umelej ko\u017ee, ktor\u00e9 jej dod\u00e1vaj\u00fa ozdobn\u00fd n\u00e1dych. T\u00e1to bunda je ide\u00e1lna na ka\u017edodenn\u00e9 nosenie, ale dobre sa hod\u00ed aj k elegantn\u00fdm outfitom na r\u00f4zne pr\u00edle\u017eitosti. Ko\u017eu\u0161ina je dostupn\u00e1 vo ve\u013ekostiach S\/M a M\/L. .<\/p>\n<h3 style=\"text-align: center;\">Rozmery:<\/h3>\n<p style=\"text-align: center;\"><strong>VE\u013dKOS\u0164 S\/M<\/strong><br \/>\nCelkov\u00e1 d\u013a\u017eka 51 cm<br \/>\n\u0160\u00edrka od pazuchy po pazuchu: 50 cm<br \/>\nP\u00e1s: 50 cm<br \/>\n\u0160\u00edrka v spodnej \u010dasti: 54 cm<br \/>\nD\u013a\u017eka ruk\u00e1va od ramena: 57 cm<br \/>\nD\u013a\u017eka ruk\u00e1va od podpazu\u0161ia: 41 cm<\/p>\n<p>&nbsp;<\/p>\n<p style=\"text-align: center;\"><strong>VE\u013dKOS\u0164 M\/L<br \/>\n<\/strong>Celkov\u00e1 d\u013a\u017eka 52 cm<br \/>\n\u0160\u00edrka od pazuchy po pazuchu: 52 cm<br \/>\nP\u00e1s: 52 cm<br \/>\n\u0160\u00edrka v spodnej \u010dasti: 56 cm<br \/>\nD\u013a\u017eka ruk\u00e1va od ramena: 58 cm<br \/>\nD\u013a\u017eka ruk\u00e1va od podpazu\u0161ia: 42 cm<\/p>\n<p style=\"text-align: center;\">Rozmery sa m\u00f4\u017eu mierne l\u00ed\u0161i\u0165 od uveden\u00fdch +\/- 2cm. V\u0161etky uveden\u00e9 rozmery s\u00fa <strong>meran\u00fd byt<\/strong>.\u00a0<strong>rozmer x2<\/strong><\/p>\n<p>&nbsp;<\/p>\n<table width=\"605\">\n<tbody>\n<tr>\n<td width=\"302\">Meno modela<\/td>\n<td width=\"302\">Kr\u00e1tka ko\u017eu\u0161inov\u00e1 bunda Ruby so zlat\u00fdmi gomb\u00edkmi<\/td>\n<\/tr>\n<tr>\n<td width=\"302\">Farba<\/td>\n<td width=\"302\">\u010dierna<\/td>\n<\/tr>\n<tr>\n<td width=\"302\">ve\u013ekosti<\/td>\n<td width=\"302\">S\/M, M\/L<\/td>\n<\/tr>\n<tr>\n<td width=\"302\">Zbierka<\/td>\n<td width=\"302\">jar\/jese\u0148\/zima<\/td>\n<\/tr>\n<tr>\n<td width=\"302\">Materi\u00e1l<\/td>\n<td width=\"302\">100 % Polyester<\/td>\n<\/tr>\n<tr>\n<td width=\"302\">Kvalita<\/td>\n<td width=\"302\">Premium<\/td>\n<\/tr>\n<tr>\n<td width=\"302\">zap\u00ednanie<\/td>\n<td width=\"302\">Z\u00e1mok<\/td>\n<\/tr>\n<\/tbody>\n<\/table>\n<p style=\"text-align: center;\">Model m\u00e1\u00a0<strong>169<\/strong>\u00a0cm vysok\u00fd, nos\u00ed ve\u013ekos\u0165 ka\u017ed\u00fd de\u0148\u00a0<strong>S<\/strong><\/p>\n<p style=\"text-align: center;\">\u0160\u00edrka hrudn\u00edka 91 cm<\/p>\n<p style=\"text-align: center;\">\u0160\u00edrka p\u00e1su 71 cm<\/p>\n<p style=\"text-align: center;\">\u0160\u00edrka bokov 96 cm<\/p>\n<p style=\"text-align: center;\"><span style=\"font-size: 10pt;\">\u00a0<\/span><\/p>\n<p style=\"text-align: center;\">","protected":false},"excerpt":{"rendered":"<p>Kurtka Kr\u00f3tka Futrzana Ze Z\u0142otymi Guzikami Ruby Czarna Futerko kr\u00f3tkie zdobione eleganckimi, z\u0142otymi guzikami. Kurteczka posiada podszewk\u0119, niezwykle mi\u0142e futerko w dotyku imituje prawdziwe. Futerko ma wstawki z eko sk\u00f3ry przy kieszeniach oraz zapi\u0119ciu, co jest elementem dekoracyjnym. Kurteczka idealna jest na co dzie\u0144, ale r\u00f3wnie\u017c \u015bwietnie sprawdzi si\u0119 do eleganckich kreacji na r\u00f3\u017cne okoliczno\u015bci.<\/p>\n<div class=\"klb-readmore post-buttons\"><a class=\"button black outline size-sm\" href=\"https:\/\/madelinefashion.pl\/sk\/kurtka-krotka-futrzana-ze-zlotymi-guzikami-ruby-czarna\/\">\u010c\u00edta\u0165 \u010falej <i class=\"klbth-icon-right-arrow\"><\/i><\/a><\/div>","protected":false},"featured_media":548589,"template":"","meta":[],"product_brand":[],"product_cat":[117,395],"product_tag":[],"class_list":{"0":"post-548590","1":"product","2":"type-product","3":"status-publish","4":"has-post-thumbnail","6":"product_cat-kurtki","7":"product_cat-nowosci","8":"pa_rozmiar-s","9":"pa_rozmiar-m","10":"pa_rozmiar-xl","11":"pa_rozmiar-xxl","12":"pa_rozmiar-l-40","13":"pa_rozmiar-s-m","14":"pa_rozmiar-m-l","16":"first","17":"outofstock","18":"product-type-variable"},"_links":{"self":[{"href":"https:\/\/madelinefashion.pl\/sk\/wp-json\/wp\/v2\/product\/548590","targetHints":{"allow":["GET"]}}],"collection":[{"href":"https:\/\/madelinefashion.pl\/sk\/wp-json\/wp\/v2\/product"}],"about":[{"href":"https:\/\/madelinefashion.pl\/sk\/wp-json\/wp\/v2\/types\/product"}],"wp:featuredmedia":[{"embeddable":true,"href":"https:\/\/madelinefashion.pl\/sk\/wp-json\/wp\/v2\/media\/548589"}],"wp:attachment":[{"href":"https:\/\/madelinefashion.pl\/sk\/wp-json\/wp\/v2\/media?parent=548590"}],"wp:term":[{"taxonomy":"product_brand","embeddable":true,"href":"https:\/\/madelinefashion.pl\/sk\/wp-json\/wp\/v2\/product_brand?post=548590"},{"taxonomy":"product_cat","embeddable":true,"href":"https:\/\/madelinefashion.pl\/sk\/wp-json\/wp\/v2\/product_cat?post=548590"},{"taxonomy":"product_tag","embeddable":true,"href":"https:\/\/madelinefashion.pl\/sk\/wp-json\/wp\/v2\/product_tag?post=548590"}],"curies":[{"name":"pracovn\u00fd list","href":"https:\/\/api.w.org\/{rel}","templated":true}]}}

Rubínovo čierna krátka kožušinová bunda so zlatými gombíkmi

<h3 style="text-align: center;">Rubínovo čierna krátka kožušinová bunda so zlatými gombíkmi</h3>
<p style="text-align: center;">Krátky kožuch ozdobený elegantnými zlatými gombíkmi. Bunda je podšitá a neuveriteľne mäkká kožušina napodobňuje pocit pravej kožušiny. Kožušina má na vreckách a spone vsadky z umelej kože, ktoré jej dodávajú ozdobný nádych. Táto bunda je ideálna na každodenné nosenie, ale dobre sa hodí aj k elegantným outfitom na rôzne príležitosti. Kožušina je dostupná vo veľkostiach S/M a M/L. .</p>
<h3 style="text-align: center;">Rozmery:</h3>
<p style="text-align: center;"><strong>VEĽKOSŤ S/M</strong><br />
Celková dĺžka 51 cm<br />
Šírka od pazuchy po pazuchu: 50 cm<br />
Pás: 50 cm<br />
Šírka v spodnej časti: 54 cm<br />
Dĺžka rukáva od ramena: 57 cm<br />
Dĺžka rukáva od podpazušia: 41 cm</p>
<p>&nbsp;</p>
<p style="text-align: center;"><strong>VEĽKOSŤ M/L<br />
</strong>Celková dĺžka 52 cm<br />
Šírka od pazuchy po pazuchu: 52 cm<br />
Pás: 52 cm<br />
Šírka v spodnej časti: 56 cm<br />
Dĺžka rukáva od ramena: 58 cm<br />
Dĺžka rukáva od podpazušia: 42 cm</p>
<p style="text-align: center;">Rozmery sa môžu mierne líšiť od uvedených +/- 2cm. Všetky uvedené rozmery sú <strong>meraný byt</strong>. <strong>rozmer x2</strong></p>
<p>&nbsp;</p>
<table width="605">
<tbody>
<tr>
<td width="302">Meno modela</td>
<td width="302">Krátka kožušinová bunda Ruby so zlatými gombíkmi</td>
</tr>
<tr>
<td width="302">Farba</td>
<td width="302">čierna</td>
</tr>
<tr>
<td width="302">veľkosti</td>
<td width="302">S/M, M/L</td>
</tr>
<tr>
<td width="302">Zbierka</td>
<td width="302">jar/jeseň/zima</td>
</tr>
<tr>
<td width="302">Materiál</td>
<td width="302">100 % Polyester</td>
</tr>
<tr>
<td width="302">Kvalita</td>
<td width="302">Premium</td>
</tr>
<tr>
<td width="302">zapínanie</td>
<td width="302">Zámok</td>
</tr>
</tbody>
</table>
<p style="text-align: center;">Model má <strong>169</strong> cm vysoký, nosí veľkosť každý deň <strong>S</strong></p>
<p style="text-align: center;">Šírka hrudníka 91 cm</p>
<p style="text-align: center;">Šírka pásu 71 cm</p>
<p style="text-align: center;">Šírka bokov 96 cm</p>
<p style="text-align: center;"><span style="font-size: 10pt;"> </span></p>
<p style="text-align: center;">

<p>Kurtka Krótka Futrzana Ze Złotymi Guzikami Ruby Czarna Futerko krótkie zdobione eleganckimi, złotymi guzikami. Kurteczka posiada podszewkę, niezwykle miłe futerko w dotyku imituje prawdziwe. Futerko ma wstawki z eko skóry przy kieszeniach oraz zapięciu, co jest elementem dekoracyjnym. Kurteczka idealna jest na co dzień, ale również świetnie sprawdzi się do eleganckich kreacji na różne okoliczności.</p>
<div class="klb-readmore post-buttons"><a class="button black outline size-sm" href="https://madelinefashion.pl/sk/kurtka-krotka-futrzana-ze-zlotymi-guzikami-ruby-czarna/">Čítať ďalej <i class="klbth-icon-right-arrow"></i></a></div>

pracovný list
