{"id":548659,"date":"2024-10-30T13:02:03","date_gmt":"2024-10-30T12:02:03","guid":{"rendered":"https:\/\/madelinefashion.pl\/?post_type=product&#038;p=548659"},"modified":"2026-03-23T10:49:09","modified_gmt":"2026-03-23T09:49:09","slug":"plaszcz-maxi-wiazany-z-pagonami-karmelowy","status":"publish","type":"product","link":"https:\/\/madelinefashion.pl\/sk\/plaszcz-maxi-wiazany-z-pagonami-karmelowy\/","title":{"rendered":"Maxi kab\u00e1t viazan\u00fd karamelov\u00fdmi n\u00e1ramkami"},"content":{"rendered":"<h3 style=\"text-align: center;\">Maxi kab\u00e1t viazan\u00fd karamelov\u00fdmi n\u00e1ramkami<\/h3>\n<p style=\"text-align: center;\">Tento dlh\u0161\u00ed kab\u00e1t, dostupn\u00fd vo viacer\u00fdch farb\u00e1ch na na\u0161ej webovej str\u00e1nke, dokonale dopln\u00ed v\u00e1\u0161 vzh\u013ead v chladnej\u0161\u00edch d\u0148och. M\u00e1 jednoduch\u00fd, klasick\u00fd strih s dvojradov\u00fdm zap\u00ednan\u00edm na gomb\u00edky. M\u00e1 golier a funk\u010dn\u00e9, hlbok\u00e9 predn\u00e9 vreck\u00e1. Kab\u00e1t m\u00e1 ozdobn\u00e9 ramienka s ozdobn\u00fdm zlat\u00fdm gomb\u00edkom.<br \/>\nVhodn\u00e9 pre ve\u013ekosti SML<\/p>\n<p style=\"text-align: center;\">\u2013<\/p>\n<h3 style=\"text-align: center;\">Rozmery:<\/h3>\n<p style=\"text-align: center;\"><strong><br \/>\n<\/strong>\u0160\u00edrka od podpazu\u0161ia k podpazu\u0161iu: 53-55 cm<br \/>\n\u0160\u00edrka p\u00e1su: 53-55 cm (d\u00e1 sa nastavi\u0165 opaskom)<br \/>\nD\u013a\u017eka ruk\u00e1va od ramena: 62 cm<br \/>\nD\u013a\u017eka ruk\u00e1va od podpazu\u0161ia: 45 cm<br \/>\nCelkov\u00e1 d\u013a\u017eka: 120 cm<\/p>\n<p style=\"text-align: center;\">Rozmery sa m\u00f4\u017eu mierne l\u00ed\u0161i\u0165 od uveden\u00fdch +\/- 2cm. <strong>V\u0161etky uveden\u00e9 rozmery s\u00fa meran\u00e9 plo\u0161ne - rozmer x2\u00a0<\/strong><\/p>\n<p style=\"text-align: center;\"><strong><span style=\"font-size: 10pt;\">\u00a0<\/span><\/strong><\/p>\n<table class=\"table\" width=\"618\">\n<tbody>\n<tr>\n<td width=\"302\">Meno modela<\/td>\n<td width=\"302\">Maxi kab\u00e1t s viaza\u010dkami a n\u00e1ramkami<\/td>\n<\/tr>\n<tr>\n<td width=\"302\">Farba<\/td>\n<td width=\"302\">karamel<\/td>\n<\/tr>\n<tr>\n<td width=\"302\">ve\u013ekosti<\/td>\n<td width=\"302\">Univerz\u00e1lny SML<\/td>\n<\/tr>\n<tr>\n<td width=\"302\">M\u00f3da<\/td>\n<td width=\"302\">Na mieru<\/td>\n<\/tr>\n<tr>\n<td width=\"302\">Hood<\/td>\n<td width=\"302\">Bez kapucne<\/td>\n<\/tr>\n<tr>\n<td width=\"302\">Zlo\u017eenie<\/td>\n<td width=\"302\">Polyester 100%<\/td>\n<\/tr>\n<\/tbody>\n<\/table>\n<p style=\"text-align: center;\">Model m\u00e1\u00a0<strong>169<\/strong>\u00a0cm vysok\u00fd, nos\u00ed ve\u013ekos\u0165 ka\u017ed\u00fd de\u0148\u00a0<strong>S<\/strong><\/p>\n<p style=\"text-align: center;\">\u0160\u00edrka hrudn\u00edka 91 cm<\/p>\n<p style=\"text-align: center;\">\u0160\u00edrka p\u00e1su 71 cm<\/p>\n<p style=\"text-align: center;\">\u0160\u00edrka bokov 96 cm<\/p>","protected":false},"excerpt":{"rendered":"<p>P\u0142aszcz Maxi Wi\u0105zany Z Pagonami Karmelowy P\u0142aszcz o d\u0142u\u017cszym fasonie w kilku kolorach dost\u0119pnych na naszej stronie internetowej, doskonale uzupe\u0142ni looki na ch\u0142odniejsze dni. To model o prostym, klasycznym kroju z dwurz\u0119dowym zapi\u0119ciem na guzik. Posiada ko\u0142nierz, z przodu znajduj\u0105 si\u0119 funkcjonalne, g\u0142\u0119bokie kieszenie. P\u0142aszcz posiada dekoracyjne pagony na ramionach z ozdobnym, z\u0142otym guzikiem Odpowiedni<\/p>\n<div class=\"klb-readmore post-buttons\"><a class=\"button black outline size-sm\" href=\"https:\/\/madelinefashion.pl\/sk\/plaszcz-maxi-wiazany-z-pagonami-karmelowy\/\">\u010c\u00edta\u0165 \u010falej <i class=\"klbth-icon-right-arrow\"><\/i><\/a><\/div>","protected":false},"featured_media":548649,"template":"","meta":[],"product_brand":[],"product_cat":[117,118,120,395,279],"product_tag":[],"class_list":{"0":"post-548659","1":"product","2":"type-product","3":"status-publish","4":"has-post-thumbnail","6":"product_cat-kurtki","7":"product_cat-plaszcze","8":"product_cat-plaszcze-dlugie","9":"product_cat-nowosci","10":"product_cat-plaszcze-wiosenne","11":"pa_rozmiar-s","12":"pa_rozmiar-m","13":"pa_rozmiar-l","15":"first","16":"outofstock","17":"sale","18":"purchasable","19":"product-type-simple"},"_links":{"self":[{"href":"https:\/\/madelinefashion.pl\/sk\/wp-json\/wp\/v2\/product\/548659","targetHints":{"allow":["GET"]}}],"collection":[{"href":"https:\/\/madelinefashion.pl\/sk\/wp-json\/wp\/v2\/product"}],"about":[{"href":"https:\/\/madelinefashion.pl\/sk\/wp-json\/wp\/v2\/types\/product"}],"wp:featuredmedia":[{"embeddable":true,"href":"https:\/\/madelinefashion.pl\/sk\/wp-json\/wp\/v2\/media\/548649"}],"wp:attachment":[{"href":"https:\/\/madelinefashion.pl\/sk\/wp-json\/wp\/v2\/media?parent=548659"}],"wp:term":[{"taxonomy":"product_brand","embeddable":true,"href":"https:\/\/madelinefashion.pl\/sk\/wp-json\/wp\/v2\/product_brand?post=548659"},{"taxonomy":"product_cat","embeddable":true,"href":"https:\/\/madelinefashion.pl\/sk\/wp-json\/wp\/v2\/product_cat?post=548659"},{"taxonomy":"product_tag","embeddable":true,"href":"https:\/\/madelinefashion.pl\/sk\/wp-json\/wp\/v2\/product_tag?post=548659"}],"curies":[{"name":"pracovn\u00fd list","href":"https:\/\/api.w.org\/{rel}","templated":true}]}}

Maxi kabát viazaný karamelovými náramkami

<h3 style="text-align: center;">Maxi kabát viazaný karamelovými náramkami</h3>
<p style="text-align: center;">Tento dlhší kabát, dostupný vo viacerých farbách na našej webovej stránke, dokonale doplní váš vzhľad v chladnejších dňoch. Má jednoduchý, klasický strih s dvojradovým zapínaním na gombíky. Má golier a funkčné, hlboké predné vrecká. Kabát má ozdobné ramienka s ozdobným zlatým gombíkom.<br />
Vhodné pre veľkosti SML</p>
<p style="text-align: center;">–</p>
<h3 style="text-align: center;">Rozmery:</h3>
<p style="text-align: center;"><strong><br />
</strong>Šírka od podpazušia k podpazušiu: 53-55 cm<br />
Šírka pásu: 53-55 cm (dá sa nastaviť opaskom)<br />
Dĺžka rukáva od ramena: 62 cm<br />
Dĺžka rukáva od podpazušia: 45 cm<br />
Celková dĺžka: 120 cm</p>
<p style="text-align: center;">Rozmery sa môžu mierne líšiť od uvedených +/- 2cm. <strong>Všetky uvedené rozmery sú merané plošne - rozmer x2 </strong></p>
<p style="text-align: center;"><strong><span style="font-size: 10pt;"> </span></strong></p>
<table class="table" width="618">
<tbody>
<tr>
<td width="302">Meno modela</td>
<td width="302">Maxi kabát s viazačkami a náramkami</td>
</tr>
<tr>
<td width="302">Farba</td>
<td width="302">karamel</td>
</tr>
<tr>
<td width="302">veľkosti</td>
<td width="302">Univerzálny SML</td>
</tr>
<tr>
<td width="302">Móda</td>
<td width="302">Na mieru</td>
</tr>
<tr>
<td width="302">Hood</td>
<td width="302">Bez kapucne</td>
</tr>
<tr>
<td width="302">Zloženie</td>
<td width="302">Polyester 100%</td>
</tr>
</tbody>
</table>
<p style="text-align: center;">Model má <strong>169</strong> cm vysoký, nosí veľkosť každý deň <strong>S</strong></p>
<p style="text-align: center;">Šírka hrudníka 91 cm</p>
<p style="text-align: center;">Šírka pásu 71 cm</p>
<p style="text-align: center;">Šírka bokov 96 cm</p>

<p>Płaszcz Maxi Wiązany Z Pagonami Karmelowy Płaszcz o dłuższym fasonie w kilku kolorach dostępnych na naszej stronie internetowej, doskonale uzupełni looki na chłodniejsze dni. To model o prostym, klasycznym kroju z dwurzędowym zapięciem na guzik. Posiada kołnierz, z przodu znajdują się funkcjonalne, głębokie kieszenie. Płaszcz posiada dekoracyjne pagony na ramionach z ozdobnym, złotym guzikiem Odpowiedni</p>
<div class="klb-readmore post-buttons"><a class="button black outline size-sm" href="https://madelinefashion.pl/sk/plaszcz-maxi-wiazany-z-pagonami-karmelowy/">Čítať ďalej <i class="klbth-icon-right-arrow"></i></a></div>

pracovný list
