{"id":548937,"date":"2024-10-31T12:56:49","date_gmt":"2024-10-31T11:56:49","guid":{"rendered":"https:\/\/madelinefashion.pl\/?post_type=product&#038;p=548937"},"modified":"2026-01-20T10:33:08","modified_gmt":"2026-01-20T09:33:08","slug":"bluzka-krotka-patri-czarna","status":"publish","type":"product","link":"https:\/\/madelinefashion.pl\/sk\/bluzka-krotka-patri-czarna\/","title":{"rendered":"\u010cierna kr\u00e1tka bl\u00fazka Patri"},"content":{"rendered":"<h3 style=\"text-align: center;\">\u010cierna kr\u00e1tka bl\u00fazka Patri<\/h3>\n<p style=\"text-align: center;\">Zvo\u013ete si outfit s v\u00fdrazn\u00fdm vzorom. Pru\u017en\u00e1 l\u00e1tka sa perfektne prisp\u00f4sob\u00ed va\u0161ej postave. Je to ob\u013e\u00faben\u00fd k\u00fasok pre mnoho jarn\u00fdch a letn\u00fdch \u0161t\u00fdlov. <strong>Model, ktor\u00fd si zamilujete<\/strong>. M\u00f4\u017eete ju nosi\u0165 s kra\u0165asmi, d\u017e\u00ednsami alebo suk\u0148ou. T\u00e1to skr\u00e1ten\u00e1 bl\u00fazka je vyroben\u00e1 z vysoko kvalitn\u00e9ho materi\u00e1lu.<strong>\u00a0materi\u00e1l<\/strong> m\u00e1 kr\u00e1sne naf\u00faknut\u00e9 ruk\u00e1vy. . <strong>Mega \u017eensk\u00e1, zmyseln\u00e1, sexi modelka. <\/strong>Eur\u00f3psky v\u00fdrobok, ve\u013emi dobr\u00e1 kvalita.<strong>\u00a0<\/strong>Ve\u013ekos\u0165\u00a0<strong>odpor\u00fa\u010dan\u00e9 univerz\u00e1lne<\/strong>\u00a0pre d\u00e1my vo ve\u013ekosti od<strong> XS a\u017e L\u00a0 \u00a0<\/strong>\u0160irok\u00e1 \u0161k\u00e1la farieb v\u00e1m umo\u017en\u00ed vybra\u0165 si top, ktor\u00fd zv\u00fdrazn\u00ed va\u0161u postavu!<\/p>\n<h3 style=\"text-align: center;\">Rozmery<\/h3>\n<ul style=\"text-align: center;\">\n<li>celkov\u00e1 d\u013a\u017eka: 38 cm<\/li>\n<li>\u0161\u00edrka od pazuchy k pazuche 44-50 cm<\/li>\n<li>d\u013a\u017eka ruk\u00e1va od podpazu\u0161ia: 45 cm<\/li>\n<li>d\u013a\u017eka ruk\u00e1va od ramena: 50 cm<br \/>\np\u00e1s: 47-53 cm<\/li>\n<\/ul>\n<p style=\"text-align: center;\">Rozmery sa m\u00f4\u017eu mierne l\u00ed\u0161i\u0165 od uveden\u00fdch +\/- 2cm. V\u0161etky uveden\u00e9 rozmery s\u00fa meran\u00e9 plo\u0161ne. <strong>rozmer x2<\/strong><\/p>\n<p style=\"text-align: center;\"><strong>\u00a0<\/strong><\/p>\n<table width=\"623\">\n<tbody>\n<tr>\n<td width=\"302\">Meno modela<\/td>\n<td width=\"302\">Kr\u00e1tka bl\u00fazka Patri<\/td>\n<\/tr>\n<tr>\n<td width=\"302\">Farba<\/td>\n<td width=\"302\">\u010dierna<\/td>\n<\/tr>\n<tr>\n<td width=\"302\">Zbierka<\/td>\n<td width=\"302\">Jar Leto Jese\u0148<\/td>\n<\/tr>\n<tr>\n<td width=\"302\">ve\u013ekosti<\/td>\n<td width=\"302\">Univerz\u00e1lny<\/td>\n<\/tr>\n<tr>\n<td width=\"302\">M\u00f3da<\/td>\n<td width=\"302\">Zhoda<\/td>\n<\/tr>\n<tr>\n<td width=\"302\">\u0160tiepenie<\/td>\n<td width=\"302\">Okr\u00fahly<\/td>\n<\/tr>\n<tr>\n<td width=\"302\">Ko\u0161\u00ed\u010dky na spevnenie poprsia<\/td>\n<td width=\"302\">Nie<\/td>\n<\/tr>\n<tr>\n<td width=\"302\">Materi\u00e1l<\/td>\n<td width=\"302\">95% visk\u00f3za 5% elastan<\/td>\n<\/tr>\n<\/tbody>\n<\/table>\n<p>&nbsp;<\/p>\n<p style=\"text-align: center;\">Model m\u00e1\u00a0<strong>169<\/strong>\u00a0cm vysok\u00fd, nos\u00ed ve\u013ekos\u0165 ka\u017ed\u00fd de\u0148\u00a0<strong>S<\/strong><\/p>\n<p style=\"text-align: center;\">\u0160\u00edrka cez prsia 92 cm<\/p>\n<p style=\"text-align: center;\">\u0160\u00edrka v p\u00e1se 62 cm<\/p>\n<p style=\"text-align: center;\">\u0160\u00edrka v bokoch 94 cm<\/p>","protected":false},"excerpt":{"rendered":"<p>Bluzka Kr\u00f3tka Patri Czarna Postaw na outfit z pazurem Elastyczna tkanina idealnie dopasowuje si\u0119 do sylwetki. Wybierany do wielu wiosennych i letnich stylizacji. Model w kt\u00f3rym si\u0119 zakochasz. Mo\u017cesz j\u0105 nosi\u0107 do szort\u00f3w, d\u017cins\u00f3w czy sp\u00f3dnicy. Kr\u00f3tka bluzka wykonana z dobrej jako\u015bci\u00a0materia\u0142u posiada pi\u0119kne bufiaste r\u0119kawki . Mega Kobiecy, zmys\u0142owy sexowny model. Produkt europejski, bardzo<\/p>\n<div class=\"klb-readmore post-buttons\"><a class=\"button black outline size-sm\" href=\"https:\/\/madelinefashion.pl\/sk\/bluzka-krotka-patri-czarna\/\">\u010c\u00edta\u0165 \u010falej <i class=\"klbth-icon-right-arrow\"><\/i><\/a><\/div>","protected":false},"featured_media":548934,"template":"","meta":[],"product_brand":[],"product_cat":[77],"product_tag":[477],"class_list":{"0":"post-548937","1":"product","2":"type-product","3":"status-publish","4":"has-post-thumbnail","6":"product_cat-bluzki","7":"product_tag-bluzki-z-dlugim-rekawem","9":"first","10":"instock","11":"sale","12":"purchasable","13":"product-type-simple"},"_links":{"self":[{"href":"https:\/\/madelinefashion.pl\/sk\/wp-json\/wp\/v2\/product\/548937","targetHints":{"allow":["GET"]}}],"collection":[{"href":"https:\/\/madelinefashion.pl\/sk\/wp-json\/wp\/v2\/product"}],"about":[{"href":"https:\/\/madelinefashion.pl\/sk\/wp-json\/wp\/v2\/types\/product"}],"wp:featuredmedia":[{"embeddable":true,"href":"https:\/\/madelinefashion.pl\/sk\/wp-json\/wp\/v2\/media\/548934"}],"wp:attachment":[{"href":"https:\/\/madelinefashion.pl\/sk\/wp-json\/wp\/v2\/media?parent=548937"}],"wp:term":[{"taxonomy":"product_brand","embeddable":true,"href":"https:\/\/madelinefashion.pl\/sk\/wp-json\/wp\/v2\/product_brand?post=548937"},{"taxonomy":"product_cat","embeddable":true,"href":"https:\/\/madelinefashion.pl\/sk\/wp-json\/wp\/v2\/product_cat?post=548937"},{"taxonomy":"product_tag","embeddable":true,"href":"https:\/\/madelinefashion.pl\/sk\/wp-json\/wp\/v2\/product_tag?post=548937"}],"curies":[{"name":"pracovn\u00fd list","href":"https:\/\/api.w.org\/{rel}","templated":true}]}}

Čierna krátka blúzka Patri

<h3 style="text-align: center;">Čierna krátka blúzka Patri</h3>
<p style="text-align: center;">Zvoľte si outfit s výrazným vzorom. Pružná látka sa perfektne prispôsobí vašej postave. Je to obľúbený kúsok pre mnoho jarných a letných štýlov. <strong>Model, ktorý si zamilujete</strong>. Môžete ju nosiť s kraťasmi, džínsami alebo sukňou. Táto skrátená blúzka je vyrobená z vysoko kvalitného materiálu.<strong> materiál</strong> má krásne nafúknuté rukávy. . <strong>Mega ženská, zmyselná, sexi modelka. </strong>Európsky výrobok, veľmi dobrá kvalita.<strong> </strong>Veľkosť <strong>odporúčané univerzálne</strong> pre dámy vo veľkosti od<strong> XS až L   </strong>Široká škála farieb vám umožní vybrať si top, ktorý zvýrazní vašu postavu!</p>
<h3 style="text-align: center;">Rozmery</h3>
<ul style="text-align: center;">
<li>celková dĺžka: 38 cm</li>
<li>šírka od pazuchy k pazuche 44-50 cm</li>
<li>dĺžka rukáva od podpazušia: 45 cm</li>
<li>dĺžka rukáva od ramena: 50 cm<br />
pás: 47-53 cm</li>
</ul>
<p style="text-align: center;">Rozmery sa môžu mierne líšiť od uvedených +/- 2cm. Všetky uvedené rozmery sú merané plošne. <strong>rozmer x2</strong></p>
<p style="text-align: center;"><strong> </strong></p>
<table width="623">
<tbody>
<tr>
<td width="302">Meno modela</td>
<td width="302">Krátka blúzka Patri</td>
</tr>
<tr>
<td width="302">Farba</td>
<td width="302">čierna</td>
</tr>
<tr>
<td width="302">Zbierka</td>
<td width="302">Jar Leto Jeseň</td>
</tr>
<tr>
<td width="302">veľkosti</td>
<td width="302">Univerzálny</td>
</tr>
<tr>
<td width="302">Móda</td>
<td width="302">Zhoda</td>
</tr>
<tr>
<td width="302">Štiepenie</td>
<td width="302">Okrúhly</td>
</tr>
<tr>
<td width="302">Košíčky na spevnenie poprsia</td>
<td width="302">Nie</td>
</tr>
<tr>
<td width="302">Materiál</td>
<td width="302">95% viskóza 5% elastan</td>
</tr>
</tbody>
</table>
<p>&nbsp;</p>
<p style="text-align: center;">Model má <strong>169</strong> cm vysoký, nosí veľkosť každý deň <strong>S</strong></p>
<p style="text-align: center;">Šírka cez prsia 92 cm</p>
<p style="text-align: center;">Šírka v páse 62 cm</p>
<p style="text-align: center;">Šírka v bokoch 94 cm</p>

<p>Bluzka Krótka Patri Czarna Postaw na outfit z pazurem Elastyczna tkanina idealnie dopasowuje się do sylwetki. Wybierany do wielu wiosennych i letnich stylizacji. Model w którym się zakochasz. Możesz ją nosić do szortów, dżinsów czy spódnicy. Krótka bluzka wykonana z dobrej jakości materiału posiada piękne bufiaste rękawki . Mega Kobiecy, zmysłowy sexowny model. Produkt europejski, bardzo</p>
<div class="klb-readmore post-buttons"><a class="button black outline size-sm" href="https://madelinefashion.pl/sk/bluzka-krotka-patri-czarna/">Čítať ďalej <i class="klbth-icon-right-arrow"></i></a></div>

pracovný list
